-- http://www.phpmyadmin.net
--




--
-- Database: `cdcol`
--
CREATE DATABASE `cdcol` DEFAULT CHARACTER SET latin1 COLLATE latin1_general_ci;
USE `cdcol`;

-- --------------------------------------------------------

--
-- Table structure for table `cds`
--

CREATE TABLE IF NOT EXISTS `cds` (
  `titel` varchar(200) COLLATE latin1_general_ci DEFAULT NULL,
  `interpret` varchar(200) COLLATE latin1_general_ci DEFAULT NULL,
  `jahr` int(11) DEFAULT NULL,
  `id` bigint(20) unsigned NOT NULL AUTO_INCREMENT,
  PRIMARY KEY (`id`)
) ENGINE=MyISAM  DEFAULT CHARSET=latin1 COLLATE=latin1_general_ci AUTO_INCREMENT=6 ;

--
-- Dumping data for table `cds`
--

INSERT INTO `cds` (`titel`, `interpret`, `jahr`, `id`) VALUES
('Beauty', 'Ryuichi Sakamoto', 1990, 1),
('Goodbye Country (Hello Nightclub)', 'Groove Armada', 2001, 4),
('Glee', 'Bran Van 3000', 1997, 5);
--
-- Database: `information_schema`
--
CREATE DATABASE `information_schema` DEFAULT CHARACTER SET utf8 COLLATE utf8_general_ci;
USE `information_schema`;

-- --------------------------------------------------------

--
-- Table structure for table `CHARACTER_SETS`
--

CREATE TEMPORARY TABLE `CHARACTER_SETS` (
  `CHARACTER_SET_NAME` varchar(32) NOT NULL DEFAULT '',
  `DEFAULT_COLLATE_NAME` varchar(32) NOT NULL DEFAULT '',
  `DESCRIPTION` varchar(60) NOT NULL DEFAULT '',
  `MAXLEN` bigint(3) NOT NULL DEFAULT '0'
) ENGINE=MEMORY DEFAULT CHARSET=utf8;

--
-- Dumping data for table `CHARACTER_SETS`
--

INSERT INTO `CHARACTER_SETS` (`CHARACTER_SET_NAME`, `DEFAULT_COLLATE_NAME`, `DESCRIPTION`, `MAXLEN`) VALUES
('big5', 'big5_chinese_ci', 'Big5 Traditional Chinese', 2),
('dec8', 'dec8_swedish_ci', 'DEC West European', 1),
('cp850', 'cp850_general_ci', 'DOS West European', 1),
('hp8', 'hp8_english_ci', 'HP West European', 1),
('koi8r', 'koi8r_general_ci', 'KOI8-R Relcom Russian', 1),
('latin1', 'latin1_swedish_ci', 'cp1252 West European', 1),
('latin2', 'latin2_general_ci', 'ISO 8859-2 Central European', 1),
('swe7', 'swe7_swedish_ci', '7bit Swedish', 1),
('ascii', 'ascii_general_ci', 'US ASCII', 1),
('ujis', 'ujis_japanese_ci', 'EUC-JP Japanese', 3),
('sjis', 'sjis_japanese_ci', 'Shift-JIS Japanese', 2),
('hebrew', 'hebrew_general_ci', 'ISO 8859-8 Hebrew', 1),
('tis620', 'tis620_thai_ci', 'TIS620 Thai', 1),
('euckr', 'euckr_korean_ci', 'EUC-KR Korean', 2),
('koi8u', 'koi8u_general_ci', 'KOI8-U Ukrainian', 1),
('gb2312', 'gb2312_chinese_ci', 'GB2312 Simplified Chinese', 2),
('greek', 'greek_general_ci', 'ISO 8859-7 Greek', 1),
('cp1250', 'cp1250_general_ci', 'Windows Central European', 1),
('gbk', 'gbk_chinese_ci', 'GBK Simplified Chinese', 2),
('latin5', 'latin5_turkish_ci', 'ISO 8859-9 Turkish', 1),
('armscii8', 'armscii8_general_ci', 'ARMSCII-8 Armenian', 1),
('utf8', 'utf8_general_ci', 'UTF-8 Unicode', 3),
('ucs2', 'ucs2_general_ci', 'UCS-2 Unicode', 2),
('cp866', 'cp866_general_ci', 'DOS Russian', 1),
('keybcs2', 'keybcs2_general_ci', 'DOS Kamenicky Czech-Slovak', 1),
('macce', 'macce_general_ci', 'Mac Central European', 1),
('macroman', 'macroman_general_ci', 'Mac West European', 1),
('cp852', 'cp852_general_ci', 'DOS Central European', 1),
('latin7', 'latin7_general_ci', 'ISO 8859-13 Baltic', 1),
('cp1251', 'cp1251_general_ci', 'Windows Cyrillic', 1),
('cp1256', 'cp1256_general_ci', 'Windows Arabic', 1),
('cp1257', 'cp1257_general_ci', 'Windows Baltic', 1),
('binary', 'binary', 'Binary pseudo charset', 1),
('geostd8', 'geostd8_general_ci', 'GEOSTD8 Georgian', 1),
('cp932', 'cp932_japanese_ci', 'SJIS for Windows Japanese', 2),
('eucjpms', 'eucjpms_japanese_ci', 'UJIS for Windows Japanese', 3);

-- --------------------------------------------------------

--
-- Table structure for table `COLLATIONS`
--

CREATE TEMPORARY TABLE `COLLATIONS` (
  `COLLATION_NAME` varchar(32) NOT NULL DEFAULT '',
  `CHARACTER_SET_NAME` varchar(32) NOT NULL DEFAULT '',
  `ID` bigint(11) NOT NULL DEFAULT '0',
  `IS_DEFAULT` varchar(3) NOT NULL DEFAULT '',
  `IS_COMPILED` varchar(3) NOT NULL DEFAULT '',
  `SORTLEN` bigint(3) NOT NULL DEFAULT '0'
) ENGINE=MEMORY DEFAULT CHARSET=utf8;

--
-- Dumping data for table `COLLATIONS`
--

INSERT INTO `COLLATIONS` (`COLLATION_NAME`, `CHARACTER_SET_NAME`, `ID`, `IS_DEFAULT`, `IS_COMPILED`, `SORTLEN`) VALUES
('big5_chinese_ci', 'big5', 1, 'Yes', 'Yes', 1),
('big5_bin', 'big5', 84, '', 'Yes', 1),
('dec8_swedish_ci', 'dec8', 3, 'Yes', 'Yes', 1),
('dec8_bin', 'dec8', 69, '', 'Yes', 1),
('cp850_general_ci', 'cp850', 4, 'Yes', 'Yes', 1),
('cp850_bin', 'cp850', 80, '', 'Yes', 1),
('hp8_english_ci', 'hp8', 6, 'Yes', 'Yes', 1),
('hp8_bin', 'hp8', 72, '', 'Yes', 1),
('koi8r_general_ci', 'koi8r', 7, 'Yes', 'Yes', 1),
('koi8r_bin', 'koi8r', 74, '', 'Yes', 1),
('latin1_german1_ci', 'latin1', 5, '', 'Yes', 1),
('latin1_swedish_ci', 'latin1', 8, 'Yes', 'Yes', 1),
('latin1_danish_ci', 'latin1', 15, '', 'Yes', 1),
('latin1_german2_ci', 'latin1', 31, '', 'Yes', 2),
('latin1_bin', 'latin1', 47, '', 'Yes', 1),
('latin1_general_ci', 'latin1', 48, '', 'Yes', 1),
('latin1_general_cs', 'latin1', 49, '', 'Yes', 1),
('latin1_spanish_ci', 'latin1', 94, '', 'Yes', 1),
('latin2_czech_cs', 'latin2', 2, '', 'Yes', 4),
('latin2_general_ci', 'latin2', 9, 'Yes', 'Yes', 1),
('latin2_hungarian_ci', 'latin2', 21, '', 'Yes', 1),
('latin2_croatian_ci', 'latin2', 27, '', 'Yes', 1),
('latin2_bin', 'latin2', 77, '', 'Yes', 1),
('swe7_swedish_ci', 'swe7', 10, 'Yes', 'Yes', 1),
('swe7_bin', 'swe7', 82, '', 'Yes', 1),
('ascii_general_ci', 'ascii', 11, 'Yes', 'Yes', 1),
('ascii_bin', 'ascii', 65, '', 'Yes', 1),
('ujis_japanese_ci', 'ujis', 12, 'Yes', 'Yes', 1),
('ujis_bin', 'ujis', 91, '', 'Yes', 1),
('sjis_japanese_ci', 'sjis', 13, 'Yes', 'Yes', 1),
('sjis_bin', 'sjis', 88, '', 'Yes', 1),
('hebrew_general_ci', 'hebrew', 16, 'Yes', 'Yes', 1),
('hebrew_bin', 'hebrew', 71, '', 'Yes', 1),
('tis620_thai_ci', 'tis620', 18, 'Yes', 'Yes', 4),
('tis620_bin', 'tis620', 89, '', 'Yes', 1),
('euckr_korean_ci', 'euckr', 19, 'Yes', 'Yes', 1),
('euckr_bin', 'euckr', 85, '', 'Yes', 1),
('koi8u_general_ci', 'koi8u', 22, 'Yes', 'Yes', 1),
('koi8u_bin', 'koi8u', 75, '', 'Yes', 1),
('gb2312_chinese_ci', 'gb2312', 24, 'Yes', 'Yes', 1),
('gb2312_bin', 'gb2312', 86, '', 'Yes', 1),
('greek_general_ci', 'greek', 25, 'Yes', 'Yes', 1),
('greek_bin', 'greek', 70, '', 'Yes', 1),
('cp1250_general_ci', 'cp1250', 26, 'Yes', 'Yes', 1),
('cp1250_czech_cs', 'cp1250', 34, '', 'Yes', 2),
('cp1250_croatian_ci', 'cp1250', 44, '', 'Yes', 1),
('cp1250_bin', 'cp1250', 66, '', 'Yes', 1),
('cp1250_polish_ci', 'cp1250', 99, '', 'Yes', 1),
('gbk_chinese_ci', 'gbk', 28, 'Yes', 'Yes', 1),
('gbk_bin', 'gbk', 87, '', 'Yes', 1),
('latin5_turkish_ci', 'latin5', 30, 'Yes', 'Yes', 1),
('latin5_bin', 'latin5', 78, '', 'Yes', 1),
('armscii8_general_ci', 'armscii8', 32, 'Yes', 'Yes', 1),
('armscii8_bin', 'armscii8', 64, '', 'Yes', 1),
('utf8_general_ci', 'utf8', 33, 'Yes', 'Yes', 1),
('utf8_bin', 'utf8', 83, '', 'Yes', 1),
('utf8_unicode_ci', 'utf8', 192, '', 'Yes', 8),
('utf8_icelandic_ci', 'utf8', 193, '', 'Yes', 8),
('utf8_latvian_ci', 'utf8', 194, '', 'Yes', 8),
('utf8_romanian_ci', 'utf8', 195, '', 'Yes', 8),
('utf8_slovenian_ci', 'utf8', 196, '', 'Yes', 8),
('utf8_polish_ci', 'utf8', 197, '', 'Yes', 8),
('utf8_estonian_ci', 'utf8', 198, '', 'Yes', 8),
('utf8_spanish_ci', 'utf8', 199, '', 'Yes', 8),
('utf8_swedish_ci', 'utf8', 200, '', 'Yes', 8),
('utf8_turkish_ci', 'utf8', 201, '', 'Yes', 8),
('utf8_czech_ci', 'utf8', 202, '', 'Yes', 8),
('utf8_danish_ci', 'utf8', 203, '', 'Yes', 8),
('utf8_lithuanian_ci', 'utf8', 204, '', 'Yes', 8),
('utf8_slovak_ci', 'utf8', 205, '', 'Yes', 8),
('utf8_spanish2_ci', 'utf8', 206, '', 'Yes', 8),
('utf8_roman_ci', 'utf8', 207, '', 'Yes', 8),
('utf8_persian_ci', 'utf8', 208, '', 'Yes', 8),
('utf8_esperanto_ci', 'utf8', 209, '', 'Yes', 8),
('utf8_hungarian_ci', 'utf8', 210, '', 'Yes', 8),
('ucs2_general_ci', 'ucs2', 35, 'Yes', 'Yes', 1),
('ucs2_bin', 'ucs2', 90, '', 'Yes', 1),
('ucs2_unicode_ci', 'ucs2', 128, '', 'Yes', 8),
('ucs2_icelandic_ci', 'ucs2', 129, '', 'Yes', 8),
('ucs2_latvian_ci', 'ucs2', 130, '', 'Yes', 8),
('ucs2_romanian_ci', 'ucs2', 131, '', 'Yes', 8),
('ucs2_slovenian_ci', 'ucs2', 132, '', 'Yes', 8),
('ucs2_polish_ci', 'ucs2', 133, '', 'Yes', 8),
('ucs2_estonian_ci', 'ucs2', 134, '', 'Yes', 8),
('ucs2_spanish_ci', 'ucs2', 135, '', 'Yes', 8),
('ucs2_swedish_ci', 'ucs2', 136, '', 'Yes', 8),
('ucs2_turkish_ci', 'ucs2', 137, '', 'Yes', 8),
('ucs2_czech_ci', 'ucs2', 138, '', 'Yes', 8),
('ucs2_danish_ci', 'ucs2', 139, '', 'Yes', 8),
('ucs2_lithuanian_ci', 'ucs2', 140, '', 'Yes', 8),
('ucs2_slovak_ci', 'ucs2', 141, '', 'Yes', 8),
('ucs2_spanish2_ci', 'ucs2', 142, '', 'Yes', 8),
('ucs2_roman_ci', 'ucs2', 143, '', 'Yes', 8),
('ucs2_persian_ci', 'ucs2', 144, '', 'Yes', 8),
('ucs2_esperanto_ci', 'ucs2', 145, '', 'Yes', 8),
('ucs2_hungarian_ci', 'ucs2', 146, '', 'Yes', 8),
('cp866_general_ci', 'cp866', 36, 'Yes', 'Yes', 1),
('cp866_bin', 'cp866', 68, '', 'Yes', 1),
('keybcs2_general_ci', 'keybcs2', 37, 'Yes', 'Yes', 1),
('keybcs2_bin', 'keybcs2', 73, '', 'Yes', 1),
('macce_general_ci', 'macce', 38, 'Yes', 'Yes', 1),
('macce_bin', 'macce', 43, '', 'Yes', 1),
('macroman_general_ci', 'macroman', 39, 'Yes', 'Yes', 1),
('macroman_bin', 'macroman', 53, '', 'Yes', 1),
('cp852_general_ci', 'cp852', 40, 'Yes', 'Yes', 1),
('cp852_bin', 'cp852', 81, '', 'Yes', 1),
('latin7_estonian_cs', 'latin7', 20, '', 'Yes', 1),
('latin7_general_ci', 'latin7', 41, 'Yes', 'Yes', 1),
('latin7_general_cs', 'latin7', 42, '', 'Yes', 1),
('latin7_bin', 'latin7', 79, '', 'Yes', 1),
('cp1251_bulgarian_ci', 'cp1251', 14, '', 'Yes', 1),
('cp1251_ukrainian_ci', 'cp1251', 23, '', 'Yes', 1),
('cp1251_bin', 'cp1251', 50, '', 'Yes', 1),
('cp1251_general_ci', 'cp1251', 51, 'Yes', 'Yes', 1),
('cp1251_general_cs', 'cp1251', 52, '', 'Yes', 1),
('cp1256_general_ci', 'cp1256', 57, 'Yes', 'Yes', 1),
('cp1256_bin', 'cp1256', 67, '', 'Yes', 1),
('cp1257_lithuanian_ci', 'cp1257', 29, '', 'Yes', 1),
('cp1257_bin', 'cp1257', 58, '', 'Yes', 1),
('cp1257_general_ci', 'cp1257', 59, 'Yes', 'Yes', 1),
('binary', 'binary', 63, 'Yes', 'Yes', 1),
('geostd8_general_ci', 'geostd8', 92, 'Yes', 'Yes', 1),
('geostd8_bin', 'geostd8', 93, '', 'Yes', 1),
('cp932_japanese_ci', 'cp932', 95, 'Yes', 'Yes', 1),
('cp932_bin', 'cp932', 96, '', 'Yes', 1),
('eucjpms_japanese_ci', 'eucjpms', 97, 'Yes', 'Yes', 1),
('eucjpms_bin', 'eucjpms', 98, '', 'Yes', 1);

-- --------------------------------------------------------

--
-- Table structure for table `COLLATION_CHARACTER_SET_APPLICABILITY`
--

CREATE TEMPORARY TABLE `COLLATION_CHARACTER_SET_APPLICABILITY` (
  `COLLATION_NAME` varchar(32) NOT NULL DEFAULT '',
  `CHARACTER_SET_NAME` varchar(32) NOT NULL DEFAULT ''
) ENGINE=MEMORY DEFAULT CHARSET=utf8;

--
-- Dumping data for table `COLLATION_CHARACTER_SET_APPLICABILITY`
--

INSERT INTO `COLLATION_CHARACTER_SET_APPLICABILITY` (`COLLATION_NAME`, `CHARACTER_SET_NAME`) VALUES
('big5_chinese_ci', 'big5'),
('big5_bin', 'big5'),
('dec8_swedish_ci', 'dec8'),
('dec8_bin', 'dec8'),
('cp850_general_ci', 'cp850'),
('cp850_bin', 'cp850'),
('hp8_english_ci', 'hp8'),
('hp8_bin', 'hp8'),
('koi8r_general_ci', 'koi8r'),
('koi8r_bin', 'koi8r'),
('latin1_german1_ci', 'latin1'),
('latin1_swedish_ci', 'latin1'),
('latin1_danish_ci', 'latin1'),
('latin1_german2_ci', 'latin1'),
('latin1_bin', 'latin1'),
('latin1_general_ci', 'latin1'),
('latin1_general_cs', 'latin1'),
('latin1_spanish_ci', 'latin1'),
('latin2_czech_cs', 'latin2'),
('latin2_general_ci', 'latin2'),
('latin2_hungarian_ci', 'latin2'),
('latin2_croatian_ci', 'latin2'),
('latin2_bin', 'latin2'),
('swe7_swedish_ci', 'swe7'),
('swe7_bin', 'swe7'),
('ascii_general_ci', 'ascii'),
('ascii_bin', 'ascii'),
('ujis_japanese_ci', 'ujis'),
('ujis_bin', 'ujis'),
('sjis_japanese_ci', 'sjis'),
('sjis_bin', 'sjis'),
('hebrew_general_ci', 'hebrew'),
('hebrew_bin', 'hebrew'),
('filename', 'filename'),
('tis620_thai_ci', 'tis620'),
('tis620_bin', 'tis620'),
('euckr_korean_ci', 'euckr'),
('euckr_bin', 'euckr'),
('koi8u_general_ci', 'koi8u'),
('koi8u_bin', 'koi8u'),
('gb2312_chinese_ci', 'gb2312'),
('gb2312_bin', 'gb2312'),
('greek_general_ci', 'greek'),
('greek_bin', 'greek'),
('cp1250_general_ci', 'cp1250'),
('cp1250_czech_cs', 'cp1250'),
('cp1250_croatian_ci', 'cp1250'),
('cp1250_bin', 'cp1250'),
('cp1250_polish_ci', 'cp1250'),
('gbk_chinese_ci', 'gbk'),
('gbk_bin', 'gbk'),
('latin5_turkish_ci', 'latin5'),
('latin5_bin', 'latin5'),
('armscii8_general_ci', 'armscii8'),
('armscii8_bin', 'armscii8'),
('utf8_general_ci', 'utf8'),
('utf8_bin', 'utf8'),
('utf8_unicode_ci', 'utf8'),
('utf8_icelandic_ci', 'utf8'),
('utf8_latvian_ci', 'utf8'),
('utf8_romanian_ci', 'utf8'),
('utf8_slovenian_ci', 'utf8'),
('utf8_polish_ci', 'utf8'),
('utf8_estonian_ci', 'utf8'),
('utf8_spanish_ci', 'utf8'),
('utf8_swedish_ci', 'utf8'),
('utf8_turkish_ci', 'utf8'),
('utf8_czech_ci', 'utf8'),
('utf8_danish_ci', 'utf8'),
('utf8_lithuanian_ci', 'utf8'),
('utf8_slovak_ci', 'utf8'),
('utf8_spanish2_ci', 'utf8'),
('utf8_roman_ci', 'utf8'),
('utf8_persian_ci', 'utf8'),
('utf8_esperanto_ci', 'utf8'),
('utf8_hungarian_ci', 'utf8'),
('ucs2_general_ci', 'ucs2'),
('ucs2_bin', 'ucs2'),
('ucs2_unicode_ci', 'ucs2'),
('ucs2_icelandic_ci', 'ucs2'),
('ucs2_latvian_ci', 'ucs2'),
('ucs2_romanian_ci', 'ucs2'),
('ucs2_slovenian_ci', 'ucs2'),
('ucs2_polish_ci', 'ucs2'),
('ucs2_estonian_ci', 'ucs2'),
('ucs2_spanish_ci', 'ucs2'),
('ucs2_swedish_ci', 'ucs2'),
('ucs2_turkish_ci', 'ucs2'),
('ucs2_czech_ci', 'ucs2'),
('ucs2_danish_ci', 'ucs2'),
('ucs2_lithuanian_ci', 'ucs2'),
('ucs2_slovak_ci', 'ucs2'),
('ucs2_spanish2_ci', 'ucs2'),
('ucs2_roman_ci', 'ucs2'),
('ucs2_persian_ci', 'ucs2'),
('ucs2_esperanto_ci', 'ucs2'),
('ucs2_hungarian_ci', 'ucs2'),
('cp866_general_ci', 'cp866'),
('cp866_bin', 'cp866'),
('keybcs2_general_ci', 'keybcs2'),
('keybcs2_bin', 'keybcs2'),
('macce_general_ci', 'macce'),
('macce_bin', 'macce'),
('macroman_general_ci', 'macroman'),
('macroman_bin', 'macroman'),
('cp852_general_ci', 'cp852'),
('cp852_bin', 'cp852'),
('latin7_estonian_cs', 'latin7'),
('latin7_general_ci', 'latin7'),
('latin7_general_cs', 'latin7'),
('latin7_bin', 'latin7'),
('cp1251_bulgarian_ci', 'cp1251'),
('cp1251_ukrainian_ci', 'cp1251'),
('cp1251_bin', 'cp1251'),
('cp1251_general_ci', 'cp1251'),
('cp1251_general_cs', 'cp1251'),
('cp1256_general_ci', 'cp1256'),
('cp1256_bin', 'cp1256'),
('cp1257_lithuanian_ci', 'cp1257'),
('cp1257_bin', 'cp1257'),
('cp1257_general_ci', 'cp1257'),
('binary', 'binary'),
('geostd8_general_ci', 'geostd8'),
('geostd8_bin', 'geostd8'),
('cp932_japanese_ci', 'cp932'),
('cp932_bin', 'cp932'),
('eucjpms_japanese_ci', 'eucjpms'),
('eucjpms_bin', 'eucjpms');

-- --------------------------------------------------------

--
-- Table structure for table `COLUMNS`
--

CREATE TEMPORARY TABLE `COLUMNS` (
  `TABLE_CATALOG` varchar(512) DEFAULT NULL,
  `TABLE_SCHEMA` varchar(64) NOT NULL DEFAULT '',
  `TABLE_NAME` varchar(64) NOT NULL DEFAULT '',
  `COLUMN_NAME` varchar(64) NOT NULL DEFAULT '',
  `ORDINAL_POSITION` bigint(21) unsigned NOT NULL DEFAULT '0',
  `COLUMN_DEFAULT` longtext,
  `IS_NULLABLE` varchar(3) NOT NULL DEFAULT '',
  `DATA_TYPE` varchar(64) NOT NULL DEFAULT '',
  `CHARACTER_MAXIMUM_LENGTH` bigint(21) unsigned DEFAULT NULL,
  `CHARACTER_OCTET_LENGTH` bigint(21) unsigned DEFAULT NULL,
  `NUMERIC_PRECISION` bigint(21) unsigned DEFAULT NULL,
  `NUMERIC_SCALE` bigint(21) unsigned DEFAULT NULL,
  `CHARACTER_SET_NAME` varchar(32) DEFAULT NULL,
  `COLLATION_NAME` varchar(32) DEFAULT NULL,
  `COLUMN_TYPE` longtext NOT NULL,
  `COLUMN_KEY` varchar(3) NOT NULL DEFAULT '',
  `EXTRA` varchar(27) NOT NULL DEFAULT '',
  `PRIVILEGES` varchar(80) NOT NULL DEFAULT '',
  `COLUMN_COMMENT` varchar(255) NOT NULL DEFAULT ''
) ENGINE=MyISAM DEFAULT CHARSET=utf8;

--
-- Dumping data for table `COLUMNS`
--

INSERT INTO `COLUMNS` (`TABLE_CATALOG`, `TABLE_SCHEMA`, `TABLE_NAME`, `COLUMN_NAME`, `ORDINAL_POSITION`, `COLUMN_DEFAULT`, `IS_NULLABLE`, `DATA_TYPE`, `CHARACTER_MAXIMUM_LENGTH`, `CHARACTER_OCTET_LENGTH`, `NUMERIC_PRECISION`, `NUMERIC_SCALE`, `CHARACTER_SET_NAME`, `COLLATION_NAME`, `COLUMN_TYPE`, `COLUMN_KEY`, `EXTRA`, `PRIVILEGES`, `COLUMN_COMMENT`) VALUES
(NULL, 'information_schema', 'CHARACTER_SETS', 'CHARACTER_SET_NAME', 1, '', 'NO', 'varchar', 32, 96, NULL, NULL, 'utf8', 'utf8_general_ci', 'varchar(32)', '', '', 'select', ''),
(NULL, 'information_schema', 'CHARACTER_SETS', 'DEFAULT_COLLATE_NAME', 2, '', 'NO', 'varchar', 32, 96, NULL, NULL, 'utf8', 'utf8_general_ci', 'varchar(32)', '', '', 'select', ''),
(NULL, 'information_schema', 'CHARACTER_SETS', 'DESCRIPTION', 3, '', 'NO', 'varchar', 60, 180, NULL, NULL, 'utf8', 'utf8_general_ci', 'varchar(60)', '', '', 'select', ''),
(NULL, 'information_schema', 'CHARACTER_SETS', 'MAXLEN', 4, '0', 'NO', 'bigint', NULL, NULL, 19, 0, NULL, NULL, 'bigint(3)', '', '', 'select', ''),
(NULL, 'information_schema', 'COLLATIONS', 'COLLATION_NAME', 1, '', 'NO', 'varchar', 32, 96, NULL, NULL, 'utf8', 'utf8_general_ci', 'varchar(32)', '', '', 'select', ''),
(NULL, 'information_schema', 'COLLATIONS', 'CHARACTER_SET_NAME', 2, '', 'NO', 'varchar', 32, 96, NULL, NULL, 'utf8', 'utf8_general_ci', 'varchar(32)', '', '', 'select', ''),
(NULL, 'information_schema', 'COLLATIONS', 'ID', 3, '0', 'NO', 'bigint', NULL, NULL, 19, 0, NULL, NULL, 'bigint(11)', '', '', 'select', ''),
(NULL, 'information_schema', 'COLLATIONS', 'IS_DEFAULT', 4, '', 'NO', 'varchar', 3, 9, NULL, NULL, 'utf8', 'utf8_general_ci', 'varchar(3)', '', '', 'select', ''),
(NULL, 'information_schema', 'COLLATIONS', 'IS_COMPILED', 5, '', 'NO', 'varchar', 3, 9, NULL, NULL, 'utf8', 'utf8_general_ci', 'varchar(3)', '', '', 'select', ''),
(NULL, 'information_schema', 'COLLATIONS', 'SORTLEN', 6, '0', 'NO', 'bigint', NULL, NULL, 19, 0, NULL, NULL, 'bigint(3)', '', '', 'select', ''),
(NULL, 'information_schema', 'COLLATION_CHARACTER_SET_APPLICABILITY', 'COLLATION_NAME', 1, '', 'NO', 'varchar', 32, 96, NULL, NULL, 'utf8', 'utf8_general_ci', 'varchar(32)', '', '', 'select', ''),
(NULL, 'information_schema', 'COLLATION_CHARACTER_SET_APPLICABILITY', 'CHARACTER_SET_NAME', 2, '', 'NO', 'varchar', 32, 96, NULL, NULL, 'utf8', 'utf8_general_ci', 'varchar(32)', '', '', 'select', ''),
(NULL, 'information_schema', 'COLUMNS', 'TABLE_CATALOG', 1, NULL, 'YES', 'varchar', 512, 1536, NULL, NULL, 'utf8', 'utf8_general_ci', 'varchar(512)', '', '', 'select', ''),
(NULL, 'information_schema', 'COLUMNS', 'TABLE_SCHEMA', 2, '', 'NO', 'varchar', 64, 192, NULL, NULL, 'utf8', 'utf8_general_ci', 'varchar(64)', '', '', 'select', ''),
(NULL, 'information_schema', 'COLUMNS', 'TABLE_NAME', 3, '', 'NO', 'varchar', 64, 192, NULL, NULL, 'utf8', 'utf8_general_ci', 'varchar(64)', '', '', 'select', ''),
(NULL, 'information_schema', 'COLUMNS', 'COLUMN_NAME', 4, '', 'NO', 'varchar', 64, 192, NULL, NULL, 'utf8', 'utf8_general_ci', 'varchar(64)', '', '', 'select', ''),
(NULL, 'information_schema', 'COLUMNS', 'ORDINAL_POSITION', 5, '0', 'NO', 'bigint', NULL, NULL, 19, 0, NULL, NULL, 'bigint(21) unsigned', '', '', 'select', ''),
(NULL, 'information_schema', 'COLUMNS', 'COLUMN_DEFAULT', 6, NULL, 'YES', 'longtext', 4294967295, 4294967295, NULL, NULL, 'utf8', 'utf8_general_ci', 'longtext', '', '', 'select', ''),
(NULL, 'information_schema', 'COLUMNS', 'IS_NULLABLE', 7, '', 'NO', 'varchar', 3, 9, NULL, NULL, 'utf8', 'utf8_general_ci', 'varchar(3)', '', '', 'select', ''),
(NULL, 'information_schema', 'COLUMNS', 'DATA_TYPE', 8, '', 'NO', 'varchar', 64, 192, NULL, NULL, 'utf8', 'utf8_general_ci', 'varchar(64)', '', '', 'select', ''),
(NULL, 'information_schema', 'COLUMNS', 'CHARACTER_MAXIMUM_LENGTH', 9, NULL, 'YES', 'bigint', NULL, NULL, 19, 0, NULL, NULL, 'bigint(21) unsigned', '', '', 'select', ''),
(NULL, 'information_schema', 'COLUMNS', 'CHARACTER_OCTET_LENGTH', 10, NULL, 'YES', 'bigint', NULL, NULL, 19, 0, NULL, NULL, 'bigint(21) unsigned', '', '', 'select', ''),
(NULL, 'information_schema', 'COLUMNS', 'NUMERIC_PRECISION', 11, NULL, 'YES', 'bigint', NULL, NULL, 19, 0, NULL, NULL, 'bigint(21) unsigned', '', '', 'select', ''),
(NULL, 'information_schema', 'COLUMNS', 'NUMERIC_SCALE', 12, NULL, 'YES', 'bigint', NULL, NULL, 19, 0, NULL, NULL, 'bigint(21) unsigned', '', '', 'select', ''),
(NULL, 'information_schema', 'COLUMNS', 'CHARACTER_SET_NAME', 13, NULL, 'YES', 'varchar', 32, 96, NULL, NULL, 'utf8', 'utf8_general_ci', 'varchar(32)', '', '', 'select', ''),
(NULL, 'information_schema', 'COLUMNS', 'COLLATION_NAME', 14, NULL, 'YES', 'varchar', 32, 96, NULL, NULL, 'utf8', 'utf8_general_ci', 'varchar(32)', '', '', 'select', ''),
(NULL, 'information_schema', 'COLUMNS', 'COLUMN_TYPE', 15, NULL, 'NO', 'longtext', 4294967295, 4294967295, NULL, NULL, 'utf8', 'utf8_general_ci', 'longtext', '', '', 'select', ''),
(NULL, 'information_schema', 'COLUMNS', 'COLUMN_KEY', 16, '', 'NO', 'varchar', 3, 9, NULL, NULL, 'utf8', 'utf8_general_ci', 'varchar(3)', '', '', 'select', ''),
(NULL, 'information_schema', 'COLUMNS', 'EXTRA', 17, '', 'NO', 'varchar', 27, 81, NULL, NULL, 'utf8', 'utf8_general_ci', 'varchar(27)', '', '', 'select', ''),
(NULL, 'information_schema', 'COLUMNS', 'PRIVILEGES', 18, '', 'NO', 'varchar', 80, 240, NULL, NULL, 'utf8', 'utf8_general_ci', 'varchar(80)', '', '', 'select', ''),
(NULL, 'information_schema', 'COLUMNS', 'COLUMN_COMMENT', 19, '', 'NO', 'varchar', 255, 765, NULL, NULL, 'utf8', 'utf8_general_ci', 'varchar(255)', '', '', 'select', ''),
(NULL, 'information_schema', 'COLUMN_PRIVILEGES', 'GRANTEE', 1, '', 'NO', 'varchar', 81, 243, NULL, NULL, 'utf8', 'utf8_general_ci', 'varchar(81)', '', '', 'select', ''),
(NULL, 'information_schema', 'COLUMN_PRIVILEGES', 'TABLE_CATALOG', 2, NULL, 'YES', 'varchar', 512, 1536, NULL, NULL, 'utf8', 'utf8_general_ci', 'varchar(512)', '', '', 'select', ''),
(NULL, 'information_schema', 'COLUMN_PRIVILEGES', 'TABLE_SCHEMA', 3, '', 'NO', 'varchar', 64, 192, NULL, NULL, 'utf8', 'utf8_general_ci', 'varchar(64)', '', '', 'select', ''),
(NULL, 'information_schema', 'COLUMN_PRIVILEGES', 'TABLE_NAME', 4, '', 'NO', 'varchar', 64, 192, NULL, NULL, 'utf8', 'utf8_general_ci', 'varchar(64)', '', '', 'select', ''),
(NULL, 'information_schema', 'COLUMN_PRIVILEGES', 'COLUMN_NAME', 5, '', 'NO', 'varchar', 64, 192, NULL, NULL, 'utf8', 'utf8_general_ci', 'varchar(64)', '', '', 'select', ''),
(NULL, 'information_schema', 'COLUMN_PRIVILEGES', 'PRIVILEGE_TYPE', 6, '', 'NO', 'varchar', 64, 192, NULL, NULL, 'utf8', 'utf8_general_ci', 'varchar(64)', '', '', 'select', ''),
(NULL, 'information_schema', 'COLUMN_PRIVILEGES', 'IS_GRANTABLE', 7, '', 'NO', 'varchar', 3, 9, NULL, NULL, 'utf8', 'utf8_general_ci', 'varchar(3)', '', '', 'select', ''),
(NULL, 'information_schema', 'ENGINES', 'ENGINE', 1, '', 'NO', 'varchar', 64, 192, NULL, NULL, 'utf8', 'utf8_general_ci', 'varchar(64)', '', '', 'select', ''),
(NULL, 'information_schema', 'ENGINES', 'SUPPORT', 2, '', 'NO', 'varchar', 8, 24, NULL, NULL, 'utf8', 'utf8_general_ci', 'varchar(8)', '', '', 'select', ''),
(NULL, 'information_schema', 'ENGINES', 'COMMENT', 3, '', 'NO', 'varchar', 80, 240, NULL, NULL, 'utf8', 'utf8_general_ci', 'varchar(80)', '', '', 'select', ''),
(NULL, 'information_schema', 'ENGINES', 'TRANSACTIONS', 4, NULL, 'YES', 'varchar', 3, 9, NULL, NULL, 'utf8', 'utf8_general_ci', 'varchar(3)', '', '', 'select', ''),
(NULL, 'information_schema', 'ENGINES', 'XA', 5, NULL, 'YES', 'varchar', 3, 9, NULL, NULL, 'utf8', 'utf8_general_ci', 'varchar(3)', '', '', 'select', ''),
(NULL, 'information_schema', 'ENGINES', 'SAVEPOINTS', 6, NULL, 'YES', 'varchar', 3, 9, NULL, NULL, 'utf8', 'utf8_general_ci', 'varchar(3)', '', '', 'select', ''),
(NULL, 'information_schema', 'EVENTS', 'EVENT_CATALOG', 1, NULL, 'YES', 'varchar', 64, 192, NULL, NULL, 'utf8', 'utf8_general_ci', 'varchar(64)', '', '', 'select', ''),
(NULL, 'information_schema', 'EVENTS', 'EVENT_SCHEMA', 2, '', 'NO', 'varchar', 64, 192, NULL, NULL, 'utf8', 'utf8_general_ci', 'varchar(64)', '', '', 'select', ''),
(NULL, 'information_schema', 'EVENTS', 'EVENT_NAME', 3, '', 'NO', 'varchar', 64, 192, NULL, NULL, 'utf8', 'utf8_general_ci', 'varchar(64)', '', '', 'select', ''),
(NULL, 'information_schema', 'EVENTS', 'DEFINER', 4, '', 'NO', 'varchar', 77, 231, NULL, NULL, 'utf8', 'utf8_general_ci', 'varchar(77)', '', '', 'select', ''),
(NULL, 'information_schema', 'EVENTS', 'TIME_ZONE', 5, '', 'NO', 'varchar', 64, 192, NULL, NULL, 'utf8', 'utf8_general_ci', 'varchar(64)', '', '', 'select', ''),
(NULL, 'information_schema', 'EVENTS', 'EVENT_BODY', 6, '', 'NO', 'varchar', 8, 24, NULL, NULL, 'utf8', 'utf8_general_ci', 'varchar(8)', '', '', 'select', ''),
(NULL, 'information_schema', 'EVENTS', 'EVENT_DEFINITION', 7, NULL, 'NO', 'longtext', 4294967295, 4294967295, NULL, NULL, 'utf8', 'utf8_general_ci', 'longtext', '', '', 'select', ''),
(NULL, 'information_schema', 'EVENTS', 'EVENT_TYPE', 8, '', 'NO', 'varchar', 9, 27, NULL, NULL, 'utf8', 'utf8_general_ci', 'varchar(9)', '', '', 'select', ''),
(NULL, 'information_schema', 'EVENTS', 'EXECUTE_AT', 9, NULL, 'YES', 'datetime', NULL, NULL, NULL, NULL, NULL, NULL, 'datetime', '', '', 'select', ''),
(NULL, 'information_schema', 'EVENTS', 'INTERVAL_VALUE', 10, NULL, 'YES', 'varchar', 256, 768, NULL, NULL, 'utf8', 'utf8_general_ci', 'varchar(256)', '', '', 'select', ''),
(NULL, 'information_schema', 'EVENTS', 'INTERVAL_FIELD', 11, NULL, 'YES', 'varchar', 18, 54, NULL, NULL, 'utf8', 'utf8_general_ci', 'varchar(18)', '', '', 'select', ''),
(NULL, 'information_schema', 'EVENTS', 'SQL_MODE', 12, '', 'NO', 'varchar', 8192, 24576, NULL, NULL, 'utf8', 'utf8_general_ci', 'varchar(8192)', '', '', 'select', ''),
(NULL, 'information_schema', 'EVENTS', 'STARTS', 13, NULL, 'YES', 'datetime', NULL, NULL, NULL, NULL, NULL, NULL, 'datetime', '', '', 'select', ''),
(NULL, 'information_schema', 'EVENTS', 'ENDS', 14, NULL, 'YES', 'datetime', NULL, NULL, NULL, NULL, NULL, NULL, 'datetime', '', '', 'select', ''),
(NULL, 'information_schema', 'EVENTS', 'STATUS', 15, '', 'NO', 'varchar', 18, 54, NULL, NULL, 'utf8', 'utf8_general_ci', 'varchar(18)', '', '', 'select', ''),
(NULL, 'information_schema', 'EVENTS', 'ON_COMPLETION', 16, '', 'NO', 'varchar', 12, 36, NULL, NULL, 'utf8', 'utf8_general_ci', 'varchar(12)', '', '', 'select', ''),
(NULL, 'information_schema', 'EVENTS', 'CREATED', 17, '0000-00-00 00:00:00', 'NO', 'datetime', NULL, NULL, NULL, NULL, NULL, NULL, 'datetime', '', '', 'select', ''),
(NULL, 'information_schema', 'EVENTS', 'LAST_ALTERED', 18, '0000-00-00 00:00:00', 'NO', 'datetime', NULL, NULL, NULL, NULL, NULL, NULL, 'datetime', '', '', 'select', ''),
(NULL, 'information_schema', 'EVENTS', 'LAST_EXECUTED', 19, NULL, 'YES', 'datetime', NULL, NULL, NULL, NULL, NULL, NULL, 'datetime', '', '', 'select', ''),
(NULL, 'information_schema', 'EVENTS', 'EVENT_COMMENT', 20, '', 'NO', 'varchar', 64, 192, NULL, NULL, 'utf8', 'utf8_general_ci', 'varchar(64)', '', '', 'select', ''),
(NULL, 'information_schema', 'EVENTS', 'ORIGINATOR', 21, '0', 'NO', 'bigint', NULL, NULL, 19, 0, NULL, NULL, 'bigint(10)', '', '', 'select', ''),
(NULL, 'information_schema', 'EVENTS', 'CHARACTER_SET_CLIENT', 22, '', 'NO', 'varchar', 32, 96, NULL, NULL, 'utf8', 'utf8_general_ci', 'varchar(32)', '', '', 'select', ''),
(NULL, 'information_schema', 'EVENTS', 'COLLATION_CONNECTION', 23, '', 'NO', 'varchar', 32, 96, NULL, NULL, 'utf8', 'utf8_general_ci', 'varchar(32)', '', '', 'select', ''),
(NULL, 'information_schema', 'EVENTS', 'DATABASE_COLLATION', 24, '', 'NO', 'varchar', 32, 96, NULL, NULL, 'utf8', 'utf8_general_ci', 'varchar(32)', '', '', 'select', ''),
(NULL, 'information_schema', 'FILES', 'FILE_ID', 1, '0', 'NO', 'bigint', NULL, NULL, 19, 0, NULL, NULL, 'bigint(4)', '', '', 'select', ''),
(NULL, 'information_schema', 'FILES', 'FILE_NAME', 2, NULL, 'YES', 'varchar', 64, 192, NULL, NULL, 'utf8', 'utf8_general_ci', 'varchar(64)', '', '', 'select', ''),
(NULL, 'information_schema', 'FILES', 'FILE_TYPE', 3, '', 'NO', 'varchar', 20, 60, NULL, NULL, 'utf8', 'utf8_general_ci', 'varchar(20)', '', '', 'select', ''),
(NULL, 'information_schema', 'FILES', 'TABLESPACE_NAME', 4, NULL, 'YES', 'varchar', 64, 192, NULL, NULL, 'utf8', 'utf8_general_ci', 'varchar(64)', '', '', 'select', ''),
(NULL, 'information_schema', 'FILES', 'TABLE_CATALOG', 5, NULL, 'YES', 'varchar', 64, 192, NULL, NULL, 'utf8', 'utf8_general_ci', 'varchar(64)', '', '', 'select', ''),
(NULL, 'information_schema', 'FILES', 'TABLE_SCHEMA', 6, NULL, 'YES', 'varchar', 64, 192, NULL, NULL, 'utf8', 'utf8_general_ci', 'varchar(64)', '', '', 'select', ''),
(NULL, 'information_schema', 'FILES', 'TABLE_NAME', 7, NULL, 'YES', 'varchar', 64, 192, NULL, NULL, 'utf8', 'utf8_general_ci', 'varchar(64)', '', '', 'select', ''),
(NULL, 'information_schema', 'FILES', 'LOGFILE_GROUP_NAME', 8, NULL, 'YES', 'varchar', 64, 192, NULL, NULL, 'utf8', 'utf8_general_ci', 'varchar(64)', '', '', 'select', ''),
(NULL, 'information_schema', 'FILES', 'LOGFILE_GROUP_NUMBER', 9, NULL, 'YES', 'bigint', NULL, NULL, 19, 0, NULL, NULL, 'bigint(4)', '', '', 'select', ''),
(NULL, 'information_schema', 'FILES', 'ENGINE', 10, '', 'NO', 'varchar', 64, 192, NULL, NULL, 'utf8', 'utf8_general_ci', 'varchar(64)', '', '', 'select', ''),
(NULL, 'information_schema', 'FILES', 'FULLTEXT_KEYS', 11, NULL, 'YES', 'varchar', 64, 192, NULL, NULL, 'utf8', 'utf8_general_ci', 'varchar(64)', '', '', 'select', ''),
(NULL, 'information_schema', 'FILES', 'DELETED_ROWS', 12, NULL, 'YES', 'bigint', NULL, NULL, 19, 0, NULL, NULL, 'bigint(4)', '', '', 'select', ''),
(NULL, 'information_schema', 'FILES', 'UPDATE_COUNT', 13, NULL, 'YES', 'bigint', NULL, NULL, 19, 0, NULL, NULL, 'bigint(4)', '', '', 'select', ''),
(NULL, 'information_schema', 'FILES', 'FREE_EXTENTS', 14, NULL, 'YES', 'bigint', NULL, NULL, 19, 0, NULL, NULL, 'bigint(4)', '', '', 'select', ''),
(NULL, 'information_schema', 'FILES', 'TOTAL_EXTENTS', 15, NULL, 'YES', 'bigint', NULL, NULL, 19, 0, NULL, NULL, 'bigint(4)', '', '', 'select', ''),
(NULL, 'information_schema', 'FILES', 'EXTENT_SIZE', 16, '0', 'NO', 'bigint', NULL, NULL, 19, 0, NULL, NULL, 'bigint(4)', '', '', 'select', ''),
(NULL, 'information_schema', 'FILES', 'INITIAL_SIZE', 17, NULL, 'YES', 'bigint', NULL, NULL, 19, 0, NULL, NULL, 'bigint(21) unsigned', '', '', 'select', ''),
(NULL, 'information_schema', 'FILES', 'MAXIMUM_SIZE', 18, NULL, 'YES', 'bigint', NULL, NULL, 19, 0, NULL, NULL, 'bigint(21) unsigned', '', '', 'select', ''),
(NULL, 'information_schema', 'FILES', 'AUTOEXTEND_SIZE', 19, NULL, 'YES', 'bigint', NULL, NULL, 19, 0, NULL, NULL, 'bigint(21) unsigned', '', '', 'select', ''),
(NULL, 'information_schema', 'FILES', 'CREATION_TIME', 20, NULL, 'YES', 'datetime', NULL, NULL, NULL, NULL, NULL, NULL, 'datetime', '', '', 'select', ''),
(NULL, 'information_schema', 'FILES', 'LAST_UPDATE_TIME', 21, NULL, 'YES', 'datetime', NULL, NULL, NULL, NULL, NULL, NULL, 'datetime', '', '', 'select', ''),
(NULL, 'information_schema', 'FILES', 'LAST_ACCESS_TIME', 22, NULL, 'YES', 'datetime', NULL, NULL, NULL, NULL, NULL, NULL, 'datetime', '', '', 'select', ''),
(NULL, 'information_schema', 'FILES', 'RECOVER_TIME', 23, NULL, 'YES', 'bigint', NULL, NULL, 19, 0, NULL, NULL, 'bigint(4)', '', '', 'select', ''),
(NULL, 'information_schema', 'FILES', 'TRANSACTION_COUNTER', 24, NULL, 'YES', 'bigint', NULL, NULL, 19, 0, NULL, NULL, 'bigint(4)', '', '', 'select', ''),
(NULL, 'information_schema', 'FILES', 'VERSION', 25, NULL, 'YES', 'bigint', NULL, NULL, 19, 0, NULL, NULL, 'bigint(21) unsigned', '', '', 'select', ''),
(NULL, 'information_schema', 'FILES', 'ROW_FORMAT', 26, NULL, 'YES', 'varchar', 10, 30, NULL, NULL, 'utf8', 'utf8_general_ci', 'varchar(10)', '', '', 'select', ''),
(NULL, 'information_schema', 'FILES', 'TABLE_ROWS', 27, NULL, 'YES', 'bigint', NULL, NULL, 19, 0, NULL, NULL, 'bigint(21) unsigned', '', '', 'select', ''),
(NULL, 'information_schema', 'FILES', 'AVG_ROW_LENGTH', 28, NULL, 'YES', 'bigint', NULL, NULL, 19, 0, NULL, NULL, 'bigint(21) unsigned', '', '', 'select', ''),
(NULL, 'information_schema', 'FILES', 'DATA_LENGTH', 29, NULL, 'YES', 'bigint', NULL, NULL, 19, 0, NULL, NULL, 'bigint(21) unsigned', '', '', 'select', ''),
(NULL, 'information_schema', 'FILES', 'MAX_DATA_LENGTH', 30, NULL, 'YES', 'bigint', NULL, NULL, 19, 0, NULL, NULL, 'bigint(21) unsigned', '', '', 'select', ''),
(NULL, 'information_schema', 'FILES', 'INDEX_LENGTH', 31, NULL, 'YES', 'bigint', NULL, NULL, 19, 0, NULL, NULL, 'bigint(21) unsigned', '', '', 'select', ''),
(NULL, 'information_schema', 'FILES', 'DATA_FREE', 32, NULL, 'YES', 'bigint', NULL, NULL, 19, 0, NULL, NULL, 'bigint(21) unsigned', '', '', 'select', ''),
(NULL, 'information_schema', 'FILES', 'CREATE_TIME', 33, NULL, 'YES', 'datetime', NULL, NULL, NULL, NULL, NULL, NULL, 'datetime', '', '', 'select', ''),
(NULL, 'information_schema', 'FILES', 'UPDATE_TIME', 34, NULL, 'YES', 'datetime', NULL, NULL, NULL, NULL, NULL, NULL, 'datetime', '', '', 'select', ''),
(NULL, 'information_schema', 'FILES', 'CHECK_TIME', 35, NULL, 'YES', 'datetime', NULL, NULL, NULL, NULL, NULL, NULL, 'datetime', '', '', 'select', ''),
(NULL, 'information_schema', 'FILES', 'CHECKSUM', 36, NULL, 'YES', 'bigint', NULL, NULL, 19, 0, NULL, NULL, 'bigint(21) unsigned', '', '', 'select', ''),
(NULL, 'information_schema', 'FILES', 'STATUS', 37, '', 'NO', 'varchar', 20, 60, NULL, NULL, 'utf8', 'utf8_general_ci', 'varchar(20)', '', '', 'select', ''),
(NULL, 'information_schema', 'FILES', 'EXTRA', 38, NULL, 'YES', 'varchar', 255, 765, NULL, NULL, 'utf8', 'utf8_general_ci', 'varchar(255)', '', '', 'select', ''),
(NULL, 'information_schema', 'GLOBAL_STATUS', 'VARIABLE_NAME', 1, '', 'NO', 'varchar', 64, 192, NULL, NULL, 'utf8', 'utf8_general_ci', 'varchar(64)', '', '', 'select', ''),
(NULL, 'information_schema', 'GLOBAL_STATUS', 'VARIABLE_VALUE', 2, NULL, 'YES', 'varchar', 1024, 3072, NULL, NULL, 'utf8', 'utf8_general_ci', 'varchar(1024)', '', '', 'select', ''),
(NULL, 'information_schema', 'GLOBAL_VARIABLES', 'VARIABLE_NAME', 1, '', 'NO', 'varchar', 64, 192, NULL, NULL, 'utf8', 'utf8_general_ci', 'varchar(64)', '', '', 'select', ''),
(NULL, 'information_schema', 'GLOBAL_VARIABLES', 'VARIABLE_VALUE', 2, NULL, 'YES', 'varchar', 1024, 3072, NULL, NULL, 'utf8', 'utf8_general_ci', 'varchar(1024)', '', '', 'select', ''),
(NULL, 'information_schema', 'KEY_COLUMN_USAGE', 'CONSTRAINT_CATALOG', 1, NULL, 'YES', 'varchar', 512, 1536, NULL, NULL, 'utf8', 'utf8_general_ci', 'varchar(512)', '', '', 'select', ''),
(NULL, 'information_schema', 'KEY_COLUMN_USAGE', 'CONSTRAINT_SCHEMA', 2, '', 'NO', 'varchar', 64, 192, NULL, NULL, 'utf8', 'utf8_general_ci', 'varchar(64)', '', '', 'select', ''),
(NULL, 'information_schema', 'KEY_COLUMN_USAGE', 'CONSTRAINT_NAME', 3, '', 'NO', 'varchar', 64, 192, NULL, NULL, 'utf8', 'utf8_general_ci', 'varchar(64)', '', '', 'select', ''),
(NULL, 'information_schema', 'KEY_COLUMN_USAGE', 'TABLE_CATALOG', 4, NULL, 'YES', 'varchar', 512, 1536, NULL, NULL, 'utf8', 'utf8_general_ci', 'varchar(512)', '', '', 'select', ''),
(NULL, 'information_schema', 'KEY_COLUMN_USAGE', 'TABLE_SCHEMA', 5, '', 'NO', 'varchar', 64, 192, NULL, NULL, 'utf8', 'utf8_general_ci', 'varchar(64)', '', '', 'select', ''),
(NULL, 'information_schema', 'KEY_COLUMN_USAGE', 'TABLE_NAME', 6, '', 'NO', 'varchar', 64, 192, NULL, NULL, 'utf8', 'utf8_general_ci', 'varchar(64)', '', '', 'select', ''),
(NULL, 'information_schema', 'KEY_COLUMN_USAGE', 'COLUMN_NAME', 7, '', 'NO', 'varchar', 64, 192, NULL, NULL, 'utf8', 'utf8_general_ci', 'varchar(64)', '', '', 'select', ''),
(NULL, 'information_schema', 'KEY_COLUMN_USAGE', 'ORDINAL_POSITION', 8, '0', 'NO', 'bigint', NULL, NULL, 19, 0, NULL, NULL, 'bigint(10)', '', '', 'select', ''),
(NULL, 'information_schema', 'KEY_COLUMN_USAGE', 'POSITION_IN_UNIQUE_CONSTRAINT', 9, NULL, 'YES', 'bigint', NULL, NULL, 19, 0, NULL, NULL, 'bigint(10)', '', '', 'select', ''),
(NULL, 'information_schema', 'KEY_COLUMN_USAGE', 'REFERENCED_TABLE_SCHEMA', 10, NULL, 'YES', 'varchar', 64, 192, NULL, NULL, 'utf8', 'utf8_general_ci', 'varchar(64)', '', '', 'select', ''),
(NULL, 'information_schema', 'KEY_COLUMN_USAGE', 'REFERENCED_TABLE_NAME', 11, NULL, 'YES', 'varchar', 64, 192, NULL, NULL, 'utf8', 'utf8_general_ci', 'varchar(64)', '', '', 'select', ''),
(NULL, 'information_schema', 'KEY_COLUMN_USAGE', 'REFERENCED_COLUMN_NAME', 12, NULL, 'YES', 'varchar', 64, 192, NULL, NULL, 'utf8', 'utf8_general_ci', 'varchar(64)', '', '', 'select', ''),
(NULL, 'information_schema', 'PARTITIONS', 'TABLE_CATALOG', 1, NULL, 'YES', 'varchar', 512, 1536, NULL, NULL, 'utf8', 'utf8_general_ci', 'varchar(512)', '', '', 'select', ''),
(NULL, 'information_schema', 'PARTITIONS', 'TABLE_SCHEMA', 2, '', 'NO', 'varchar', 64, 192, NULL, NULL, 'utf8', 'utf8_general_ci', 'varchar(64)', '', '', 'select', ''),
(NULL, 'information_schema', 'PARTITIONS', 'TABLE_NAME', 3, '', 'NO', 'varchar', 64, 192, NULL, NULL, 'utf8', 'utf8_general_ci', 'varchar(64)', '', '', 'select', ''),
(NULL, 'information_schema', 'PARTITIONS', 'PARTITION_NAME', 4, NULL, 'YES', 'varchar', 64, 192, NULL, NULL, 'utf8', 'utf8_general_ci', 'varchar(64)', '', '', 'select', ''),
(NULL, 'information_schema', 'PARTITIONS', 'SUBPARTITION_NAME', 5, NULL, 'YES', 'varchar', 64, 192, NULL, NULL, 'utf8', 'utf8_general_ci', 'varchar(64)', '', '', 'select', ''),
(NULL, 'information_schema', 'PARTITIONS', 'PARTITION_ORDINAL_POSITION', 6, NULL, 'YES', 'bigint', NULL, NULL, 19, 0, NULL, NULL, 'bigint(21) unsigned', '', '', 'select', ''),
(NULL, 'information_schema', 'PARTITIONS', 'SUBPARTITION_ORDINAL_POSITION', 7, NULL, 'YES', 'bigint', NULL, NULL, 19, 0, NULL, NULL, 'bigint(21) unsigned', '', '', 'select', ''),
(NULL, 'information_schema', 'PARTITIONS', 'PARTITION_METHOD', 8, NULL, 'YES', 'varchar', 12, 36, NULL, NULL, 'utf8', 'utf8_general_ci', 'varchar(12)', '', '', 'select', ''),
(NULL, 'information_schema', 'PARTITIONS', 'SUBPARTITION_METHOD', 9, NULL, 'YES', 'varchar', 12, 36, NULL, NULL, 'utf8', 'utf8_general_ci', 'varchar(12)', '', '', 'select', ''),
(NULL, 'information_schema', 'PARTITIONS', 'PARTITION_EXPRESSION', 10, NULL, 'YES', 'longtext', 4294967295, 4294967295, NULL, NULL, 'utf8', 'utf8_general_ci', 'longtext', '', '', 'select', ''),
(NULL, 'information_schema', 'PARTITIONS', 'SUBPARTITION_EXPRESSION', 11, NULL, 'YES', 'longtext', 4294967295, 4294967295, NULL, NULL, 'utf8', 'utf8_general_ci', 'longtext', '', '', 'select', ''),
(NULL, 'information_schema', 'PARTITIONS', 'PARTITION_DESCRIPTION', 12, NULL, 'YES', 'longtext', 4294967295, 4294967295, NULL, NULL, 'utf8', 'utf8_general_ci', 'longtext', '', '', 'select', ''),
(NULL, 'information_schema', 'PARTITIONS', 'TABLE_ROWS', 13, '0', 'NO', 'bigint', NULL, NULL, 19, 0, NULL, NULL, 'bigint(21) unsigned', '', '', 'select', ''),
(NULL, 'information_schema', 'PARTITIONS', 'AVG_ROW_LENGTH', 14, '0', 'NO', 'bigint', NULL, NULL, 19, 0, NULL, NULL, 'bigint(21) unsigned', '', '', 'select', ''),
(NULL, 'information_schema', 'PARTITIONS', 'DATA_LENGTH', 15, '0', 'NO', 'bigint', NULL, NULL, 19, 0, NULL, NULL, 'bigint(21) unsigned', '', '', 'select', ''),
(NULL, 'information_schema', 'PARTITIONS', 'MAX_DATA_LENGTH', 16, NULL, 'YES', 'bigint', NULL, NULL, 19, 0, NULL, NULL, 'bigint(21) unsigned', '', '', 'select', ''),
(NULL, 'information_schema', 'PARTITIONS', 'INDEX_LENGTH', 17, '0', 'NO', 'bigint', NULL, NULL, 19, 0, NULL, NULL, 'bigint(21) unsigned', '', '', 'select', ''),
(NULL, 'information_schema', 'PARTITIONS', 'DATA_FREE', 18, '0', 'NO', 'bigint', NULL, NULL, 19, 0, NULL, NULL, 'bigint(21) unsigned', '', '', 'select', ''),
(NULL, 'information_schema', 'PARTITIONS', 'CREATE_TIME', 19, NULL, 'YES', 'datetime', NULL, NULL, NULL, NULL, NULL, NULL, 'datetime', '', '', 'select', ''),
(NULL, 'information_schema', 'PARTITIONS', 'UPDATE_TIME', 20, NULL, 'YES', 'datetime', NULL, NULL, NULL, NULL, NULL, NULL, 'datetime', '', '', 'select', ''),
(NULL, 'information_schema', 'PARTITIONS', 'CHECK_TIME', 21, NULL, 'YES', 'datetime', NULL, NULL, NULL, NULL, NULL, NULL, 'datetime', '', '', 'select', ''),
(NULL, 'information_schema', 'PARTITIONS', 'CHECKSUM', 22, NULL, 'YES', 'bigint', NULL, NULL, 19, 0, NULL, NULL, 'bigint(21) unsigned', '', '', 'select', ''),
(NULL, 'information_schema', 'PARTITIONS', 'PARTITION_COMMENT', 23, '', 'NO', 'varchar', 80, 240, NULL, NULL, 'utf8', 'utf8_general_ci', 'varchar(80)', '', '', 'select', ''),
(NULL, 'information_schema', 'PARTITIONS', 'NODEGROUP', 24, '', 'NO', 'varchar', 12, 36, NULL, NULL, 'utf8', 'utf8_general_ci', 'varchar(12)', '', '', 'select', ''),
(NULL, 'information_schema', 'PARTITIONS', 'TABLESPACE_NAME', 25, NULL, 'YES', 'varchar', 64, 192, NULL, NULL, 'utf8', 'utf8_general_ci', 'varchar(64)', '', '', 'select', ''),
(NULL, 'information_schema', 'PLUGINS', 'PLUGIN_NAME', 1, '', 'NO', 'varchar', 64, 192, NULL, NULL, 'utf8', 'utf8_general_ci', 'varchar(64)', '', '', 'select', ''),
(NULL, 'information_schema', 'PLUGINS', 'PLUGIN_VERSION', 2, '', 'NO', 'varchar', 20, 60, NULL, NULL, 'utf8', 'utf8_general_ci', 'varchar(20)', '', '', 'select', ''),
(NULL, 'information_schema', 'PLUGINS', 'PLUGIN_STATUS', 3, '', 'NO', 'varchar', 10, 30, NULL, NULL, 'utf8', 'utf8_general_ci', 'varchar(10)', '', '', 'select', ''),
(NULL, 'information_schema', 'PLUGINS', 'PLUGIN_TYPE', 4, '', 'NO', 'varchar', 80, 240, NULL, NULL, 'utf8', 'utf8_general_ci', 'varchar(80)', '', '', 'select', ''),
(NULL, 'information_schema', 'PLUGINS', 'PLUGIN_TYPE_VERSION', 5, '', 'NO', 'varchar', 20, 60, NULL, NULL, 'utf8', 'utf8_general_ci', 'varchar(20)', '', '', 'select', ''),
(NULL, 'information_schema', 'PLUGINS', 'PLUGIN_LIBRARY', 6, NULL, 'YES', 'varchar', 64, 192, NULL, NULL, 'utf8', 'utf8_general_ci', 'varchar(64)', '', '', 'select', ''),
(NULL, 'information_schema', 'PLUGINS', 'PLUGIN_LIBRARY_VERSION', 7, NULL, 'YES', 'varchar', 20, 60, NULL, NULL, 'utf8', 'utf8_general_ci', 'varchar(20)', '', '', 'select', ''),
(NULL, 'information_schema', 'PLUGINS', 'PLUGIN_AUTHOR', 8, NULL, 'YES', 'varchar', 64, 192, NULL, NULL, 'utf8', 'utf8_general_ci', 'varchar(64)', '', '', 'select', ''),
(NULL, 'information_schema', 'PLUGINS', 'PLUGIN_DESCRIPTION', 9, NULL, 'YES', 'longtext', 4294967295, 4294967295, NULL, NULL, 'utf8', 'utf8_general_ci', 'longtext', '', '', 'select', ''),
(NULL, 'information_schema', 'PLUGINS', 'PLUGIN_LICENSE', 10, NULL, 'YES', 'varchar', 80, 240, NULL, NULL, 'utf8', 'utf8_general_ci', 'varchar(80)', '', '', 'select', ''),
(NULL, 'information_schema', 'PROCESSLIST', 'ID', 1, '0', 'NO', 'bigint', NULL, NULL, 19, 0, NULL, NULL, 'bigint(4)', '', '', 'select', ''),
(NULL, 'information_schema', 'PROCESSLIST', 'USER', 2, '', 'NO', 'varchar', 16, 48, NULL, NULL, 'utf8', 'utf8_general_ci', 'varchar(16)', '', '', 'select', ''),
(NULL, 'information_schema', 'PROCESSLIST', 'HOST', 3, '', 'NO', 'varchar', 64, 192, NULL, NULL, 'utf8', 'utf8_general_ci', 'varchar(64)', '', '', 'select', ''),
(NULL, 'information_schema', 'PROCESSLIST', 'DB', 4, NULL, 'YES', 'varchar', 64, 192, NULL, NULL, 'utf8', 'utf8_general_ci', 'varchar(64)', '', '', 'select', ''),
(NULL, 'information_schema', 'PROCESSLIST', 'COMMAND', 5, '', 'NO', 'varchar', 16, 48, NULL, NULL, 'utf8', 'utf8_general_ci', 'varchar(16)', '', '', 'select', ''),
(NULL, 'information_schema', 'PROCESSLIST', 'TIME', 6, '0', 'NO', 'int', NULL, NULL, 10, 0, NULL, NULL, 'int(7)', '', '', 'select', ''),
(NULL, 'information_schema', 'PROCESSLIST', 'STATE', 7, NULL, 'YES', 'varchar', 64, 192, NULL, NULL, 'utf8', 'utf8_general_ci', 'varchar(64)', '', '', 'select', ''),
(NULL, 'information_schema', 'PROCESSLIST', 'INFO', 8, NULL, 'YES', 'longtext', 4294967295, 4294967295, NULL, NULL, 'utf8', 'utf8_general_ci', 'longtext', '', '', 'select', ''),
(NULL, 'information_schema', 'PROFILING', 'QUERY_ID', 1, '0', 'NO', 'int', NULL, NULL, 10, 0, NULL, NULL, 'int(20)', '', '', 'select', ''),
(NULL, 'information_schema', 'PROFILING', 'SEQ', 2, '0', 'NO', 'int', NULL, NULL, 10, 0, NULL, NULL, 'int(20)', '', '', 'select', ''),
(NULL, 'information_schema', 'PROFILING', 'STATE', 3, '', 'NO', 'varchar', 30, 90, NULL, NULL, 'utf8', 'utf8_general_ci', 'varchar(30)', '', '', 'select', ''),
(NULL, 'information_schema', 'PROFILING', 'DURATION', 4, '0.000000', 'NO', 'decimal', NULL, NULL, 9, 6, NULL, NULL, 'decimal(9,6)', '', '', 'select', ''),
(NULL, 'information_schema', 'PROFILING', 'CPU_USER', 5, NULL, 'YES', 'decimal', NULL, NULL, 9, 6, NULL, NULL, 'decimal(9,6)', '', '', 'select', ''),
(NULL, 'information_schema', 'PROFILING', 'CPU_SYSTEM', 6, NULL, 'YES', 'decimal', NULL, NULL, 9, 6, NULL, NULL, 'decimal(9,6)', '', '', 'select', ''),
(NULL, 'information_schema', 'PROFILING', 'CONTEXT_VOLUNTARY', 7, NULL, 'YES', 'int', NULL, NULL, 10, 0, NULL, NULL, 'int(20)', '', '', 'select', ''),
(NULL, 'information_schema', 'PROFILING', 'CONTEXT_INVOLUNTARY', 8, NULL, 'YES', 'int', NULL, NULL, 10, 0, NULL, NULL, 'int(20)', '', '', 'select', ''),
(NULL, 'information_schema', 'PROFILING', 'BLOCK_OPS_IN', 9, NULL, 'YES', 'int', NULL, NULL, 10, 0, NULL, NULL, 'int(20)', '', '', 'select', ''),
(NULL, 'information_schema', 'PROFILING', 'BLOCK_OPS_OUT', 10, NULL, 'YES', 'int', NULL, NULL, 10, 0, NULL, NULL, 'int(20)', '', '', 'select', ''),
(NULL, 'information_schema', 'PROFILING', 'MESSAGES_SENT', 11, NULL, 'YES', 'int', NULL, NULL, 10, 0, NULL, NULL, 'int(20)', '', '', 'select', ''),
(NULL, 'information_schema', 'PROFILING', 'MESSAGES_RECEIVED', 12, NULL, 'YES', 'int', NULL, NULL, 10, 0, NULL, NULL, 'int(20)', '', '', 'select', ''),
(NULL, 'information_schema', 'PROFILING', 'PAGE_FAULTS_MAJOR', 13, NULL, 'YES', 'int', NULL, NULL, 10, 0, NULL, NULL, 'int(20)', '', '', 'select', ''),
(NULL, 'information_schema', 'PROFILING', 'PAGE_FAULTS_MINOR', 14, NULL, 'YES', 'int', NULL, NULL, 10, 0, NULL, NULL, 'int(20)', '', '', 'select', ''),
(NULL, 'information_schema', 'PROFILING', 'SWAPS', 15, NULL, 'YES', 'int', NULL, NULL, 10, 0, NULL, NULL, 'int(20)', '', '', 'select', ''),
(NULL, 'information_schema', 'PROFILING', 'SOURCE_FUNCTION', 16, NULL, 'YES', 'varchar', 30, 90, NULL, NULL, 'utf8', 'utf8_general_ci', 'varchar(30)', '', '', 'select', ''),
(NULL, 'information_schema', 'PROFILING', 'SOURCE_FILE', 17, NULL, 'YES', 'varchar', 20, 60, NULL, NULL, 'utf8', 'utf8_general_ci', 'varchar(20)', '', '', 'select', ''),
(NULL, 'information_schema', 'PROFILING', 'SOURCE_LINE', 18, NULL, 'YES', 'int', NULL, NULL, 10, 0, NULL, NULL, 'int(20)', '', '', 'select', ''),
(NULL, 'information_schema', 'REFERENTIAL_CONSTRAINTS', 'CONSTRAINT_CATALOG', 1, NULL, 'YES', 'varchar', 512, 1536, NULL, NULL, 'utf8', 'utf8_general_ci', 'varchar(512)', '', '', 'select', ''),
(NULL, 'information_schema', 'REFERENTIAL_CONSTRAINTS', 'CONSTRAINT_SCHEMA', 2, '', 'NO', 'varchar', 64, 192, NULL, NULL, 'utf8', 'utf8_general_ci', 'varchar(64)', '', '', 'select', ''),
(NULL, 'information_schema', 'REFERENTIAL_CONSTRAINTS', 'CONSTRAINT_NAME', 3, '', 'NO', 'varchar', 64, 192, NULL, NULL, 'utf8', 'utf8_general_ci', 'varchar(64)', '', '', 'select', ''),
(NULL, 'information_schema', 'REFERENTIAL_CONSTRAINTS', 'UNIQUE_CONSTRAINT_CATALOG', 4, NULL, 'YES', 'varchar', 512, 1536, NULL, NULL, 'utf8', 'utf8_general_ci', 'varchar(512)', '', '', 'select', ''),
(NULL, 'information_schema', 'REFERENTIAL_CONSTRAINTS', 'UNIQUE_CONSTRAINT_SCHEMA', 5, '', 'NO', 'varchar', 64, 192, NULL, NULL, 'utf8', 'utf8_general_ci', 'varchar(64)', '', '', 'select', ''),
(NULL, 'information_schema', 'REFERENTIAL_CONSTRAINTS', 'UNIQUE_CONSTRAINT_NAME', 6, NULL, 'YES', 'varchar', 64, 192, NULL, NULL, 'utf8', 'utf8_general_ci', 'varchar(64)', '', '', 'select', ''),
(NULL, 'information_schema', 'REFERENTIAL_CONSTRAINTS', 'MATCH_OPTION', 7, '', 'NO', 'varchar', 64, 192, NULL, NULL, 'utf8', 'utf8_general_ci', 'varchar(64)', '', '', 'select', ''),
(NULL, 'information_schema', 'REFERENTIAL_CONSTRAINTS', 'UPDATE_RULE', 8, '', 'NO', 'varchar', 64, 192, NULL, NULL, 'utf8', 'utf8_general_ci', 'varchar(64)', '', '', 'select', ''),
(NULL, 'information_schema', 'REFERENTIAL_CONSTRAINTS', 'DELETE_RULE', 9, '', 'NO', 'varchar', 64, 192, NULL, NULL, 'utf8', 'utf8_general_ci', 'varchar(64)', '', '', 'select', ''),
(NULL, 'information_schema', 'REFERENTIAL_CONSTRAINTS', 'TABLE_NAME', 10, '', 'NO', 'varchar', 64, 192, NULL, NULL, 'utf8', 'utf8_general_ci', 'varchar(64)', '', '', 'select', ''),
(NULL, 'information_schema', 'REFERENTIAL_CONSTRAINTS', 'REFERENCED_TABLE_NAME', 11, '', 'NO', 'varchar', 64, 192, NULL, NULL, 'utf8', 'utf8_general_ci', 'varchar(64)', '', '', 'select', ''),
(NULL, 'information_schema', 'ROUTINES', 'SPECIFIC_NAME', 1, '', 'NO', 'varchar', 64, 192, NULL, NULL, 'utf8', 'utf8_general_ci', 'varchar(64)', '', '', 'select', ''),
(NULL, 'information_schema', 'ROUTINES', 'ROUTINE_CATALOG', 2, NULL, 'YES', 'varchar', 512, 1536, NULL, NULL, 'utf8', 'utf8_general_ci', 'varchar(512)', '', '', 'select', ''),
(NULL, 'information_schema', 'ROUTINES', 'ROUTINE_SCHEMA', 3, '', 'NO', 'varchar', 64, 192, NULL, NULL, 'utf8', 'utf8_general_ci', 'varchar(64)', '', '', 'select', ''),
(NULL, 'information_schema', 'ROUTINES', 'ROUTINE_NAME', 4, '', 'NO', 'varchar', 64, 192, NULL, NULL, 'utf8', 'utf8_general_ci', 'varchar(64)', '', '', 'select', ''),
(NULL, 'information_schema', 'ROUTINES', 'ROUTINE_TYPE', 5, '', 'NO', 'varchar', 9, 27, NULL, NULL, 'utf8', 'utf8_general_ci', 'varchar(9)', '', '', 'select', ''),
(NULL, 'information_schema', 'ROUTINES', 'DTD_IDENTIFIER', 6, NULL, 'YES', 'varchar', 64, 192, NULL, NULL, 'utf8', 'utf8_general_ci', 'varchar(64)', '', '', 'select', ''),
(NULL, 'information_schema', 'ROUTINES', 'ROUTINE_BODY', 7, '', 'NO', 'varchar', 8, 24, NULL, NULL, 'utf8', 'utf8_general_ci', 'varchar(8)', '', '', 'select', ''),
(NULL, 'information_schema', 'ROUTINES', 'ROUTINE_DEFINITION', 8, NULL, 'YES', 'longtext', 4294967295, 4294967295, NULL, NULL, 'utf8', 'utf8_general_ci', 'longtext', '', '', 'select', ''),
(NULL, 'information_schema', 'ROUTINES', 'EXTERNAL_NAME', 9, NULL, 'YES', 'varchar', 64, 192, NULL, NULL, 'utf8', 'utf8_general_ci', 'varchar(64)', '', '', 'select', ''),
(NULL, 'information_schema', 'ROUTINES', 'EXTERNAL_LANGUAGE', 10, NULL, 'YES', 'varchar', 64, 192, NULL, NULL, 'utf8', 'utf8_general_ci', 'varchar(64)', '', '', 'select', ''),
(NULL, 'information_schema', 'ROUTINES', 'PARAMETER_STYLE', 11, '', 'NO', 'varchar', 8, 24, NULL, NULL, 'utf8', 'utf8_general_ci', 'varchar(8)', '', '', 'select', ''),
(NULL, 'information_schema', 'ROUTINES', 'IS_DETERMINISTIC', 12, '', 'NO', 'varchar', 3, 9, NULL, NULL, 'utf8', 'utf8_general_ci', 'varchar(3)', '', '', 'select', ''),
(NULL, 'information_schema', 'ROUTINES', 'SQL_DATA_ACCESS', 13, '', 'NO', 'varchar', 64, 192, NULL, NULL, 'utf8', 'utf8_general_ci', 'varchar(64)', '', '', 'select', ''),
(NULL, 'information_schema', 'ROUTINES', 'SQL_PATH', 14, NULL, 'YES', 'varchar', 64, 192, NULL, NULL, 'utf8', 'utf8_general_ci', 'varchar(64)', '', '', 'select', ''),
(NULL, 'information_schema', 'ROUTINES', 'SECURITY_TYPE', 15, '', 'NO', 'varchar', 7, 21, NULL, NULL, 'utf8', 'utf8_general_ci', 'varchar(7)', '', '', 'select', ''),
(NULL, 'information_schema', 'ROUTINES', 'CREATED', 16, '0000-00-00 00:00:00', 'NO', 'datetime', NULL, NULL, NULL, NULL, NULL, NULL, 'datetime', '', '', 'select', ''),
(NULL, 'information_schema', 'ROUTINES', 'LAST_ALTERED', 17, '0000-00-00 00:00:00', 'NO', 'datetime', NULL, NULL, NULL, NULL, NULL, NULL, 'datetime', '', '', 'select', ''),
(NULL, 'information_schema', 'ROUTINES', 'SQL_MODE', 18, '', 'NO', 'varchar', 8192, 24576, NULL, NULL, 'utf8', 'utf8_general_ci', 'varchar(8192)', '', '', 'select', ''),
(NULL, 'information_schema', 'ROUTINES', 'ROUTINE_COMMENT', 19, '', 'NO', 'varchar', 64, 192, NULL, NULL, 'utf8', 'utf8_general_ci', 'varchar(64)', '', '', 'select', ''),
(NULL, 'information_schema', 'ROUTINES', 'DEFINER', 20, '', 'NO', 'varchar', 77, 231, NULL, NULL, 'utf8', 'utf8_general_ci', 'varchar(77)', '', '', 'select', ''),
(NULL, 'information_schema', 'ROUTINES', 'CHARACTER_SET_CLIENT', 21, '', 'NO', 'varchar', 32, 96, NULL, NULL, 'utf8', 'utf8_general_ci', 'varchar(32)', '', '', 'select', ''),
(NULL, 'information_schema', 'ROUTINES', 'COLLATION_CONNECTION', 22, '', 'NO', 'varchar', 32, 96, NULL, NULL, 'utf8', 'utf8_general_ci', 'varchar(32)', '', '', 'select', ''),
(NULL, 'information_schema', 'ROUTINES', 'DATABASE_COLLATION', 23, '', 'NO', 'varchar', 32, 96, NULL, NULL, 'utf8', 'utf8_general_ci', 'varchar(32)', '', '', 'select', ''),
(NULL, 'information_schema', 'SCHEMATA', 'CATALOG_NAME', 1, NULL, 'YES', 'varchar', 512, 1536, NULL, NULL, 'utf8', 'utf8_general_ci', 'varchar(512)', '', '', 'select', ''),
(NULL, 'information_schema', 'SCHEMATA', 'SCHEMA_NAME', 2, '', 'NO', 'varchar', 64, 192, NULL, NULL, 'utf8', 'utf8_general_ci', 'varchar(64)', '', '', 'select', ''),
(NULL, 'information_schema', 'SCHEMATA', 'DEFAULT_CHARACTER_SET_NAME', 3, '', 'NO', 'varchar', 32, 96, NULL, NULL, 'utf8', 'utf8_general_ci', 'varchar(32)', '', '', 'select', ''),
(NULL, 'information_schema', 'SCHEMATA', 'DEFAULT_COLLATION_NAME', 4, '', 'NO', 'varchar', 32, 96, NULL, NULL, 'utf8', 'utf8_general_ci', 'varchar(32)', '', '', 'select', ''),
(NULL, 'information_schema', 'SCHEMATA', 'SQL_PATH', 5, NULL, 'YES', 'varchar', 512, 1536, NULL, NULL, 'utf8', 'utf8_general_ci', 'varchar(512)', '', '', 'select', ''),
(NULL, 'information_schema', 'SCHEMA_PRIVILEGES', 'GRANTEE', 1, '', 'NO', 'varchar', 81, 243, NULL, NULL, 'utf8', 'utf8_general_ci', 'varchar(81)', '', '', 'select', ''),
(NULL, 'information_schema', 'SCHEMA_PRIVILEGES', 'TABLE_CATALOG', 2, NULL, 'YES', 'varchar', 512, 1536, NULL, NULL, 'utf8', 'utf8_general_ci', 'varchar(512)', '', '', 'select', ''),
(NULL, 'information_schema', 'SCHEMA_PRIVILEGES', 'TABLE_SCHEMA', 3, '', 'NO', 'varchar', 64, 192, NULL, NULL, 'utf8', 'utf8_general_ci', 'varchar(64)', '', '', 'select', ''),
(NULL, 'information_schema', 'SCHEMA_PRIVILEGES', 'PRIVILEGE_TYPE', 4, '', 'NO', 'varchar', 64, 192, NULL, NULL, 'utf8', 'utf8_general_ci', 'varchar(64)', '', '', 'select', ''),
(NULL, 'information_schema', 'SCHEMA_PRIVILEGES', 'IS_GRANTABLE', 5, '', 'NO', 'varchar', 3, 9, NULL, NULL, 'utf8', 'utf8_general_ci', 'varchar(3)', '', '', 'select', ''),
(NULL, 'information_schema', 'SESSION_STATUS', 'VARIABLE_NAME', 1, '', 'NO', 'varchar', 64, 192, NULL, NULL, 'utf8', 'utf8_general_ci', 'varchar(64)', '', '', 'select', ''),
(NULL, 'information_schema', 'SESSION_STATUS', 'VARIABLE_VALUE', 2, NULL, 'YES', 'varchar', 1024, 3072, NULL, NULL, 'utf8', 'utf8_general_ci', 'varchar(1024)', '', '', 'select', ''),
(NULL, 'information_schema', 'SESSION_VARIABLES', 'VARIABLE_NAME', 1, '', 'NO', 'varchar', 64, 192, NULL, NULL, 'utf8', 'utf8_general_ci', 'varchar(64)', '', '', 'select', ''),
(NULL, 'information_schema', 'SESSION_VARIABLES', 'VARIABLE_VALUE', 2, NULL, 'YES', 'varchar', 1024, 3072, NULL, NULL, 'utf8', 'utf8_general_ci', 'varchar(1024)', '', '', 'select', ''),
(NULL, 'information_schema', 'STATISTICS', 'TABLE_CATALOG', 1, NULL, 'YES', 'varchar', 512, 1536, NULL, NULL, 'utf8', 'utf8_general_ci', 'varchar(512)', '', '', 'select', ''),
(NULL, 'information_schema', 'STATISTICS', 'TABLE_SCHEMA', 2, '', 'NO', 'varchar', 64, 192, NULL, NULL, 'utf8', 'utf8_general_ci', 'varchar(64)', '', '', 'select', ''),
(NULL, 'information_schema', 'STATISTICS', 'TABLE_NAME', 3, '', 'NO', 'varchar', 64, 192, NULL, NULL, 'utf8', 'utf8_general_ci', 'varchar(64)', '', '', 'select', ''),
(NULL, 'information_schema', 'STATISTICS', 'NON_UNIQUE', 4, '0', 'NO', 'bigint', NULL, NULL, 19, 0, NULL, NULL, 'bigint(1)', '', '', 'select', ''),
(NULL, 'information_schema', 'STATISTICS', 'INDEX_SCHEMA', 5, '', 'NO', 'varchar', 64, 192, NULL, NULL, 'utf8', 'utf8_general_ci', 'varchar(64)', '', '', 'select', ''),
(NULL, 'information_schema', 'STATISTICS', 'INDEX_NAME', 6, '', 'NO', 'varchar', 64, 192, NULL, NULL, 'utf8', 'utf8_general_ci', 'varchar(64)', '', '', 'select', ''),
(NULL, 'information_schema', 'STATISTICS', 'SEQ_IN_INDEX', 7, '0', 'NO', 'bigint', NULL, NULL, 19, 0, NULL, NULL, 'bigint(2)', '', '', 'select', ''),
(NULL, 'information_schema', 'STATISTICS', 'COLUMN_NAME', 8, '', 'NO', 'varchar', 64, 192, NULL, NULL, 'utf8', 'utf8_general_ci', 'varchar(64)', '', '', 'select', ''),
(NULL, 'information_schema', 'STATISTICS', 'COLLATION', 9, NULL, 'YES', 'varchar', 1, 3, NULL, NULL, 'utf8', 'utf8_general_ci', 'varchar(1)', '', '', 'select', ''),
(NULL, 'information_schema', 'STATISTICS', 'CARDINALITY', 10, NULL, 'YES', 'bigint', NULL, NULL, 19, 0, NULL, NULL, 'bigint(21)', '', '', 'select', ''),
(NULL, 'information_schema', 'STATISTICS', 'SUB_PART', 11, NULL, 'YES', 'bigint', NULL, NULL, 19, 0, NULL, NULL, 'bigint(3)', '', '', 'select', ''),
(NULL, 'information_schema', 'STATISTICS', 'PACKED', 12, NULL, 'YES', 'varchar', 10, 30, NULL, NULL, 'utf8', 'utf8_general_ci', 'varchar(10)', '', '', 'select', ''),
(NULL, 'information_schema', 'STATISTICS', 'NULLABLE', 13, '', 'NO', 'varchar', 3, 9, NULL, NULL, 'utf8', 'utf8_general_ci', 'varchar(3)', '', '', 'select', ''),
(NULL, 'information_schema', 'STATISTICS', 'INDEX_TYPE', 14, '', 'NO', 'varchar', 16, 48, NULL, NULL, 'utf8', 'utf8_general_ci', 'varchar(16)', '', '', 'select', ''),
(NULL, 'information_schema', 'STATISTICS', 'COMMENT', 15, NULL, 'YES', 'varchar', 16, 48, NULL, NULL, 'utf8', 'utf8_general_ci', 'varchar(16)', '', '', 'select', ''),
(NULL, 'information_schema', 'TABLES', 'TABLE_CATALOG', 1, NULL, 'YES', 'varchar', 512, 1536, NULL, NULL, 'utf8', 'utf8_general_ci', 'varchar(512)', '', '', 'select', ''),
(NULL, 'information_schema', 'TABLES', 'TABLE_SCHEMA', 2, '', 'NO', 'varchar', 64, 192, NULL, NULL, 'utf8', 'utf8_general_ci', 'varchar(64)', '', '', 'select', ''),
(NULL, 'information_schema', 'TABLES', 'TABLE_NAME', 3, '', 'NO', 'varchar', 64, 192, NULL, NULL, 'utf8', 'utf8_general_ci', 'varchar(64)', '', '', 'select', ''),
(NULL, 'information_schema', 'TABLES', 'TABLE_TYPE', 4, '', 'NO', 'varchar', 64, 192, NULL, NULL, 'utf8', 'utf8_general_ci', 'varchar(64)', '', '', 'select', ''),
(NULL, 'information_schema', 'TABLES', 'ENGINE', 5, NULL, 'YES', 'varchar', 64, 192, NULL, NULL, 'utf8', 'utf8_general_ci', 'varchar(64)', '', '', 'select', ''),
(NULL, 'information_schema', 'TABLES', 'VERSION', 6, NULL, 'YES', 'bigint', NULL, NULL, 19, 0, NULL, NULL, 'bigint(21) unsigned', '', '', 'select', ''),
(NULL, 'information_schema', 'TABLES', 'ROW_FORMAT', 7, NULL, 'YES', 'varchar', 10, 30, NULL, NULL, 'utf8', 'utf8_general_ci', 'varchar(10)', '', '', 'select', ''),
(NULL, 'information_schema', 'TABLES', 'TABLE_ROWS', 8, NULL, 'YES', 'bigint', NULL, NULL, 19, 0, NULL, NULL, 'bigint(21) unsigned', '', '', 'select', ''),
(NULL, 'information_schema', 'TABLES', 'AVG_ROW_LENGTH', 9, NULL, 'YES', 'bigint', NULL, NULL, 19, 0, NULL, NULL, 'bigint(21) unsigned', '', '', 'select', ''),
(NULL, 'information_schema', 'TABLES', 'DATA_LENGTH', 10, NULL, 'YES', 'bigint', NULL, NULL, 19, 0, NULL, NULL, 'bigint(21) unsigned', '', '', 'select', ''),
(NULL, 'information_schema', 'TABLES', 'MAX_DATA_LENGTH', 11, NULL, 'YES', 'bigint', NULL, NULL, 19, 0, NULL, NULL, 'bigint(21) unsigned', '', '', 'select', ''),
(NULL, 'information_schema', 'TABLES', 'INDEX_LENGTH', 12, NULL, 'YES', 'bigint', NULL, NULL, 19, 0, NULL, NULL, 'bigint(21) unsigned', '', '', 'select', ''),
(NULL, 'information_schema', 'TABLES', 'DATA_FREE', 13, NULL, 'YES', 'bigint', NULL, NULL, 19, 0, NULL, NULL, 'bigint(21) unsigned', '', '', 'select', ''),
(NULL, 'information_schema', 'TABLES', 'AUTO_INCREMENT', 14, NULL, 'YES', 'bigint', NULL, NULL, 19, 0, NULL, NULL, 'bigint(21) unsigned', '', '', 'select', ''),
(NULL, 'information_schema', 'TABLES', 'CREATE_TIME', 15, NULL, 'YES', 'datetime', NULL, NULL, NULL, NULL, NULL, NULL, 'datetime', '', '', 'select', ''),
(NULL, 'information_schema', 'TABLES', 'UPDATE_TIME', 16, NULL, 'YES', 'datetime', NULL, NULL, NULL, NULL, NULL, NULL, 'datetime', '', '', 'select', ''),
(NULL, 'information_schema', 'TABLES', 'CHECK_TIME', 17, NULL, 'YES', 'datetime', NULL, NULL, NULL, NULL, NULL, NULL, 'datetime', '', '', 'select', ''),
(NULL, 'information_schema', 'TABLES', 'TABLE_COLLATION', 18, NULL, 'YES', 'varchar', 32, 96, NULL, NULL, 'utf8', 'utf8_general_ci', 'varchar(32)', '', '', 'select', ''),
(NULL, 'information_schema', 'TABLES', 'CHECKSUM', 19, NULL, 'YES', 'bigint', NULL, NULL, 19, 0, NULL, NULL, 'bigint(21) unsigned', '', '', 'select', ''),
(NULL, 'information_schema', 'TABLES', 'CREATE_OPTIONS', 20, NULL, 'YES', 'varchar', 255, 765, NULL, NULL, 'utf8', 'utf8_general_ci', 'varchar(255)', '', '', 'select', ''),
(NULL, 'information_schema', 'TABLES', 'TABLE_COMMENT', 21, '', 'NO', 'varchar', 80, 240, NULL, NULL, 'utf8', 'utf8_general_ci', 'varchar(80)', '', '', 'select', ''),
(NULL, 'information_schema', 'TABLE_CONSTRAINTS', 'CONSTRAINT_CATALOG', 1, NULL, 'YES', 'varchar', 512, 1536, NULL, NULL, 'utf8', 'utf8_general_ci', 'varchar(512)', '', '', 'select', ''),
(NULL, 'information_schema', 'TABLE_CONSTRAINTS', 'CONSTRAINT_SCHEMA', 2, '', 'NO', 'varchar', 64, 192, NULL, NULL, 'utf8', 'utf8_general_ci', 'varchar(64)', '', '', 'select', ''),
(NULL, 'information_schema', 'TABLE_CONSTRAINTS', 'CONSTRAINT_NAME', 3, '', 'NO', 'varchar', 64, 192, NULL, NULL, 'utf8', 'utf8_general_ci', 'varchar(64)', '', '', 'select', ''),
(NULL, 'information_schema', 'TABLE_CONSTRAINTS', 'TABLE_SCHEMA', 4, '', 'NO', 'varchar', 64, 192, NULL, NULL, 'utf8', 'utf8_general_ci', 'varchar(64)', '', '', 'select', ''),
(NULL, 'information_schema', 'TABLE_CONSTRAINTS', 'TABLE_NAME', 5, '', 'NO', 'varchar', 64, 192, NULL, NULL, 'utf8', 'utf8_general_ci', 'varchar(64)', '', '', 'select', ''),
(NULL, 'information_schema', 'TABLE_CONSTRAINTS', 'CONSTRAINT_TYPE', 6, '', 'NO', 'varchar', 64, 192, NULL, NULL, 'utf8', 'utf8_general_ci', 'varchar(64)', '', '', 'select', ''),
(NULL, 'information_schema', 'TABLE_PRIVILEGES', 'GRANTEE', 1, '', 'NO', 'varchar', 81, 243, NULL, NULL, 'utf8', 'utf8_general_ci', 'varchar(81)', '', '', 'select', ''),
(NULL, 'information_schema', 'TABLE_PRIVILEGES', 'TABLE_CATALOG', 2, NULL, 'YES', 'varchar', 512, 1536, NULL, NULL, 'utf8', 'utf8_general_ci', 'varchar(512)', '', '', 'select', ''),
(NULL, 'information_schema', 'TABLE_PRIVILEGES', 'TABLE_SCHEMA', 3, '', 'NO', 'varchar', 64, 192, NULL, NULL, 'utf8', 'utf8_general_ci', 'varchar(64)', '', '', 'select', ''),
(NULL, 'information_schema', 'TABLE_PRIVILEGES', 'TABLE_NAME', 4, '', 'NO', 'varchar', 64, 192, NULL, NULL, 'utf8', 'utf8_general_ci', 'varchar(64)', '', '', 'select', ''),
(NULL, 'information_schema', 'TABLE_PRIVILEGES', 'PRIVILEGE_TYPE', 5, '', 'NO', 'varchar', 64, 192, NULL, NULL, 'utf8', 'utf8_general_ci', 'varchar(64)', '', '', 'select', ''),
(NULL, 'information_schema', 'TABLE_PRIVILEGES', 'IS_GRANTABLE', 6, '', 'NO', 'varchar', 3, 9, NULL, NULL, 'utf8', 'utf8_general_ci', 'varchar(3)', '', '', 'select', ''),
(NULL, 'information_schema', 'TRIGGERS', 'TRIGGER_CATALOG', 1, NULL, 'YES', 'varchar', 512, 1536, NULL, NULL, 'utf8', 'utf8_general_ci', 'varchar(512)', '', '', 'select', ''),
(NULL, 'information_schema', 'TRIGGERS', 'TRIGGER_SCHEMA', 2, '', 'NO', 'varchar', 64, 192, NULL, NULL, 'utf8', 'utf8_general_ci', 'varchar(64)', '', '', 'select', ''),
(NULL, 'information_schema', 'TRIGGERS', 'TRIGGER_NAME', 3, '', 'NO', 'varchar', 64, 192, NULL, NULL, 'utf8', 'utf8_general_ci', 'varchar(64)', '', '', 'select', ''),
(NULL, 'information_schema', 'TRIGGERS', 'EVENT_MANIPULATION', 4, '', 'NO', 'varchar', 6, 18, NULL, NULL, 'utf8', 'utf8_general_ci', 'varchar(6)', '', '', 'select', ''),
(NULL, 'information_schema', 'TRIGGERS', 'EVENT_OBJECT_CATALOG', 5, NULL, 'YES', 'varchar', 512, 1536, NULL, NULL, 'utf8', 'utf8_general_ci', 'varchar(512)', '', '', 'select', ''),
(NULL, 'information_schema', 'TRIGGERS', 'EVENT_OBJECT_SCHEMA', 6, '', 'NO', 'varchar', 64, 192, NULL, NULL, 'utf8', 'utf8_general_ci', 'varchar(64)', '', '', 'select', ''),
(NULL, 'information_schema', 'TRIGGERS', 'EVENT_OBJECT_TABLE', 7, '', 'NO', 'varchar', 64, 192, NULL, NULL, 'utf8', 'utf8_general_ci', 'varchar(64)', '', '', 'select', ''),
(NULL, 'information_schema', 'TRIGGERS', 'ACTION_ORDER', 8, '0', 'NO', 'bigint', NULL, NULL, 19, 0, NULL, NULL, 'bigint(4)', '', '', 'select', ''),
(NULL, 'information_schema', 'TRIGGERS', 'ACTION_CONDITION', 9, NULL, 'YES', 'longtext', 4294967295, 4294967295, NULL, NULL, 'utf8', 'utf8_general_ci', 'longtext', '', '', 'select', ''),
(NULL, 'information_schema', 'TRIGGERS', 'ACTION_STATEMENT', 10, NULL, 'NO', 'longtext', 4294967295, 4294967295, NULL, NULL, 'utf8', 'utf8_general_ci', 'longtext', '', '', 'select', ''),
(NULL, 'information_schema', 'TRIGGERS', 'ACTION_ORIENTATION', 11, '', 'NO', 'varchar', 9, 27, NULL, NULL, 'utf8', 'utf8_general_ci', 'varchar(9)', '', '', 'select', ''),
(NULL, 'information_schema', 'TRIGGERS', 'ACTION_TIMING', 12, '', 'NO', 'varchar', 6, 18, NULL, NULL, 'utf8', 'utf8_general_ci', 'varchar(6)', '', '', 'select', ''),
(NULL, 'information_schema', 'TRIGGERS', 'ACTION_REFERENCE_OLD_TABLE', 13, NULL, 'YES', 'varchar', 64, 192, NULL, NULL, 'utf8', 'utf8_general_ci', 'varchar(64)', '', '', 'select', ''),
(NULL, 'information_schema', 'TRIGGERS', 'ACTION_REFERENCE_NEW_TABLE', 14, NULL, 'YES', 'varchar', 64, 192, NULL, NULL, 'utf8', 'utf8_general_ci', 'varchar(64)', '', '', 'select', ''),
(NULL, 'information_schema', 'TRIGGERS', 'ACTION_REFERENCE_OLD_ROW', 15, '', 'NO', 'varchar', 3, 9, NULL, NULL, 'utf8', 'utf8_general_ci', 'varchar(3)', '', '', 'select', ''),
(NULL, 'information_schema', 'TRIGGERS', 'ACTION_REFERENCE_NEW_ROW', 16, '', 'NO', 'varchar', 3, 9, NULL, NULL, 'utf8', 'utf8_general_ci', 'varchar(3)', '', '', 'select', ''),
(NULL, 'information_schema', 'TRIGGERS', 'CREATED', 17, NULL, 'YES', 'datetime', NULL, NULL, NULL, NULL, NULL, NULL, 'datetime', '', '', 'select', ''),
(NULL, 'information_schema', 'TRIGGERS', 'SQL_MODE', 18, '', 'NO', 'varchar', 8192, 24576, NULL, NULL, 'utf8', 'utf8_general_ci', 'varchar(8192)', '', '', 'select', ''),
(NULL, 'information_schema', 'TRIGGERS', 'DEFINER', 19, '', 'NO', 'varchar', 77, 231, NULL, NULL, 'utf8', 'utf8_general_ci', 'varchar(77)', '', '', 'select', ''),
(NULL, 'information_schema', 'TRIGGERS', 'CHARACTER_SET_CLIENT', 20, '', 'NO', 'varchar', 32, 96, NULL, NULL, 'utf8', 'utf8_general_ci', 'varchar(32)', '', '', 'select', ''),
(NULL, 'information_schema', 'TRIGGERS', 'COLLATION_CONNECTION', 21, '', 'NO', 'varchar', 32, 96, NULL, NULL, 'utf8', 'utf8_general_ci', 'varchar(32)', '', '', 'select', '');
INSERT INTO `COLUMNS` (`TABLE_CATALOG`, `TABLE_SCHEMA`, `TABLE_NAME`, `COLUMN_NAME`, `ORDINAL_POSITION`, `COLUMN_DEFAULT`, `IS_NULLABLE`, `DATA_TYPE`, `CHARACTER_MAXIMUM_LENGTH`, `CHARACTER_OCTET_LENGTH`, `NUMERIC_PRECISION`, `NUMERIC_SCALE`, `CHARACTER_SET_NAME`, `COLLATION_NAME`, `COLUMN_TYPE`, `COLUMN_KEY`, `EXTRA`, `PRIVILEGES`, `COLUMN_COMMENT`) VALUES
(NULL, 'information_schema', 'TRIGGERS', 'DATABASE_COLLATION', 22, '', 'NO', 'varchar', 32, 96, NULL, NULL, 'utf8', 'utf8_general_ci', 'varchar(32)', '', '', 'select', ''),
(NULL, 'information_schema', 'USER_PRIVILEGES', 'GRANTEE', 1, '', 'NO', 'varchar', 81, 243, NULL, NULL, 'utf8', 'utf8_general_ci', 'varchar(81)', '', '', 'select', ''),
(NULL, 'information_schema', 'USER_PRIVILEGES', 'TABLE_CATALOG', 2, NULL, 'YES', 'varchar', 512, 1536, NULL, NULL, 'utf8', 'utf8_general_ci', 'varchar(512)', '', '', 'select', ''),
(NULL, 'information_schema', 'USER_PRIVILEGES', 'PRIVILEGE_TYPE', 3, '', 'NO', 'varchar', 64, 192, NULL, NULL, 'utf8', 'utf8_general_ci', 'varchar(64)', '', '', 'select', ''),
(NULL, 'information_schema', 'USER_PRIVILEGES', 'IS_GRANTABLE', 4, '', 'NO', 'varchar', 3, 9, NULL, NULL, 'utf8', 'utf8_general_ci', 'varchar(3)', '', '', 'select', ''),
(NULL, 'information_schema', 'VIEWS', 'TABLE_CATALOG', 1, NULL, 'YES', 'varchar', 512, 1536, NULL, NULL, 'utf8', 'utf8_general_ci', 'varchar(512)', '', '', 'select', ''),
(NULL, 'information_schema', 'VIEWS', 'TABLE_SCHEMA', 2, '', 'NO', 'varchar', 64, 192, NULL, NULL, 'utf8', 'utf8_general_ci', 'varchar(64)', '', '', 'select', ''),
(NULL, 'information_schema', 'VIEWS', 'TABLE_NAME', 3, '', 'NO', 'varchar', 64, 192, NULL, NULL, 'utf8', 'utf8_general_ci', 'varchar(64)', '', '', 'select', ''),
(NULL, 'information_schema', 'VIEWS', 'VIEW_DEFINITION', 4, NULL, 'NO', 'longtext', 4294967295, 4294967295, NULL, NULL, 'utf8', 'utf8_general_ci', 'longtext', '', '', 'select', ''),
(NULL, 'information_schema', 'VIEWS', 'CHECK_OPTION', 5, '', 'NO', 'varchar', 8, 24, NULL, NULL, 'utf8', 'utf8_general_ci', 'varchar(8)', '', '', 'select', ''),
(NULL, 'information_schema', 'VIEWS', 'IS_UPDATABLE', 6, '', 'NO', 'varchar', 3, 9, NULL, NULL, 'utf8', 'utf8_general_ci', 'varchar(3)', '', '', 'select', ''),
(NULL, 'information_schema', 'VIEWS', 'DEFINER', 7, '', 'NO', 'varchar', 77, 231, NULL, NULL, 'utf8', 'utf8_general_ci', 'varchar(77)', '', '', 'select', ''),
(NULL, 'information_schema', 'VIEWS', 'SECURITY_TYPE', 8, '', 'NO', 'varchar', 7, 21, NULL, NULL, 'utf8', 'utf8_general_ci', 'varchar(7)', '', '', 'select', ''),
(NULL, 'information_schema', 'VIEWS', 'CHARACTER_SET_CLIENT', 9, '', 'NO', 'varchar', 32, 96, NULL, NULL, 'utf8', 'utf8_general_ci', 'varchar(32)', '', '', 'select', ''),
(NULL, 'information_schema', 'VIEWS', 'COLLATION_CONNECTION', 10, '', 'NO', 'varchar', 32, 96, NULL, NULL, 'utf8', 'utf8_general_ci', 'varchar(32)', '', '', 'select', ''),
(NULL, 'cdcol', 'cds', 'titel', 1, NULL, 'YES', 'varchar', 200, 200, NULL, NULL, 'latin1', 'latin1_general_ci', 'varchar(200)', '', '', 'select,insert,update,references', ''),
(NULL, 'cdcol', 'cds', 'interpret', 2, NULL, 'YES', 'varchar', 200, 200, NULL, NULL, 'latin1', 'latin1_general_ci', 'varchar(200)', '', '', 'select,insert,update,references', ''),
(NULL, 'cdcol', 'cds', 'jahr', 3, NULL, 'YES', 'int', NULL, NULL, 10, 0, NULL, NULL, 'int(11)', '', '', 'select,insert,update,references', ''),
(NULL, 'cdcol', 'cds', 'id', 4, NULL, 'NO', 'bigint', NULL, NULL, 19, 0, NULL, NULL, 'bigint(20) unsigned', 'PRI', 'auto_increment', 'select,insert,update,references', ''),
(NULL, 'mysql', 'columns_priv', 'Host', 1, '', 'NO', 'char', 60, 180, NULL, NULL, 'utf8', 'utf8_bin', 'char(60)', 'PRI', '', 'select,insert,update,references', ''),
(NULL, 'mysql', 'columns_priv', 'Db', 2, '', 'NO', 'char', 64, 192, NULL, NULL, 'utf8', 'utf8_bin', 'char(64)', 'PRI', '', 'select,insert,update,references', ''),
(NULL, 'mysql', 'columns_priv', 'User', 3, '', 'NO', 'char', 16, 48, NULL, NULL, 'utf8', 'utf8_bin', 'char(16)', 'PRI', '', 'select,insert,update,references', ''),
(NULL, 'mysql', 'columns_priv', 'Table_name', 4, '', 'NO', 'char', 64, 192, NULL, NULL, 'utf8', 'utf8_bin', 'char(64)', 'PRI', '', 'select,insert,update,references', ''),
(NULL, 'mysql', 'columns_priv', 'Column_name', 5, '', 'NO', 'char', 64, 192, NULL, NULL, 'utf8', 'utf8_bin', 'char(64)', 'PRI', '', 'select,insert,update,references', ''),
(NULL, 'mysql', 'columns_priv', 'Timestamp', 6, 'CURRENT_TIMESTAMP', 'NO', 'timestamp', NULL, NULL, NULL, NULL, NULL, NULL, 'timestamp', '', 'on update CURRENT_TIMESTAMP', 'select,insert,update,references', ''),
(NULL, 'mysql', 'columns_priv', 'Column_priv', 7, '', 'NO', 'set', 31, 93, NULL, NULL, 'utf8', 'utf8_general_ci', 'set(''Select'',''Insert'',''Update'',''References'')', '', '', 'select,insert,update,references', ''),
(NULL, 'mysql', 'db', 'Host', 1, '', 'NO', 'char', 60, 180, NULL, NULL, 'utf8', 'utf8_bin', 'char(60)', 'PRI', '', 'select,insert,update,references', ''),
(NULL, 'mysql', 'db', 'Db', 2, '', 'NO', 'char', 64, 192, NULL, NULL, 'utf8', 'utf8_bin', 'char(64)', 'PRI', '', 'select,insert,update,references', ''),
(NULL, 'mysql', 'db', 'User', 3, '', 'NO', 'char', 16, 48, NULL, NULL, 'utf8', 'utf8_bin', 'char(16)', 'PRI', '', 'select,insert,update,references', ''),
(NULL, 'mysql', 'db', 'Select_priv', 4, 'N', 'NO', 'enum', 1, 3, NULL, NULL, 'utf8', 'utf8_general_ci', 'enum(''N'',''Y'')', '', '', 'select,insert,update,references', ''),
(NULL, 'mysql', 'db', 'Insert_priv', 5, 'N', 'NO', 'enum', 1, 3, NULL, NULL, 'utf8', 'utf8_general_ci', 'enum(''N'',''Y'')', '', '', 'select,insert,update,references', ''),
(NULL, 'mysql', 'db', 'Update_priv', 6, 'N', 'NO', 'enum', 1, 3, NULL, NULL, 'utf8', 'utf8_general_ci', 'enum(''N'',''Y'')', '', '', 'select,insert,update,references', ''),
(NULL, 'mysql', 'db', 'Delete_priv', 7, 'N', 'NO', 'enum', 1, 3, NULL, NULL, 'utf8', 'utf8_general_ci', 'enum(''N'',''Y'')', '', '', 'select,insert,update,references', ''),
(NULL, 'mysql', 'db', 'Create_priv', 8, 'N', 'NO', 'enum', 1, 3, NULL, NULL, 'utf8', 'utf8_general_ci', 'enum(''N'',''Y'')', '', '', 'select,insert,update,references', ''),
(NULL, 'mysql', 'db', 'Drop_priv', 9, 'N', 'NO', 'enum', 1, 3, NULL, NULL, 'utf8', 'utf8_general_ci', 'enum(''N'',''Y'')', '', '', 'select,insert,update,references', ''),
(NULL, 'mysql', 'db', 'Grant_priv', 10, 'N', 'NO', 'enum', 1, 3, NULL, NULL, 'utf8', 'utf8_general_ci', 'enum(''N'',''Y'')', '', '', 'select,insert,update,references', ''),
(NULL, 'mysql', 'db', 'References_priv', 11, 'N', 'NO', 'enum', 1, 3, NULL, NULL, 'utf8', 'utf8_general_ci', 'enum(''N'',''Y'')', '', '', 'select,insert,update,references', ''),
(NULL, 'mysql', 'db', 'Index_priv', 12, 'N', 'NO', 'enum', 1, 3, NULL, NULL, 'utf8', 'utf8_general_ci', 'enum(''N'',''Y'')', '', '', 'select,insert,update,references', ''),
(NULL, 'mysql', 'db', 'Alter_priv', 13, 'N', 'NO', 'enum', 1, 3, NULL, NULL, 'utf8', 'utf8_general_ci', 'enum(''N'',''Y'')', '', '', 'select,insert,update,references', ''),
(NULL, 'mysql', 'db', 'Create_tmp_table_priv', 14, 'N', 'NO', 'enum', 1, 3, NULL, NULL, 'utf8', 'utf8_general_ci', 'enum(''N'',''Y'')', '', '', 'select,insert,update,references', ''),
(NULL, 'mysql', 'db', 'Lock_tables_priv', 15, 'N', 'NO', 'enum', 1, 3, NULL, NULL, 'utf8', 'utf8_general_ci', 'enum(''N'',''Y'')', '', '', 'select,insert,update,references', ''),
(NULL, 'mysql', 'db', 'Create_view_priv', 16, 'N', 'NO', 'enum', 1, 3, NULL, NULL, 'utf8', 'utf8_general_ci', 'enum(''N'',''Y'')', '', '', 'select,insert,update,references', ''),
(NULL, 'mysql', 'db', 'Show_view_priv', 17, 'N', 'NO', 'enum', 1, 3, NULL, NULL, 'utf8', 'utf8_general_ci', 'enum(''N'',''Y'')', '', '', 'select,insert,update,references', ''),
(NULL, 'mysql', 'db', 'Create_routine_priv', 18, 'N', 'NO', 'enum', 1, 3, NULL, NULL, 'utf8', 'utf8_general_ci', 'enum(''N'',''Y'')', '', '', 'select,insert,update,references', ''),
(NULL, 'mysql', 'db', 'Alter_routine_priv', 19, 'N', 'NO', 'enum', 1, 3, NULL, NULL, 'utf8', 'utf8_general_ci', 'enum(''N'',''Y'')', '', '', 'select,insert,update,references', ''),
(NULL, 'mysql', 'db', 'Execute_priv', 20, 'N', 'NO', 'enum', 1, 3, NULL, NULL, 'utf8', 'utf8_general_ci', 'enum(''N'',''Y'')', '', '', 'select,insert,update,references', ''),
(NULL, 'mysql', 'db', 'Event_priv', 21, 'N', 'NO', 'enum', 1, 3, NULL, NULL, 'utf8', 'utf8_general_ci', 'enum(''N'',''Y'')', '', '', 'select,insert,update,references', ''),
(NULL, 'mysql', 'db', 'Trigger_priv', 22, 'N', 'NO', 'enum', 1, 3, NULL, NULL, 'utf8', 'utf8_general_ci', 'enum(''N'',''Y'')', '', '', 'select,insert,update,references', ''),
(NULL, 'mysql', 'event', 'db', 1, '', 'NO', 'char', 64, 192, NULL, NULL, 'utf8', 'utf8_bin', 'char(64)', 'PRI', '', 'select,insert,update,references', ''),
(NULL, 'mysql', 'event', 'name', 2, '', 'NO', 'char', 64, 192, NULL, NULL, 'utf8', 'utf8_general_ci', 'char(64)', 'PRI', '', 'select,insert,update,references', ''),
(NULL, 'mysql', 'event', 'body', 3, NULL, 'NO', 'longblob', 4294967295, 4294967295, NULL, NULL, NULL, NULL, 'longblob', '', '', 'select,insert,update,references', ''),
(NULL, 'mysql', 'event', 'definer', 4, '', 'NO', 'char', 77, 231, NULL, NULL, 'utf8', 'utf8_bin', 'char(77)', '', '', 'select,insert,update,references', ''),
(NULL, 'mysql', 'event', 'execute_at', 5, NULL, 'YES', 'datetime', NULL, NULL, NULL, NULL, NULL, NULL, 'datetime', '', '', 'select,insert,update,references', ''),
(NULL, 'mysql', 'event', 'interval_value', 6, NULL, 'YES', 'int', NULL, NULL, 10, 0, NULL, NULL, 'int(11)', '', '', 'select,insert,update,references', ''),
(NULL, 'mysql', 'event', 'interval_field', 7, NULL, 'YES', 'enum', 18, 54, NULL, NULL, 'utf8', 'utf8_general_ci', 'enum(''YEAR'',''QUARTER'',''MONTH'',''DAY'',''HOUR'',''MINUTE'',''WEEK'',''SECOND'',''MICROSECOND'',''YEAR_MONTH'',''DAY_HOUR'',''DAY_MINUTE'',''DAY_SECOND'',''HOUR_MINUTE'',''HOUR_SECOND'',''MINUTE_SECOND'',''DAY_MICROSECOND'',''HOUR_MICROSECOND'',''MINUTE_MICROSECOND'',''SECOND_MICROSECOND'')', '', '', 'select,insert,update,references', ''),
(NULL, 'mysql', 'event', 'created', 8, 'CURRENT_TIMESTAMP', 'NO', 'timestamp', NULL, NULL, NULL, NULL, NULL, NULL, 'timestamp', '', 'on update CURRENT_TIMESTAMP', 'select,insert,update,references', ''),
(NULL, 'mysql', 'event', 'modified', 9, '0000-00-00 00:00:00', 'NO', 'timestamp', NULL, NULL, NULL, NULL, NULL, NULL, 'timestamp', '', '', 'select,insert,update,references', ''),
(NULL, 'mysql', 'event', 'last_executed', 10, NULL, 'YES', 'datetime', NULL, NULL, NULL, NULL, NULL, NULL, 'datetime', '', '', 'select,insert,update,references', ''),
(NULL, 'mysql', 'event', 'starts', 11, NULL, 'YES', 'datetime', NULL, NULL, NULL, NULL, NULL, NULL, 'datetime', '', '', 'select,insert,update,references', ''),
(NULL, 'mysql', 'event', 'ends', 12, NULL, 'YES', 'datetime', NULL, NULL, NULL, NULL, NULL, NULL, 'datetime', '', '', 'select,insert,update,references', ''),
(NULL, 'mysql', 'event', 'status', 13, 'ENABLED', 'NO', 'enum', 18, 54, NULL, NULL, 'utf8', 'utf8_general_ci', 'enum(''ENABLED'',''DISABLED'',''SLAVESIDE_DISABLED'')', '', '', 'select,insert,update,references', ''),
(NULL, 'mysql', 'event', 'on_completion', 14, 'DROP', 'NO', 'enum', 8, 24, NULL, NULL, 'utf8', 'utf8_general_ci', 'enum(''DROP'',''PRESERVE'')', '', '', 'select,insert,update,references', ''),
(NULL, 'mysql', 'event', 'sql_mode', 15, '', 'NO', 'set', 478, 1434, NULL, NULL, 'utf8', 'utf8_general_ci', 'set(''REAL_AS_FLOAT'',''PIPES_AS_CONCAT'',''ANSI_QUOTES'',''IGNORE_SPACE'',''NOT_USED'',''ONLY_FULL_GROUP_BY'',''NO_UNSIGNED_SUBTRACTION'',''NO_DIR_IN_CREATE'',''POSTGRESQL'',''ORACLE'',''MSSQL'',''DB2'',''MAXDB'',''NO_KEY_OPTIONS'',''NO_TABLE_OPTIONS'',''NO_FIELD_OPTIONS'',''MYSQL323'',''MYSQL40'',''ANSI'',''NO_AUTO_VALUE_ON_ZERO'',''NO_BACKSLASH_ESCAPES'',''STRICT_TRANS_TABLES'',''STRICT_ALL_TABLES'',''NO_ZERO_IN_DATE'',''NO_ZERO_DATE'',''INVALID_DATES'',''ERROR_FOR_DIVISION_BY_ZERO'',''TRADITIONAL'',''NO_AUTO_CREATE_USER'',''HIGH_NOT_PRECEDENCE'',''NO_ENGINE_SUBSTITUTION'',''PAD_CHAR_TO_FULL_LENGTH'')', '', '', 'select,insert,update,references', ''),
(NULL, 'mysql', 'event', 'comment', 16, '', 'NO', 'char', 64, 192, NULL, NULL, 'utf8', 'utf8_bin', 'char(64)', '', '', 'select,insert,update,references', ''),
(NULL, 'mysql', 'event', 'originator', 17, NULL, 'NO', 'int', NULL, NULL, 10, 0, NULL, NULL, 'int(10) unsigned', '', '', 'select,insert,update,references', ''),
(NULL, 'mysql', 'event', 'time_zone', 18, 'SYSTEM', 'NO', 'char', 64, 64, NULL, NULL, 'latin1', 'latin1_swedish_ci', 'char(64)', '', '', 'select,insert,update,references', ''),
(NULL, 'mysql', 'event', 'character_set_client', 19, NULL, 'YES', 'char', 32, 96, NULL, NULL, 'utf8', 'utf8_bin', 'char(32)', '', '', 'select,insert,update,references', ''),
(NULL, 'mysql', 'event', 'collation_connection', 20, NULL, 'YES', 'char', 32, 96, NULL, NULL, 'utf8', 'utf8_bin', 'char(32)', '', '', 'select,insert,update,references', ''),
(NULL, 'mysql', 'event', 'db_collation', 21, NULL, 'YES', 'char', 32, 96, NULL, NULL, 'utf8', 'utf8_bin', 'char(32)', '', '', 'select,insert,update,references', ''),
(NULL, 'mysql', 'event', 'body_utf8', 22, NULL, 'YES', 'longblob', 4294967295, 4294967295, NULL, NULL, NULL, NULL, 'longblob', '', '', 'select,insert,update,references', ''),
(NULL, 'mysql', 'func', 'name', 1, '', 'NO', 'char', 64, 192, NULL, NULL, 'utf8', 'utf8_bin', 'char(64)', 'PRI', '', 'select,insert,update,references', ''),
(NULL, 'mysql', 'func', 'ret', 2, '0', 'NO', 'tinyint', NULL, NULL, 3, 0, NULL, NULL, 'tinyint(1)', '', '', 'select,insert,update,references', ''),
(NULL, 'mysql', 'func', 'dl', 3, '', 'NO', 'char', 128, 384, NULL, NULL, 'utf8', 'utf8_bin', 'char(128)', '', '', 'select,insert,update,references', ''),
(NULL, 'mysql', 'func', 'type', 4, NULL, 'NO', 'enum', 9, 27, NULL, NULL, 'utf8', 'utf8_general_ci', 'enum(''function'',''aggregate'')', '', '', 'select,insert,update,references', ''),
(NULL, 'mysql', 'general_log', 'event_time', 1, 'CURRENT_TIMESTAMP', 'NO', 'timestamp', NULL, NULL, NULL, NULL, NULL, NULL, 'timestamp', '', 'on update CURRENT_TIMESTAMP', 'select,insert,update,references', ''),
(NULL, 'mysql', 'general_log', 'user_host', 2, NULL, 'NO', 'mediumtext', 16777215, 16777215, NULL, NULL, 'utf8', 'utf8_general_ci', 'mediumtext', '', '', 'select,insert,update,references', ''),
(NULL, 'mysql', 'general_log', 'thread_id', 3, NULL, 'NO', 'int', NULL, NULL, 10, 0, NULL, NULL, 'int(11)', '', '', 'select,insert,update,references', ''),
(NULL, 'mysql', 'general_log', 'server_id', 4, NULL, 'NO', 'int', NULL, NULL, 10, 0, NULL, NULL, 'int(10) unsigned', '', '', 'select,insert,update,references', ''),
(NULL, 'mysql', 'general_log', 'command_type', 5, NULL, 'NO', 'varchar', 64, 192, NULL, NULL, 'utf8', 'utf8_general_ci', 'varchar(64)', '', '', 'select,insert,update,references', ''),
(NULL, 'mysql', 'general_log', 'argument', 6, NULL, 'NO', 'mediumtext', 16777215, 16777215, NULL, NULL, 'utf8', 'utf8_general_ci', 'mediumtext', '', '', 'select,insert,update,references', ''),
(NULL, 'mysql', 'help_category', 'help_category_id', 1, NULL, 'NO', 'smallint', NULL, NULL, 5, 0, NULL, NULL, 'smallint(5) unsigned', 'PRI', '', 'select,insert,update,references', ''),
(NULL, 'mysql', 'help_category', 'name', 2, NULL, 'NO', 'char', 64, 192, NULL, NULL, 'utf8', 'utf8_general_ci', 'char(64)', 'UNI', '', 'select,insert,update,references', ''),
(NULL, 'mysql', 'help_category', 'parent_category_id', 3, NULL, 'YES', 'smallint', NULL, NULL, 5, 0, NULL, NULL, 'smallint(5) unsigned', '', '', 'select,insert,update,references', ''),
(NULL, 'mysql', 'help_category', 'url', 4, NULL, 'NO', 'char', 128, 384, NULL, NULL, 'utf8', 'utf8_general_ci', 'char(128)', '', '', 'select,insert,update,references', ''),
(NULL, 'mysql', 'help_keyword', 'help_keyword_id', 1, NULL, 'NO', 'int', NULL, NULL, 10, 0, NULL, NULL, 'int(10) unsigned', 'PRI', '', 'select,insert,update,references', ''),
(NULL, 'mysql', 'help_keyword', 'name', 2, NULL, 'NO', 'char', 64, 192, NULL, NULL, 'utf8', 'utf8_general_ci', 'char(64)', 'UNI', '', 'select,insert,update,references', ''),
(NULL, 'mysql', 'help_relation', 'help_topic_id', 1, NULL, 'NO', 'int', NULL, NULL, 10, 0, NULL, NULL, 'int(10) unsigned', 'PRI', '', 'select,insert,update,references', ''),
(NULL, 'mysql', 'help_relation', 'help_keyword_id', 2, NULL, 'NO', 'int', NULL, NULL, 10, 0, NULL, NULL, 'int(10) unsigned', 'PRI', '', 'select,insert,update,references', ''),
(NULL, 'mysql', 'help_topic', 'help_topic_id', 1, NULL, 'NO', 'int', NULL, NULL, 10, 0, NULL, NULL, 'int(10) unsigned', 'PRI', '', 'select,insert,update,references', ''),
(NULL, 'mysql', 'help_topic', 'name', 2, NULL, 'NO', 'char', 64, 192, NULL, NULL, 'utf8', 'utf8_general_ci', 'char(64)', 'UNI', '', 'select,insert,update,references', ''),
(NULL, 'mysql', 'help_topic', 'help_category_id', 3, NULL, 'NO', 'smallint', NULL, NULL, 5, 0, NULL, NULL, 'smallint(5) unsigned', '', '', 'select,insert,update,references', ''),
(NULL, 'mysql', 'help_topic', 'description', 4, NULL, 'NO', 'text', 65535, 65535, NULL, NULL, 'utf8', 'utf8_general_ci', 'text', '', '', 'select,insert,update,references', ''),
(NULL, 'mysql', 'help_topic', 'example', 5, NULL, 'NO', 'text', 65535, 65535, NULL, NULL, 'utf8', 'utf8_general_ci', 'text', '', '', 'select,insert,update,references', ''),
(NULL, 'mysql', 'help_topic', 'url', 6, NULL, 'NO', 'char', 128, 384, NULL, NULL, 'utf8', 'utf8_general_ci', 'char(128)', '', '', 'select,insert,update,references', ''),
(NULL, 'mysql', 'host', 'Host', 1, '', 'NO', 'char', 60, 180, NULL, NULL, 'utf8', 'utf8_bin', 'char(60)', 'PRI', '', 'select,insert,update,references', ''),
(NULL, 'mysql', 'host', 'Db', 2, '', 'NO', 'char', 64, 192, NULL, NULL, 'utf8', 'utf8_bin', 'char(64)', 'PRI', '', 'select,insert,update,references', ''),
(NULL, 'mysql', 'host', 'Select_priv', 3, 'N', 'NO', 'enum', 1, 3, NULL, NULL, 'utf8', 'utf8_general_ci', 'enum(''N'',''Y'')', '', '', 'select,insert,update,references', ''),
(NULL, 'mysql', 'host', 'Insert_priv', 4, 'N', 'NO', 'enum', 1, 3, NULL, NULL, 'utf8', 'utf8_general_ci', 'enum(''N'',''Y'')', '', '', 'select,insert,update,references', ''),
(NULL, 'mysql', 'host', 'Update_priv', 5, 'N', 'NO', 'enum', 1, 3, NULL, NULL, 'utf8', 'utf8_general_ci', 'enum(''N'',''Y'')', '', '', 'select,insert,update,references', ''),
(NULL, 'mysql', 'host', 'Delete_priv', 6, 'N', 'NO', 'enum', 1, 3, NULL, NULL, 'utf8', 'utf8_general_ci', 'enum(''N'',''Y'')', '', '', 'select,insert,update,references', ''),
(NULL, 'mysql', 'host', 'Create_priv', 7, 'N', 'NO', 'enum', 1, 3, NULL, NULL, 'utf8', 'utf8_general_ci', 'enum(''N'',''Y'')', '', '', 'select,insert,update,references', ''),
(NULL, 'mysql', 'host', 'Drop_priv', 8, 'N', 'NO', 'enum', 1, 3, NULL, NULL, 'utf8', 'utf8_general_ci', 'enum(''N'',''Y'')', '', '', 'select,insert,update,references', ''),
(NULL, 'mysql', 'host', 'Grant_priv', 9, 'N', 'NO', 'enum', 1, 3, NULL, NULL, 'utf8', 'utf8_general_ci', 'enum(''N'',''Y'')', '', '', 'select,insert,update,references', ''),
(NULL, 'mysql', 'host', 'References_priv', 10, 'N', 'NO', 'enum', 1, 3, NULL, NULL, 'utf8', 'utf8_general_ci', 'enum(''N'',''Y'')', '', '', 'select,insert,update,references', ''),
(NULL, 'mysql', 'host', 'Index_priv', 11, 'N', 'NO', 'enum', 1, 3, NULL, NULL, 'utf8', 'utf8_general_ci', 'enum(''N'',''Y'')', '', '', 'select,insert,update,references', ''),
(NULL, 'mysql', 'host', 'Alter_priv', 12, 'N', 'NO', 'enum', 1, 3, NULL, NULL, 'utf8', 'utf8_general_ci', 'enum(''N'',''Y'')', '', '', 'select,insert,update,references', ''),
(NULL, 'mysql', 'host', 'Create_tmp_table_priv', 13, 'N', 'NO', 'enum', 1, 3, NULL, NULL, 'utf8', 'utf8_general_ci', 'enum(''N'',''Y'')', '', '', 'select,insert,update,references', ''),
(NULL, 'mysql', 'host', 'Lock_tables_priv', 14, 'N', 'NO', 'enum', 1, 3, NULL, NULL, 'utf8', 'utf8_general_ci', 'enum(''N'',''Y'')', '', '', 'select,insert,update,references', ''),
(NULL, 'mysql', 'host', 'Create_view_priv', 15, 'N', 'NO', 'enum', 1, 3, NULL, NULL, 'utf8', 'utf8_general_ci', 'enum(''N'',''Y'')', '', '', 'select,insert,update,references', ''),
(NULL, 'mysql', 'host', 'Show_view_priv', 16, 'N', 'NO', 'enum', 1, 3, NULL, NULL, 'utf8', 'utf8_general_ci', 'enum(''N'',''Y'')', '', '', 'select,insert,update,references', ''),
(NULL, 'mysql', 'host', 'Create_routine_priv', 17, 'N', 'NO', 'enum', 1, 3, NULL, NULL, 'utf8', 'utf8_general_ci', 'enum(''N'',''Y'')', '', '', 'select,insert,update,references', ''),
(NULL, 'mysql', 'host', 'Alter_routine_priv', 18, 'N', 'NO', 'enum', 1, 3, NULL, NULL, 'utf8', 'utf8_general_ci', 'enum(''N'',''Y'')', '', '', 'select,insert,update,references', ''),
(NULL, 'mysql', 'host', 'Execute_priv', 19, 'N', 'NO', 'enum', 1, 3, NULL, NULL, 'utf8', 'utf8_general_ci', 'enum(''N'',''Y'')', '', '', 'select,insert,update,references', ''),
(NULL, 'mysql', 'host', 'Trigger_priv', 20, 'N', 'NO', 'enum', 1, 3, NULL, NULL, 'utf8', 'utf8_general_ci', 'enum(''N'',''Y'')', '', '', 'select,insert,update,references', ''),
(NULL, 'mysql', 'ndb_binlog_index', 'Position', 1, NULL, 'NO', 'bigint', NULL, NULL, 19, 0, NULL, NULL, 'bigint(20) unsigned', '', '', 'select,insert,update,references', ''),
(NULL, 'mysql', 'ndb_binlog_index', 'File', 2, NULL, 'NO', 'varchar', 255, 255, NULL, NULL, 'latin1', 'latin1_swedish_ci', 'varchar(255)', '', '', 'select,insert,update,references', ''),
(NULL, 'mysql', 'ndb_binlog_index', 'epoch', 3, NULL, 'NO', 'bigint', NULL, NULL, 19, 0, NULL, NULL, 'bigint(20) unsigned', 'PRI', '', 'select,insert,update,references', ''),
(NULL, 'mysql', 'ndb_binlog_index', 'inserts', 4, NULL, 'NO', 'bigint', NULL, NULL, 19, 0, NULL, NULL, 'bigint(20) unsigned', '', '', 'select,insert,update,references', ''),
(NULL, 'mysql', 'ndb_binlog_index', 'updates', 5, NULL, 'NO', 'bigint', NULL, NULL, 19, 0, NULL, NULL, 'bigint(20) unsigned', '', '', 'select,insert,update,references', ''),
(NULL, 'mysql', 'ndb_binlog_index', 'deletes', 6, NULL, 'NO', 'bigint', NULL, NULL, 19, 0, NULL, NULL, 'bigint(20) unsigned', '', '', 'select,insert,update,references', ''),
(NULL, 'mysql', 'ndb_binlog_index', 'schemaops', 7, NULL, 'NO', 'bigint', NULL, NULL, 19, 0, NULL, NULL, 'bigint(20) unsigned', '', '', 'select,insert,update,references', ''),
(NULL, 'mysql', 'plugin', 'name', 1, '', 'NO', 'char', 64, 192, NULL, NULL, 'utf8', 'utf8_bin', 'char(64)', 'PRI', '', 'select,insert,update,references', ''),
(NULL, 'mysql', 'plugin', 'dl', 2, '', 'NO', 'char', 128, 384, NULL, NULL, 'utf8', 'utf8_bin', 'char(128)', '', '', 'select,insert,update,references', ''),
(NULL, 'mysql', 'proc', 'db', 1, '', 'NO', 'char', 64, 192, NULL, NULL, 'utf8', 'utf8_bin', 'char(64)', 'PRI', '', 'select,insert,update,references', ''),
(NULL, 'mysql', 'proc', 'name', 2, '', 'NO', 'char', 64, 192, NULL, NULL, 'utf8', 'utf8_general_ci', 'char(64)', 'PRI', '', 'select,insert,update,references', ''),
(NULL, 'mysql', 'proc', 'type', 3, NULL, 'NO', 'enum', 9, 27, NULL, NULL, 'utf8', 'utf8_general_ci', 'enum(''FUNCTION'',''PROCEDURE'')', 'PRI', '', 'select,insert,update,references', ''),
(NULL, 'mysql', 'proc', 'specific_name', 4, '', 'NO', 'char', 64, 192, NULL, NULL, 'utf8', 'utf8_general_ci', 'char(64)', '', '', 'select,insert,update,references', ''),
(NULL, 'mysql', 'proc', 'language', 5, 'SQL', 'NO', 'enum', 3, 9, NULL, NULL, 'utf8', 'utf8_general_ci', 'enum(''SQL'')', '', '', 'select,insert,update,references', ''),
(NULL, 'mysql', 'proc', 'sql_data_access', 6, 'CONTAINS_SQL', 'NO', 'enum', 17, 51, NULL, NULL, 'utf8', 'utf8_general_ci', 'enum(''CONTAINS_SQL'',''NO_SQL'',''READS_SQL_DATA'',''MODIFIES_SQL_DATA'')', '', '', 'select,insert,update,references', ''),
(NULL, 'mysql', 'proc', 'is_deterministic', 7, 'NO', 'NO', 'enum', 3, 9, NULL, NULL, 'utf8', 'utf8_general_ci', 'enum(''YES'',''NO'')', '', '', 'select,insert,update,references', ''),
(NULL, 'mysql', 'proc', 'security_type', 8, 'DEFINER', 'NO', 'enum', 7, 21, NULL, NULL, 'utf8', 'utf8_general_ci', 'enum(''INVOKER'',''DEFINER'')', '', '', 'select,insert,update,references', ''),
(NULL, 'mysql', 'proc', 'param_list', 9, NULL, 'NO', 'blob', 65535, 65535, NULL, NULL, NULL, NULL, 'blob', '', '', 'select,insert,update,references', ''),
(NULL, 'mysql', 'proc', 'returns', 10, NULL, 'NO', 'longblob', 4294967295, 4294967295, NULL, NULL, NULL, NULL, 'longblob', '', '', 'select,insert,update,references', ''),
(NULL, 'mysql', 'proc', 'body', 11, NULL, 'NO', 'longblob', 4294967295, 4294967295, NULL, NULL, NULL, NULL, 'longblob', '', '', 'select,insert,update,references', ''),
(NULL, 'mysql', 'proc', 'definer', 12, '', 'NO', 'char', 77, 231, NULL, NULL, 'utf8', 'utf8_bin', 'char(77)', '', '', 'select,insert,update,references', ''),
(NULL, 'mysql', 'proc', 'created', 13, 'CURRENT_TIMESTAMP', 'NO', 'timestamp', NULL, NULL, NULL, NULL, NULL, NULL, 'timestamp', '', 'on update CURRENT_TIMESTAMP', 'select,insert,update,references', ''),
(NULL, 'mysql', 'proc', 'modified', 14, '0000-00-00 00:00:00', 'NO', 'timestamp', NULL, NULL, NULL, NULL, NULL, NULL, 'timestamp', '', '', 'select,insert,update,references', ''),
(NULL, 'mysql', 'proc', 'sql_mode', 15, '', 'NO', 'set', 478, 1434, NULL, NULL, 'utf8', 'utf8_general_ci', 'set(''REAL_AS_FLOAT'',''PIPES_AS_CONCAT'',''ANSI_QUOTES'',''IGNORE_SPACE'',''NOT_USED'',''ONLY_FULL_GROUP_BY'',''NO_UNSIGNED_SUBTRACTION'',''NO_DIR_IN_CREATE'',''POSTGRESQL'',''ORACLE'',''MSSQL'',''DB2'',''MAXDB'',''NO_KEY_OPTIONS'',''NO_TABLE_OPTIONS'',''NO_FIELD_OPTIONS'',''MYSQL323'',''MYSQL40'',''ANSI'',''NO_AUTO_VALUE_ON_ZERO'',''NO_BACKSLASH_ESCAPES'',''STRICT_TRANS_TABLES'',''STRICT_ALL_TABLES'',''NO_ZERO_IN_DATE'',''NO_ZERO_DATE'',''INVALID_DATES'',''ERROR_FOR_DIVISION_BY_ZERO'',''TRADITIONAL'',''NO_AUTO_CREATE_USER'',''HIGH_NOT_PRECEDENCE'',''NO_ENGINE_SUBSTITUTION'',''PAD_CHAR_TO_FULL_LENGTH'')', '', '', 'select,insert,update,references', ''),
(NULL, 'mysql', 'proc', 'comment', 16, '', 'NO', 'char', 64, 192, NULL, NULL, 'utf8', 'utf8_bin', 'char(64)', '', '', 'select,insert,update,references', ''),
(NULL, 'mysql', 'proc', 'character_set_client', 17, NULL, 'YES', 'char', 32, 96, NULL, NULL, 'utf8', 'utf8_bin', 'char(32)', '', '', 'select,insert,update,references', ''),
(NULL, 'mysql', 'proc', 'collation_connection', 18, NULL, 'YES', 'char', 32, 96, NULL, NULL, 'utf8', 'utf8_bin', 'char(32)', '', '', 'select,insert,update,references', ''),
(NULL, 'mysql', 'proc', 'db_collation', 19, NULL, 'YES', 'char', 32, 96, NULL, NULL, 'utf8', 'utf8_bin', 'char(32)', '', '', 'select,insert,update,references', ''),
(NULL, 'mysql', 'proc', 'body_utf8', 20, NULL, 'YES', 'longblob', 4294967295, 4294967295, NULL, NULL, NULL, NULL, 'longblob', '', '', 'select,insert,update,references', ''),
(NULL, 'mysql', 'procs_priv', 'Host', 1, '', 'NO', 'char', 60, 180, NULL, NULL, 'utf8', 'utf8_bin', 'char(60)', 'PRI', '', 'select,insert,update,references', ''),
(NULL, 'mysql', 'procs_priv', 'Db', 2, '', 'NO', 'char', 64, 192, NULL, NULL, 'utf8', 'utf8_bin', 'char(64)', 'PRI', '', 'select,insert,update,references', ''),
(NULL, 'mysql', 'procs_priv', 'User', 3, '', 'NO', 'char', 16, 48, NULL, NULL, 'utf8', 'utf8_bin', 'char(16)', 'PRI', '', 'select,insert,update,references', ''),
(NULL, 'mysql', 'procs_priv', 'Routine_name', 4, '', 'NO', 'char', 64, 192, NULL, NULL, 'utf8', 'utf8_general_ci', 'char(64)', 'PRI', '', 'select,insert,update,references', ''),
(NULL, 'mysql', 'procs_priv', 'Routine_type', 5, NULL, 'NO', 'enum', 9, 27, NULL, NULL, 'utf8', 'utf8_bin', 'enum(''FUNCTION'',''PROCEDURE'')', 'PRI', '', 'select,insert,update,references', ''),
(NULL, 'mysql', 'procs_priv', 'Grantor', 6, '', 'NO', 'char', 77, 231, NULL, NULL, 'utf8', 'utf8_bin', 'char(77)', 'MUL', '', 'select,insert,update,references', ''),
(NULL, 'mysql', 'procs_priv', 'Proc_priv', 7, '', 'NO', 'set', 27, 81, NULL, NULL, 'utf8', 'utf8_general_ci', 'set(''Execute'',''Alter Routine'',''Grant'')', '', '', 'select,insert,update,references', ''),
(NULL, 'mysql', 'procs_priv', 'Timestamp', 8, 'CURRENT_TIMESTAMP', 'NO', 'timestamp', NULL, NULL, NULL, NULL, NULL, NULL, 'timestamp', '', 'on update CURRENT_TIMESTAMP', 'select,insert,update,references', ''),
(NULL, 'mysql', 'servers', 'Server_name', 1, '', 'NO', 'char', 64, 192, NULL, NULL, 'utf8', 'utf8_general_ci', 'char(64)', 'PRI', '', 'select,insert,update,references', ''),
(NULL, 'mysql', 'servers', 'Host', 2, '', 'NO', 'char', 64, 192, NULL, NULL, 'utf8', 'utf8_general_ci', 'char(64)', '', '', 'select,insert,update,references', ''),
(NULL, 'mysql', 'servers', 'Db', 3, '', 'NO', 'char', 64, 192, NULL, NULL, 'utf8', 'utf8_general_ci', 'char(64)', '', '', 'select,insert,update,references', ''),
(NULL, 'mysql', 'servers', 'Username', 4, '', 'NO', 'char', 64, 192, NULL, NULL, 'utf8', 'utf8_general_ci', 'char(64)', '', '', 'select,insert,update,references', ''),
(NULL, 'mysql', 'servers', 'Password', 5, '', 'NO', 'char', 64, 192, NULL, NULL, 'utf8', 'utf8_general_ci', 'char(64)', '', '', 'select,insert,update,references', ''),
(NULL, 'mysql', 'servers', 'Port', 6, '0', 'NO', 'int', NULL, NULL, 10, 0, NULL, NULL, 'int(4)', '', '', 'select,insert,update,references', ''),
(NULL, 'mysql', 'servers', 'Socket', 7, '', 'NO', 'char', 64, 192, NULL, NULL, 'utf8', 'utf8_general_ci', 'char(64)', '', '', 'select,insert,update,references', ''),
(NULL, 'mysql', 'servers', 'Wrapper', 8, '', 'NO', 'char', 64, 192, NULL, NULL, 'utf8', 'utf8_general_ci', 'char(64)', '', '', 'select,insert,update,references', ''),
(NULL, 'mysql', 'servers', 'Owner', 9, '', 'NO', 'char', 64, 192, NULL, NULL, 'utf8', 'utf8_general_ci', 'char(64)', '', '', 'select,insert,update,references', ''),
(NULL, 'mysql', 'slow_log', 'start_time', 1, 'CURRENT_TIMESTAMP', 'NO', 'timestamp', NULL, NULL, NULL, NULL, NULL, NULL, 'timestamp', '', 'on update CURRENT_TIMESTAMP', 'select,insert,update,references', ''),
(NULL, 'mysql', 'slow_log', 'user_host', 2, NULL, 'NO', 'mediumtext', 16777215, 16777215, NULL, NULL, 'utf8', 'utf8_general_ci', 'mediumtext', '', '', 'select,insert,update,references', ''),
(NULL, 'mysql', 'slow_log', 'query_time', 3, NULL, 'NO', 'time', NULL, NULL, NULL, NULL, NULL, NULL, 'time', '', '', 'select,insert,update,references', ''),
(NULL, 'mysql', 'slow_log', 'lock_time', 4, NULL, 'NO', 'time', NULL, NULL, NULL, NULL, NULL, NULL, 'time', '', '', 'select,insert,update,references', ''),
(NULL, 'mysql', 'slow_log', 'rows_sent', 5, NULL, 'NO', 'int', NULL, NULL, 10, 0, NULL, NULL, 'int(11)', '', '', 'select,insert,update,references', ''),
(NULL, 'mysql', 'slow_log', 'rows_examined', 6, NULL, 'NO', 'int', NULL, NULL, 10, 0, NULL, NULL, 'int(11)', '', '', 'select,insert,update,references', ''),
(NULL, 'mysql', 'slow_log', 'db', 7, NULL, 'NO', 'varchar', 512, 1536, NULL, NULL, 'utf8', 'utf8_general_ci', 'varchar(512)', '', '', 'select,insert,update,references', ''),
(NULL, 'mysql', 'slow_log', 'last_insert_id', 8, NULL, 'NO', 'int', NULL, NULL, 10, 0, NULL, NULL, 'int(11)', '', '', 'select,insert,update,references', ''),
(NULL, 'mysql', 'slow_log', 'insert_id', 9, NULL, 'NO', 'int', NULL, NULL, 10, 0, NULL, NULL, 'int(11)', '', '', 'select,insert,update,references', ''),
(NULL, 'mysql', 'slow_log', 'server_id', 10, NULL, 'NO', 'int', NULL, NULL, 10, 0, NULL, NULL, 'int(10) unsigned', '', '', 'select,insert,update,references', ''),
(NULL, 'mysql', 'slow_log', 'sql_text', 11, NULL, 'NO', 'mediumtext', 16777215, 16777215, NULL, NULL, 'utf8', 'utf8_general_ci', 'mediumtext', '', '', 'select,insert,update,references', ''),
(NULL, 'mysql', 'tables_priv', 'Host', 1, '', 'NO', 'char', 60, 180, NULL, NULL, 'utf8', 'utf8_bin', 'char(60)', 'PRI', '', 'select,insert,update,references', ''),
(NULL, 'mysql', 'tables_priv', 'Db', 2, '', 'NO', 'char', 64, 192, NULL, NULL, 'utf8', 'utf8_bin', 'char(64)', 'PRI', '', 'select,insert,update,references', ''),
(NULL, 'mysql', 'tables_priv', 'User', 3, '', 'NO', 'char', 16, 48, NULL, NULL, 'utf8', 'utf8_bin', 'char(16)', 'PRI', '', 'select,insert,update,references', ''),
(NULL, 'mysql', 'tables_priv', 'Table_name', 4, '', 'NO', 'char', 64, 192, NULL, NULL, 'utf8', 'utf8_bin', 'char(64)', 'PRI', '', 'select,insert,update,references', ''),
(NULL, 'mysql', 'tables_priv', 'Grantor', 5, '', 'NO', 'char', 77, 231, NULL, NULL, 'utf8', 'utf8_bin', 'char(77)', 'MUL', '', 'select,insert,update,references', ''),
(NULL, 'mysql', 'tables_priv', 'Timestamp', 6, 'CURRENT_TIMESTAMP', 'NO', 'timestamp', NULL, NULL, NULL, NULL, NULL, NULL, 'timestamp', '', 'on update CURRENT_TIMESTAMP', 'select,insert,update,references', ''),
(NULL, 'mysql', 'tables_priv', 'Table_priv', 7, '', 'NO', 'set', 98, 294, NULL, NULL, 'utf8', 'utf8_general_ci', 'set(''Select'',''Insert'',''Update'',''Delete'',''Create'',''Drop'',''Grant'',''References'',''Index'',''Alter'',''Create View'',''Show view'',''Trigger'')', '', '', 'select,insert,update,references', ''),
(NULL, 'mysql', 'tables_priv', 'Column_priv', 8, '', 'NO', 'set', 31, 93, NULL, NULL, 'utf8', 'utf8_general_ci', 'set(''Select'',''Insert'',''Update'',''References'')', '', '', 'select,insert,update,references', ''),
(NULL, 'mysql', 'time_zone', 'Time_zone_id', 1, NULL, 'NO', 'int', NULL, NULL, 10, 0, NULL, NULL, 'int(10) unsigned', 'PRI', 'auto_increment', 'select,insert,update,references', ''),
(NULL, 'mysql', 'time_zone', 'Use_leap_seconds', 2, 'N', 'NO', 'enum', 1, 3, NULL, NULL, 'utf8', 'utf8_general_ci', 'enum(''Y'',''N'')', '', '', 'select,insert,update,references', ''),
(NULL, 'mysql', 'time_zone_leap_second', 'Transition_time', 1, NULL, 'NO', 'bigint', NULL, NULL, 19, 0, NULL, NULL, 'bigint(20)', 'PRI', '', 'select,insert,update,references', ''),
(NULL, 'mysql', 'time_zone_leap_second', 'Correction', 2, NULL, 'NO', 'int', NULL, NULL, 10, 0, NULL, NULL, 'int(11)', '', '', 'select,insert,update,references', ''),
(NULL, 'mysql', 'time_zone_name', 'Name', 1, NULL, 'NO', 'char', 64, 192, NULL, NULL, 'utf8', 'utf8_general_ci', 'char(64)', 'PRI', '', 'select,insert,update,references', ''),
(NULL, 'mysql', 'time_zone_name', 'Time_zone_id', 2, NULL, 'NO', 'int', NULL, NULL, 10, 0, NULL, NULL, 'int(10) unsigned', '', '', 'select,insert,update,references', ''),
(NULL, 'mysql', 'time_zone_transition', 'Time_zone_id', 1, NULL, 'NO', 'int', NULL, NULL, 10, 0, NULL, NULL, 'int(10) unsigned', 'PRI', '', 'select,insert,update,references', ''),
(NULL, 'mysql', 'time_zone_transition', 'Transition_time', 2, NULL, 'NO', 'bigint', NULL, NULL, 19, 0, NULL, NULL, 'bigint(20)', 'PRI', '', 'select,insert,update,references', ''),
(NULL, 'mysql', 'time_zone_transition', 'Transition_type_id', 3, NULL, 'NO', 'int', NULL, NULL, 10, 0, NULL, NULL, 'int(10) unsigned', '', '', 'select,insert,update,references', ''),
(NULL, 'mysql', 'time_zone_transition_type', 'Time_zone_id', 1, NULL, 'NO', 'int', NULL, NULL, 10, 0, NULL, NULL, 'int(10) unsigned', 'PRI', '', 'select,insert,update,references', ''),
(NULL, 'mysql', 'time_zone_transition_type', 'Transition_type_id', 2, NULL, 'NO', 'int', NULL, NULL, 10, 0, NULL, NULL, 'int(10) unsigned', 'PRI', '', 'select,insert,update,references', ''),
(NULL, 'mysql', 'time_zone_transition_type', 'Offset', 3, '0', 'NO', 'int', NULL, NULL, 10, 0, NULL, NULL, 'int(11)', '', '', 'select,insert,update,references', ''),
(NULL, 'mysql', 'time_zone_transition_type', 'Is_DST', 4, '0', 'NO', 'tinyint', NULL, NULL, 3, 0, NULL, NULL, 'tinyint(3) unsigned', '', '', 'select,insert,update,references', ''),
(NULL, 'mysql', 'time_zone_transition_type', 'Abbreviation', 5, '', 'NO', 'char', 8, 24, NULL, NULL, 'utf8', 'utf8_general_ci', 'char(8)', '', '', 'select,insert,update,references', ''),
(NULL, 'mysql', 'user', 'Host', 1, '', 'NO', 'char', 60, 180, NULL, NULL, 'utf8', 'utf8_bin', 'char(60)', 'PRI', '', 'select,insert,update,references', ''),
(NULL, 'mysql', 'user', 'User', 2, '', 'NO', 'char', 16, 48, NULL, NULL, 'utf8', 'utf8_bin', 'char(16)', 'PRI', '', 'select,insert,update,references', ''),
(NULL, 'mysql', 'user', 'Password', 3, '', 'NO', 'char', 41, 41, NULL, NULL, 'latin1', 'latin1_bin', 'char(41)', '', '', 'select,insert,update,references', ''),
(NULL, 'mysql', 'user', 'Select_priv', 4, 'N', 'NO', 'enum', 1, 3, NULL, NULL, 'utf8', 'utf8_general_ci', 'enum(''N'',''Y'')', '', '', 'select,insert,update,references', ''),
(NULL, 'mysql', 'user', 'Insert_priv', 5, 'N', 'NO', 'enum', 1, 3, NULL, NULL, 'utf8', 'utf8_general_ci', 'enum(''N'',''Y'')', '', '', 'select,insert,update,references', ''),
(NULL, 'mysql', 'user', 'Update_priv', 6, 'N', 'NO', 'enum', 1, 3, NULL, NULL, 'utf8', 'utf8_general_ci', 'enum(''N'',''Y'')', '', '', 'select,insert,update,references', ''),
(NULL, 'mysql', 'user', 'Delete_priv', 7, 'N', 'NO', 'enum', 1, 3, NULL, NULL, 'utf8', 'utf8_general_ci', 'enum(''N'',''Y'')', '', '', 'select,insert,update,references', ''),
(NULL, 'mysql', 'user', 'Create_priv', 8, 'N', 'NO', 'enum', 1, 3, NULL, NULL, 'utf8', 'utf8_general_ci', 'enum(''N'',''Y'')', '', '', 'select,insert,update,references', ''),
(NULL, 'mysql', 'user', 'Drop_priv', 9, 'N', 'NO', 'enum', 1, 3, NULL, NULL, 'utf8', 'utf8_general_ci', 'enum(''N'',''Y'')', '', '', 'select,insert,update,references', ''),
(NULL, 'mysql', 'user', 'Reload_priv', 10, 'N', 'NO', 'enum', 1, 3, NULL, NULL, 'utf8', 'utf8_general_ci', 'enum(''N'',''Y'')', '', '', 'select,insert,update,references', ''),
(NULL, 'mysql', 'user', 'Shutdown_priv', 11, 'N', 'NO', 'enum', 1, 3, NULL, NULL, 'utf8', 'utf8_general_ci', 'enum(''N'',''Y'')', '', '', 'select,insert,update,references', ''),
(NULL, 'mysql', 'user', 'Process_priv', 12, 'N', 'NO', 'enum', 1, 3, NULL, NULL, 'utf8', 'utf8_general_ci', 'enum(''N'',''Y'')', '', '', 'select,insert,update,references', ''),
(NULL, 'mysql', 'user', 'File_priv', 13, 'N', 'NO', 'enum', 1, 3, NULL, NULL, 'utf8', 'utf8_general_ci', 'enum(''N'',''Y'')', '', '', 'select,insert,update,references', ''),
(NULL, 'mysql', 'user', 'Grant_priv', 14, 'N', 'NO', 'enum', 1, 3, NULL, NULL, 'utf8', 'utf8_general_ci', 'enum(''N'',''Y'')', '', '', 'select,insert,update,references', ''),
(NULL, 'mysql', 'user', 'References_priv', 15, 'N', 'NO', 'enum', 1, 3, NULL, NULL, 'utf8', 'utf8_general_ci', 'enum(''N'',''Y'')', '', '', 'select,insert,update,references', ''),
(NULL, 'mysql', 'user', 'Index_priv', 16, 'N', 'NO', 'enum', 1, 3, NULL, NULL, 'utf8', 'utf8_general_ci', 'enum(''N'',''Y'')', '', '', 'select,insert,update,references', ''),
(NULL, 'mysql', 'user', 'Alter_priv', 17, 'N', 'NO', 'enum', 1, 3, NULL, NULL, 'utf8', 'utf8_general_ci', 'enum(''N'',''Y'')', '', '', 'select,insert,update,references', ''),
(NULL, 'mysql', 'user', 'Show_db_priv', 18, 'N', 'NO', 'enum', 1, 3, NULL, NULL, 'utf8', 'utf8_general_ci', 'enum(''N'',''Y'')', '', '', 'select,insert,update,references', ''),
(NULL, 'mysql', 'user', 'Super_priv', 19, 'N', 'NO', 'enum', 1, 3, NULL, NULL, 'utf8', 'utf8_general_ci', 'enum(''N'',''Y'')', '', '', 'select,insert,update,references', ''),
(NULL, 'mysql', 'user', 'Create_tmp_table_priv', 20, 'N', 'NO', 'enum', 1, 3, NULL, NULL, 'utf8', 'utf8_general_ci', 'enum(''N'',''Y'')', '', '', 'select,insert,update,references', ''),
(NULL, 'mysql', 'user', 'Lock_tables_priv', 21, 'N', 'NO', 'enum', 1, 3, NULL, NULL, 'utf8', 'utf8_general_ci', 'enum(''N'',''Y'')', '', '', 'select,insert,update,references', ''),
(NULL, 'mysql', 'user', 'Execute_priv', 22, 'N', 'NO', 'enum', 1, 3, NULL, NULL, 'utf8', 'utf8_general_ci', 'enum(''N'',''Y'')', '', '', 'select,insert,update,references', ''),
(NULL, 'mysql', 'user', 'Repl_slave_priv', 23, 'N', 'NO', 'enum', 1, 3, NULL, NULL, 'utf8', 'utf8_general_ci', 'enum(''N'',''Y'')', '', '', 'select,insert,update,references', ''),
(NULL, 'mysql', 'user', 'Repl_client_priv', 24, 'N', 'NO', 'enum', 1, 3, NULL, NULL, 'utf8', 'utf8_general_ci', 'enum(''N'',''Y'')', '', '', 'select,insert,update,references', ''),
(NULL, 'mysql', 'user', 'Create_view_priv', 25, 'N', 'NO', 'enum', 1, 3, NULL, NULL, 'utf8', 'utf8_general_ci', 'enum(''N'',''Y'')', '', '', 'select,insert,update,references', ''),
(NULL, 'mysql', 'user', 'Show_view_priv', 26, 'N', 'NO', 'enum', 1, 3, NULL, NULL, 'utf8', 'utf8_general_ci', 'enum(''N'',''Y'')', '', '', 'select,insert,update,references', ''),
(NULL, 'mysql', 'user', 'Create_routine_priv', 27, 'N', 'NO', 'enum', 1, 3, NULL, NULL, 'utf8', 'utf8_general_ci', 'enum(''N'',''Y'')', '', '', 'select,insert,update,references', ''),
(NULL, 'mysql', 'user', 'Alter_routine_priv', 28, 'N', 'NO', 'enum', 1, 3, NULL, NULL, 'utf8', 'utf8_general_ci', 'enum(''N'',''Y'')', '', '', 'select,insert,update,references', ''),
(NULL, 'mysql', 'user', 'Create_user_priv', 29, 'N', 'NO', 'enum', 1, 3, NULL, NULL, 'utf8', 'utf8_general_ci', 'enum(''N'',''Y'')', '', '', 'select,insert,update,references', ''),
(NULL, 'mysql', 'user', 'Event_priv', 30, 'N', 'NO', 'enum', 1, 3, NULL, NULL, 'utf8', 'utf8_general_ci', 'enum(''N'',''Y'')', '', '', 'select,insert,update,references', ''),
(NULL, 'mysql', 'user', 'Trigger_priv', 31, 'N', 'NO', 'enum', 1, 3, NULL, NULL, 'utf8', 'utf8_general_ci', 'enum(''N'',''Y'')', '', '', 'select,insert,update,references', ''),
(NULL, 'mysql', 'user', 'ssl_type', 32, '', 'NO', 'enum', 9, 27, NULL, NULL, 'utf8', 'utf8_general_ci', 'enum('''',''ANY'',''X509'',''SPECIFIED'')', '', '', 'select,insert,update,references', ''),
(NULL, 'mysql', 'user', 'ssl_cipher', 33, NULL, 'NO', 'blob', 65535, 65535, NULL, NULL, NULL, NULL, 'blob', '', '', 'select,insert,update,references', ''),
(NULL, 'mysql', 'user', 'x509_issuer', 34, NULL, 'NO', 'blob', 65535, 65535, NULL, NULL, NULL, NULL, 'blob', '', '', 'select,insert,update,references', ''),
(NULL, 'mysql', 'user', 'x509_subject', 35, NULL, 'NO', 'blob', 65535, 65535, NULL, NULL, NULL, NULL, 'blob', '', '', 'select,insert,update,references', ''),
(NULL, 'mysql', 'user', 'max_questions', 36, '0', 'NO', 'int', NULL, NULL, 10, 0, NULL, NULL, 'int(11) unsigned', '', '', 'select,insert,update,references', ''),
(NULL, 'mysql', 'user', 'max_updates', 37, '0', 'NO', 'int', NULL, NULL, 10, 0, NULL, NULL, 'int(11) unsigned', '', '', 'select,insert,update,references', ''),
(NULL, 'mysql', 'user', 'max_connections', 38, '0', 'NO', 'int', NULL, NULL, 10, 0, NULL, NULL, 'int(11) unsigned', '', '', 'select,insert,update,references', ''),
(NULL, 'mysql', 'user', 'max_user_connections', 39, '0', 'NO', 'int', NULL, NULL, 10, 0, NULL, NULL, 'int(11) unsigned', '', '', 'select,insert,update,references', ''),
(NULL, 'phpmyadmin', 'pma_bookmark', 'id', 1, NULL, 'NO', 'int', NULL, NULL, 10, 0, NULL, NULL, 'int(11)', 'PRI', 'auto_increment', 'select,insert,update,references', ''),
(NULL, 'phpmyadmin', 'pma_bookmark', 'dbase', 2, '', 'NO', 'varchar', 255, 765, NULL, NULL, 'utf8', 'utf8_bin', 'varchar(255)', '', '', 'select,insert,update,references', ''),
(NULL, 'phpmyadmin', 'pma_bookmark', 'user', 3, '', 'NO', 'varchar', 255, 765, NULL, NULL, 'utf8', 'utf8_bin', 'varchar(255)', '', '', 'select,insert,update,references', ''),
(NULL, 'phpmyadmin', 'pma_bookmark', 'label', 4, '', 'NO', 'varchar', 255, 765, NULL, NULL, 'utf8', 'utf8_general_ci', 'varchar(255)', '', '', 'select,insert,update,references', ''),
(NULL, 'phpmyadmin', 'pma_bookmark', 'query', 5, NULL, 'NO', 'text', 65535, 65535, NULL, NULL, 'utf8', 'utf8_bin', 'text', '', '', 'select,insert,update,references', ''),
(NULL, 'phpmyadmin', 'pma_column_info', 'id', 1, NULL, 'NO', 'int', NULL, NULL, 10, 0, NULL, NULL, 'int(5) unsigned', 'PRI', 'auto_increment', 'select,insert,update,references', ''),
(NULL, 'phpmyadmin', 'pma_column_info', 'db_name', 2, '', 'NO', 'varchar', 64, 192, NULL, NULL, 'utf8', 'utf8_bin', 'varchar(64)', 'MUL', '', 'select,insert,update,references', ''),
(NULL, 'phpmyadmin', 'pma_column_info', 'table_name', 3, '', 'NO', 'varchar', 64, 192, NULL, NULL, 'utf8', 'utf8_bin', 'varchar(64)', '', '', 'select,insert,update,references', ''),
(NULL, 'phpmyadmin', 'pma_column_info', 'column_name', 4, '', 'NO', 'varchar', 64, 192, NULL, NULL, 'utf8', 'utf8_bin', 'varchar(64)', '', '', 'select,insert,update,references', ''),
(NULL, 'phpmyadmin', 'pma_column_info', 'comment', 5, '', 'NO', 'varchar', 255, 765, NULL, NULL, 'utf8', 'utf8_general_ci', 'varchar(255)', '', '', 'select,insert,update,references', ''),
(NULL, 'phpmyadmin', 'pma_column_info', 'mimetype', 6, '', 'NO', 'varchar', 255, 765, NULL, NULL, 'utf8', 'utf8_general_ci', 'varchar(255)', '', '', 'select,insert,update,references', ''),
(NULL, 'phpmyadmin', 'pma_column_info', 'transformation', 7, '', 'NO', 'varchar', 255, 765, NULL, NULL, 'utf8', 'utf8_bin', 'varchar(255)', '', '', 'select,insert,update,references', ''),
(NULL, 'phpmyadmin', 'pma_column_info', 'transformation_options', 8, '', 'NO', 'varchar', 255, 765, NULL, NULL, 'utf8', 'utf8_bin', 'varchar(255)', '', '', 'select,insert,update,references', ''),
(NULL, 'phpmyadmin', 'pma_designer_coords', 'db_name', 1, '', 'NO', 'varchar', 64, 192, NULL, NULL, 'utf8', 'utf8_bin', 'varchar(64)', 'PRI', '', 'select,insert,update,references', ''),
(NULL, 'phpmyadmin', 'pma_designer_coords', 'table_name', 2, '', 'NO', 'varchar', 64, 192, NULL, NULL, 'utf8', 'utf8_bin', 'varchar(64)', 'PRI', '', 'select,insert,update,references', ''),
(NULL, 'phpmyadmin', 'pma_designer_coords', 'x', 3, NULL, 'YES', 'int', NULL, NULL, 10, 0, NULL, NULL, 'int(11)', '', '', 'select,insert,update,references', ''),
(NULL, 'phpmyadmin', 'pma_designer_coords', 'y', 4, NULL, 'YES', 'int', NULL, NULL, 10, 0, NULL, NULL, 'int(11)', '', '', 'select,insert,update,references', ''),
(NULL, 'phpmyadmin', 'pma_designer_coords', 'v', 5, NULL, 'YES', 'tinyint', NULL, NULL, 3, 0, NULL, NULL, 'tinyint(4)', '', '', 'select,insert,update,references', ''),
(NULL, 'phpmyadmin', 'pma_designer_coords', 'h', 6, NULL, 'YES', 'tinyint', NULL, NULL, 3, 0, NULL, NULL, 'tinyint(4)', '', '', 'select,insert,update,references', ''),
(NULL, 'phpmyadmin', 'pma_history', 'id', 1, NULL, 'NO', 'bigint', NULL, NULL, 19, 0, NULL, NULL, 'bigint(20) unsigned', 'PRI', 'auto_increment', 'select,insert,update,references', ''),
(NULL, 'phpmyadmin', 'pma_history', 'username', 2, '', 'NO', 'varchar', 64, 192, NULL, NULL, 'utf8', 'utf8_bin', 'varchar(64)', 'MUL', '', 'select,insert,update,references', ''),
(NULL, 'phpmyadmin', 'pma_history', 'db', 3, '', 'NO', 'varchar', 64, 192, NULL, NULL, 'utf8', 'utf8_bin', 'varchar(64)', '', '', 'select,insert,update,references', ''),
(NULL, 'phpmyadmin', 'pma_history', 'table', 4, '', 'NO', 'varchar', 64, 192, NULL, NULL, 'utf8', 'utf8_bin', 'varchar(64)', '', '', 'select,insert,update,references', ''),
(NULL, 'phpmyadmin', 'pma_history', 'timevalue', 5, 'CURRENT_TIMESTAMP', 'NO', 'timestamp', NULL, NULL, NULL, NULL, NULL, NULL, 'timestamp', '', 'on update CURRENT_TIMESTAMP', 'select,insert,update,references', ''),
(NULL, 'phpmyadmin', 'pma_history', 'sqlquery', 6, NULL, 'NO', 'text', 65535, 65535, NULL, NULL, 'utf8', 'utf8_bin', 'text', '', '', 'select,insert,update,references', ''),
(NULL, 'phpmyadmin', 'pma_pdf_pages', 'db_name', 1, '', 'NO', 'varchar', 64, 192, NULL, NULL, 'utf8', 'utf8_bin', 'varchar(64)', 'MUL', '', 'select,insert,update,references', ''),
(NULL, 'phpmyadmin', 'pma_pdf_pages', 'page_nr', 2, NULL, 'NO', 'int', NULL, NULL, 10, 0, NULL, NULL, 'int(10) unsigned', 'PRI', 'auto_increment', 'select,insert,update,references', ''),
(NULL, 'phpmyadmin', 'pma_pdf_pages', 'page_descr', 3, '', 'NO', 'varchar', 50, 150, NULL, NULL, 'utf8', 'utf8_general_ci', 'varchar(50)', '', '', 'select,insert,update,references', ''),
(NULL, 'phpmyadmin', 'pma_relation', 'master_db', 1, '', 'NO', 'varchar', 64, 192, NULL, NULL, 'utf8', 'utf8_bin', 'varchar(64)', 'PRI', '', 'select,insert,update,references', ''),
(NULL, 'phpmyadmin', 'pma_relation', 'master_table', 2, '', 'NO', 'varchar', 64, 192, NULL, NULL, 'utf8', 'utf8_bin', 'varchar(64)', 'PRI', '', 'select,insert,update,references', ''),
(NULL, 'phpmyadmin', 'pma_relation', 'master_field', 3, '', 'NO', 'varchar', 64, 192, NULL, NULL, 'utf8', 'utf8_bin', 'varchar(64)', 'PRI', '', 'select,insert,update,references', ''),
(NULL, 'phpmyadmin', 'pma_relation', 'foreign_db', 4, '', 'NO', 'varchar', 64, 192, NULL, NULL, 'utf8', 'utf8_bin', 'varchar(64)', 'MUL', '', 'select,insert,update,references', ''),
(NULL, 'phpmyadmin', 'pma_relation', 'foreign_table', 5, '', 'NO', 'varchar', 64, 192, NULL, NULL, 'utf8', 'utf8_bin', 'varchar(64)', '', '', 'select,insert,update,references', ''),
(NULL, 'phpmyadmin', 'pma_relation', 'foreign_field', 6, '', 'NO', 'varchar', 64, 192, NULL, NULL, 'utf8', 'utf8_bin', 'varchar(64)', '', '', 'select,insert,update,references', ''),
(NULL, 'phpmyadmin', 'pma_table_coords', 'db_name', 1, '', 'NO', 'varchar', 64, 192, NULL, NULL, 'utf8', 'utf8_bin', 'varchar(64)', 'PRI', '', 'select,insert,update,references', ''),
(NULL, 'phpmyadmin', 'pma_table_coords', 'table_name', 2, '', 'NO', 'varchar', 64, 192, NULL, NULL, 'utf8', 'utf8_bin', 'varchar(64)', 'PRI', '', 'select,insert,update,references', ''),
(NULL, 'phpmyadmin', 'pma_table_coords', 'pdf_page_number', 3, '0', 'NO', 'int', NULL, NULL, 10, 0, NULL, NULL, 'int(11)', 'PRI', '', 'select,insert,update,references', ''),
(NULL, 'phpmyadmin', 'pma_table_coords', 'x', 4, '0', 'NO', 'float', NULL, NULL, 12, NULL, NULL, NULL, 'float unsigned', '', '', 'select,insert,update,references', ''),
(NULL, 'phpmyadmin', 'pma_table_coords', 'y', 5, '0', 'NO', 'float', NULL, NULL, 12, NULL, NULL, NULL, 'float unsigned', '', '', 'select,insert,update,references', ''),
(NULL, 'phpmyadmin', 'pma_table_info', 'db_name', 1, '', 'NO', 'varchar', 64, 192, NULL, NULL, 'utf8', 'utf8_bin', 'varchar(64)', 'PRI', '', 'select,insert,update,references', ''),
(NULL, 'phpmyadmin', 'pma_table_info', 'table_name', 2, '', 'NO', 'varchar', 64, 192, NULL, NULL, 'utf8', 'utf8_bin', 'varchar(64)', 'PRI', '', 'select,insert,update,references', ''),
(NULL, 'phpmyadmin', 'pma_table_info', 'display_field', 3, '', 'NO', 'varchar', 64, 192, NULL, NULL, 'utf8', 'utf8_bin', 'varchar(64)', '', '', 'select,insert,update,references', ''),
(NULL, 'rieglepr_inventory', 'bc_backgrounds', 'BC_Back_ID', 1, NULL, 'NO', 'int', NULL, NULL, 10, 0, NULL, NULL, 'int(11)', 'PRI', '', 'select,insert,update,references', ''),
(NULL, 'rieglepr_inventory', 'bc_backgrounds', 'BC_Back_Name', 2, NULL, 'NO', 'varchar', 255, 255, NULL, NULL, 'latin1', 'latin1_swedish_ci', 'varchar(255)', '', '', 'select,insert,update,references', ''),
(NULL, 'rieglepr_inventory', 'bc_backgrounds', 'BC_Back_Image', 3, NULL, 'NO', 'varchar', 255, 255, NULL, NULL, 'latin1', 'latin1_swedish_ci', 'varchar(255)', '', '', 'select,insert,update,references', '');
INSERT INTO `COLUMNS` (`TABLE_CATALOG`, `TABLE_SCHEMA`, `TABLE_NAME`, `COLUMN_NAME`, `ORDINAL_POSITION`, `COLUMN_DEFAULT`, `IS_NULLABLE`, `DATA_TYPE`, `CHARACTER_MAXIMUM_LENGTH`, `CHARACTER_OCTET_LENGTH`, `NUMERIC_PRECISION`, `NUMERIC_SCALE`, `CHARACTER_SET_NAME`, `COLLATION_NAME`, `COLUMN_TYPE`, `COLUMN_KEY`, `EXTRA`, `PRIVILEGES`, `COLUMN_COMMENT`) VALUES
(NULL, 'rieglepr_inventory', 'bc_backgrounds', 'BC_Group_ID', 4, NULL, 'NO', 'int', NULL, NULL, 10, 0, NULL, NULL, 'int(11)', '', '', 'select,insert,update,references', ''),
(NULL, 'rieglepr_inventory', 'business_cards', 'BC_ID', 1, NULL, 'NO', 'bigint', NULL, NULL, 19, 0, NULL, NULL, 'bigint(20)', '', '', 'select,insert,update,references', ''),
(NULL, 'rieglepr_inventory', 'business_cards', 'BC_Name', 2, NULL, 'NO', 'varchar', 50, 50, NULL, NULL, 'latin1', 'latin1_swedish_ci', 'varchar(50)', '', '', 'select,insert,update,references', ''),
(NULL, 'rieglepr_inventory', 'business_cards', 'BC_Title', 3, NULL, 'NO', 'varchar', 25, 25, NULL, NULL, 'latin1', 'latin1_swedish_ci', 'varchar(25)', '', '', 'select,insert,update,references', ''),
(NULL, 'rieglepr_inventory', 'business_cards', 'BC_Title2', 4, NULL, 'NO', 'varchar', 25, 25, NULL, NULL, 'latin1', 'latin1_swedish_ci', 'varchar(25)', '', '', 'select,insert,update,references', ''),
(NULL, 'rieglepr_inventory', 'business_cards', 'BC_Address', 5, NULL, 'NO', 'varchar', 25, 25, NULL, NULL, 'latin1', 'latin1_swedish_ci', 'varchar(25)', '', '', 'select,insert,update,references', ''),
(NULL, 'rieglepr_inventory', 'business_cards', 'BC_City', 6, NULL, 'NO', 'varchar', 25, 25, NULL, NULL, 'latin1', 'latin1_swedish_ci', 'varchar(25)', '', '', 'select,insert,update,references', ''),
(NULL, 'rieglepr_inventory', 'business_cards', 'BC_State', 7, NULL, 'NO', 'varchar', 2, 2, NULL, NULL, 'latin1', 'latin1_swedish_ci', 'varchar(2)', '', '', 'select,insert,update,references', ''),
(NULL, 'rieglepr_inventory', 'business_cards', 'BC_Zip', 8, NULL, 'NO', 'varchar', 12, 12, NULL, NULL, 'latin1', 'latin1_swedish_ci', 'varchar(12)', '', '', 'select,insert,update,references', ''),
(NULL, 'rieglepr_inventory', 'business_cards', 'BC_Phone', 9, NULL, 'NO', 'varchar', 25, 25, NULL, NULL, 'latin1', 'latin1_swedish_ci', 'varchar(25)', '', '', 'select,insert,update,references', ''),
(NULL, 'rieglepr_inventory', 'business_cards', 'BC_Fax', 10, NULL, 'NO', 'varchar', 25, 25, NULL, NULL, 'latin1', 'latin1_swedish_ci', 'varchar(25)', '', '', 'select,insert,update,references', ''),
(NULL, 'rieglepr_inventory', 'business_cards', 'BC_Email', 11, NULL, 'NO', 'varchar', 50, 50, NULL, NULL, 'latin1', 'latin1_swedish_ci', 'varchar(50)', '', '', 'select,insert,update,references', ''),
(NULL, 'rieglepr_inventory', 'business_cards', 'BC_Quantity', 12, NULL, 'NO', 'int', NULL, NULL, 10, 0, NULL, NULL, 'int(11)', '', '', 'select,insert,update,references', ''),
(NULL, 'rieglepr_inventory', 'business_cards', 'Ship_Location_ID', 13, NULL, 'NO', 'bigint', NULL, NULL, 19, 0, NULL, NULL, 'bigint(20)', '', '', 'select,insert,update,references', ''),
(NULL, 'rieglepr_inventory', 'customer_login', 'Cust_Login_ID', 1, NULL, 'NO', 'bigint', NULL, NULL, 19, 0, NULL, NULL, 'bigint(20)', 'PRI', '', 'select,insert,update,references', ''),
(NULL, 'rieglepr_inventory', 'customer_login', 'Cust_ID', 2, NULL, 'NO', 'bigint', NULL, NULL, 19, 0, NULL, NULL, 'bigint(20)', '', '', 'select,insert,update,references', ''),
(NULL, 'rieglepr_inventory', 'customer_login', 'Cust_Login_Name', 3, NULL, 'NO', 'varchar', 12, 12, NULL, NULL, 'latin1', 'latin1_swedish_ci', 'varchar(12)', 'UNI', '', 'select,insert,update,references', ''),
(NULL, 'rieglepr_inventory', 'customer_login', 'Cust_Login_PW', 4, NULL, 'NO', 'varchar', 12, 12, NULL, NULL, 'latin1', 'latin1_swedish_ci', 'varchar(12)', '', '', 'select,insert,update,references', ''),
(NULL, 'rieglepr_inventory', 'customer_login', 'Cust_Login_First', 5, NULL, 'NO', 'varchar', 25, 25, NULL, NULL, 'latin1', 'latin1_swedish_ci', 'varchar(25)', '', '', 'select,insert,update,references', ''),
(NULL, 'rieglepr_inventory', 'customer_login', 'Cust_Login_Last', 6, NULL, 'NO', 'varchar', 25, 25, NULL, NULL, 'latin1', 'latin1_swedish_ci', 'varchar(25)', '', '', 'select,insert,update,references', ''),
(NULL, 'rieglepr_inventory', 'customer_login', 'Cust_Login_Email', 7, NULL, 'NO', 'varchar', 255, 255, NULL, NULL, 'latin1', 'latin1_swedish_ci', 'varchar(255)', '', '', 'select,insert,update,references', ''),
(NULL, 'rieglepr_inventory', 'customer_login', 'Cust_Admin_Flag', 8, '0', 'NO', 'binary', 1, 1, NULL, NULL, NULL, NULL, 'binary(1)', '', '', 'select,insert,update,references', ''),
(NULL, 'rieglepr_inventory', 'customer_login', 'Cust_Login_Res_Flag', 9, '0', 'NO', 'smallint', NULL, NULL, 5, 0, NULL, NULL, 'smallint(1)', '', '', 'select,insert,update,references', ''),
(NULL, 'rieglepr_inventory', 'customer_login', 'BC_Back_Group_ID', 10, NULL, 'NO', 'int', NULL, NULL, 10, 0, NULL, NULL, 'int(11)', '', '', 'select,insert,update,references', ''),
(NULL, 'rieglepr_inventory', 'customers', 'Cust_ID', 1, NULL, 'NO', 'bigint', NULL, NULL, 19, 0, NULL, NULL, 'bigint(20)', 'PRI', '', 'select,insert,update,references', ''),
(NULL, 'rieglepr_inventory', 'customers', 'Cust_Desc', 2, NULL, 'NO', 'varchar', 50, 50, NULL, NULL, 'latin1', 'latin1_swedish_ci', 'varchar(50)', 'UNI', '', 'select,insert,update,references', ''),
(NULL, 'rieglepr_inventory', 'customers', 'Cust_Logo', 3, NULL, 'NO', 'varchar', 255, 255, NULL, NULL, 'latin1', 'latin1_swedish_ci', 'varchar(255)', '', '', 'select,insert,update,references', ''),
(NULL, 'rieglepr_inventory', 'doc_order_items', 'Doc_Order_ID', 1, NULL, 'NO', 'bigint', NULL, NULL, 19, 0, NULL, NULL, 'bigint(20)', '', '', 'select,insert,update,references', ''),
(NULL, 'rieglepr_inventory', 'doc_order_items', 'Doc_ID', 2, NULL, 'NO', 'bigint', NULL, NULL, 19, 0, NULL, NULL, 'bigint(20)', '', '', 'select,insert,update,references', ''),
(NULL, 'rieglepr_inventory', 'doc_order_items', 'Doc_Item_No', 3, NULL, 'NO', 'int', NULL, NULL, 10, 0, NULL, NULL, 'int(11)', '', '', 'select,insert,update,references', ''),
(NULL, 'rieglepr_inventory', 'doc_orders', 'Doc_Order_ID', 1, NULL, 'NO', 'bigint', NULL, NULL, 19, 0, NULL, NULL, 'bigint(20)', 'PRI', 'auto_increment', 'select,insert,update,references', ''),
(NULL, 'rieglepr_inventory', 'doc_orders', 'Cust_ID', 2, NULL, 'NO', 'bigint', NULL, NULL, 19, 0, NULL, NULL, 'bigint(20)', '', '', 'select,insert,update,references', ''),
(NULL, 'rieglepr_inventory', 'doc_orders', 'Cust_Login_ID', 3, NULL, 'NO', 'bigint', NULL, NULL, 19, 0, NULL, NULL, 'bigint(20)', '', '', 'select,insert,update,references', ''),
(NULL, 'rieglepr_inventory', 'doc_orders', 'Doc_Order_Date', 4, NULL, 'NO', 'date', NULL, NULL, NULL, NULL, NULL, NULL, 'date', '', '', 'select,insert,update,references', ''),
(NULL, 'rieglepr_inventory', 'documents', 'Doc_ID', 1, NULL, 'NO', 'int', NULL, NULL, 10, 0, NULL, NULL, 'int(11)', '', '', 'select,insert,update,references', ''),
(NULL, 'rieglepr_inventory', 'documents', 'Doc_Desc', 2, NULL, 'NO', 'varchar', 255, 255, NULL, NULL, 'latin1', 'latin1_swedish_ci', 'varchar(255)', '', '', 'select,insert,update,references', ''),
(NULL, 'rieglepr_inventory', 'documents', 'Doc_Loc', 3, NULL, 'NO', 'varchar', 255, 255, NULL, NULL, 'latin1', 'latin1_swedish_ci', 'varchar(255)', '', '', 'select,insert,update,references', ''),
(NULL, 'rieglepr_inventory', 'documents', 'Doc_Type', 4, NULL, 'NO', 'varchar', 25, 25, NULL, NULL, 'latin1', 'latin1_swedish_ci', 'varchar(25)', '', '', 'select,insert,update,references', ''),
(NULL, 'rieglepr_inventory', 'documents', 'Doc_Image', 5, NULL, 'NO', 'varchar', 255, 255, NULL, NULL, 'latin1', 'latin1_swedish_ci', 'varchar(255)', '', '', 'select,insert,update,references', ''),
(NULL, 'rieglepr_inventory', 'documents', 'Doc_Pgcnt', 6, NULL, 'NO', 'int', NULL, NULL, 10, 0, NULL, NULL, 'int(11)', '', '', 'select,insert,update,references', ''),
(NULL, 'rieglepr_inventory', 'order_items', 'Order_ID', 1, NULL, 'NO', 'bigint', NULL, NULL, 19, 0, NULL, NULL, 'bigint(20)', '', '', 'select,insert,update,references', ''),
(NULL, 'rieglepr_inventory', 'order_items', 'Part_ID', 2, NULL, 'NO', 'bigint', NULL, NULL, 19, 0, NULL, NULL, 'bigint(20)', '', '', 'select,insert,update,references', ''),
(NULL, 'rieglepr_inventory', 'order_items', 'Order_Item_No', 3, NULL, 'NO', 'smallint', NULL, NULL, 5, 0, NULL, NULL, 'smallint(6)', '', '', 'select,insert,update,references', ''),
(NULL, 'rieglepr_inventory', 'order_items', 'Order_Amount', 4, NULL, 'NO', 'bigint', NULL, NULL, 19, 0, NULL, NULL, 'bigint(20)', '', '', 'select,insert,update,references', ''),
(NULL, 'rieglepr_inventory', 'order_items', 'Order_Item_Description', 5, NULL, 'NO', 'varchar', 255, 255, NULL, NULL, 'latin1', 'latin1_swedish_ci', 'varchar(255)', '', '', 'select,insert,update,references', ''),
(NULL, 'rieglepr_inventory', 'order_items', 'Order_Item_Cost', 6, NULL, 'NO', 'decimal', NULL, NULL, 10, 2, NULL, NULL, 'decimal(10,2)', '', '', 'select,insert,update,references', ''),
(NULL, 'rieglepr_inventory', 'orders', 'Order_ID', 1, NULL, 'NO', 'bigint', NULL, NULL, 19, 0, NULL, NULL, 'bigint(20)', 'PRI', 'auto_increment', 'select,insert,update,references', ''),
(NULL, 'rieglepr_inventory', 'orders', 'Cust_ID', 2, NULL, 'NO', 'bigint', NULL, NULL, 19, 0, NULL, NULL, 'bigint(20)', '', '', 'select,insert,update,references', ''),
(NULL, 'rieglepr_inventory', 'orders', 'Cust_Login_ID', 3, NULL, 'NO', 'bigint', NULL, NULL, 19, 0, NULL, NULL, 'bigint(20)', '', '', 'select,insert,update,references', ''),
(NULL, 'rieglepr_inventory', 'orders', 'Order_Date', 4, NULL, 'NO', 'date', NULL, NULL, NULL, NULL, NULL, NULL, 'date', '', '', 'select,insert,update,references', ''),
(NULL, 'rieglepr_inventory', 'orders', 'Order_Type', 5, NULL, 'NO', 'char', 1, 1, NULL, NULL, 'latin1', 'latin1_swedish_ci', 'char(1)', '', '', 'select,insert,update,references', ''),
(NULL, 'rieglepr_inventory', 'orders', 'Order_Sub', 6, NULL, 'NO', 'enum', 3, 3, NULL, NULL, 'latin1', 'latin1_swedish_ci', 'enum(''yes'',''no'')', '', '', 'select,insert,update,references', ''),
(NULL, 'rieglepr_inventory', 'orders', 'Ship_Location_ID', 7, NULL, 'NO', 'bigint', NULL, NULL, 19, 0, NULL, NULL, 'bigint(20)', '', '', 'select,insert,update,references', ''),
(NULL, 'rieglepr_inventory', 'orders', 'Order_Del_Date', 8, NULL, 'NO', 'date', NULL, NULL, NULL, NULL, NULL, NULL, 'date', '', '', 'select,insert,update,references', ''),
(NULL, 'rieglepr_inventory', 'orders', 'Order_Del_Text', 9, NULL, 'NO', 'varchar', 50, 50, NULL, NULL, 'latin1', 'latin1_swedish_ci', 'varchar(50)', '', '', 'select,insert,update,references', ''),
(NULL, 'rieglepr_inventory', 'orders', 'Order_Status', 10, 'o', 'NO', 'varchar', 1, 1, NULL, NULL, 'latin1', 'latin1_swedish_ci', 'varchar(1)', '', '', 'select,insert,update,references', ''),
(NULL, 'rieglepr_inventory', 'orders', 'Order_Cost', 11, NULL, 'NO', 'decimal', NULL, NULL, 10, 2, NULL, NULL, 'decimal(10,2)', '', '', 'select,insert,update,references', ''),
(NULL, 'rieglepr_inventory', 'orders', 'Order_Attn', 12, NULL, 'NO', 'varchar', 255, 255, NULL, NULL, 'latin1', 'latin1_swedish_ci', 'varchar(255)', '', '', 'select,insert,update,references', ''),
(NULL, 'rieglepr_inventory', 'parts', 'Part_ID', 1, NULL, 'NO', 'bigint', NULL, NULL, 19, 0, NULL, NULL, 'bigint(20)', 'PRI', '', 'select,insert,update,references', ''),
(NULL, 'rieglepr_inventory', 'parts', 'Customer_ID', 2, NULL, 'NO', 'bigint', NULL, NULL, 19, 0, NULL, NULL, 'bigint(20)', '', '', 'select,insert,update,references', ''),
(NULL, 'rieglepr_inventory', 'parts', 'Part_Desc', 3, NULL, 'NO', 'varchar', 50, 50, NULL, NULL, 'latin1', 'latin1_swedish_ci', 'varchar(50)', 'MUL', '', 'select,insert,update,references', ''),
(NULL, 'rieglepr_inventory', 'parts', 'Part_No', 4, NULL, 'NO', 'varchar', 25, 25, NULL, NULL, 'latin1', 'latin1_swedish_ci', 'varchar(25)', '', '', 'select,insert,update,references', ''),
(NULL, 'rieglepr_inventory', 'parts', 'Part_Pix', 5, NULL, 'NO', 'varchar', 100, 100, NULL, NULL, 'latin1', 'latin1_swedish_ci', 'varchar(100)', '', '', 'select,insert,update,references', ''),
(NULL, 'rieglepr_inventory', 'parts', 'Part_Type', 6, NULL, 'NO', 'varchar', 25, 25, NULL, NULL, 'latin1', 'latin1_swedish_ci', 'varchar(25)', '', '', 'select,insert,update,references', ''),
(NULL, 'rieglepr_inventory', 'parts', 'Part_Unit', 7, NULL, 'NO', 'varchar', 12, 12, NULL, NULL, 'latin1', 'latin1_swedish_ci', 'varchar(12)', '', '', 'select,insert,update,references', ''),
(NULL, 'rieglepr_inventory', 'parts', 'Part_Unit_Qty', 8, NULL, 'NO', 'smallint', NULL, NULL, 5, 0, NULL, NULL, 'smallint(6)', '', '', 'select,insert,update,references', ''),
(NULL, 'rieglepr_inventory', 'parts', 'Part_Inv_Qty', 9, NULL, 'NO', 'int', NULL, NULL, 10, 0, NULL, NULL, 'int(11)', '', '', 'select,insert,update,references', ''),
(NULL, 'rieglepr_inventory', 'parts', 'Part_Inv_Thres', 10, '0', 'NO', 'int', NULL, NULL, 10, 0, NULL, NULL, 'int(11)', '', '', 'select,insert,update,references', ''),
(NULL, 'rieglepr_inventory', 'parts', 'Part_Res_Flag', 11, '0', 'NO', 'smallint', NULL, NULL, 5, 0, NULL, NULL, 'smallint(1)', '', '', 'select,insert,update,references', ''),
(NULL, 'rieglepr_inventory', 'parts', 'Part_Cost', 12, NULL, 'NO', 'decimal', NULL, NULL, 10, 2, NULL, NULL, 'decimal(10,2)', '', '', 'select,insert,update,references', ''),
(NULL, 'rieglepr_inventory', 'quotes', 'qte_id', 1, NULL, 'NO', 'bigint', NULL, NULL, 19, 0, NULL, NULL, 'bigint(20)', 'PRI', 'auto_increment', 'select,insert,update,references', ''),
(NULL, 'rieglepr_inventory', 'quotes', 'qte_date', 2, NULL, 'NO', 'date', NULL, NULL, NULL, NULL, NULL, NULL, 'date', '', '', 'select,insert,update,references', ''),
(NULL, 'rieglepr_inventory', 'quotes', 'qte_name', 3, NULL, 'NO', 'varchar', 255, 255, NULL, NULL, 'latin1', 'latin1_swedish_ci', 'varchar(255)', '', '', 'select,insert,update,references', ''),
(NULL, 'rieglepr_inventory', 'quotes', 'qte_business', 4, NULL, 'NO', 'varchar', 255, 255, NULL, NULL, 'latin1', 'latin1_swedish_ci', 'varchar(255)', '', '', 'select,insert,update,references', ''),
(NULL, 'rieglepr_inventory', 'quotes', 'qte_phone', 5, NULL, 'NO', 'varchar', 255, 255, NULL, NULL, 'latin1', 'latin1_swedish_ci', 'varchar(255)', '', '', 'select,insert,update,references', ''),
(NULL, 'rieglepr_inventory', 'quotes', 'qte_email', 6, NULL, 'NO', 'varchar', 255, 255, NULL, NULL, 'latin1', 'latin1_swedish_ci', 'varchar(255)', '', '', 'select,insert,update,references', ''),
(NULL, 'rieglepr_inventory', 'quotes', 'qte_title', 7, NULL, 'NO', 'varchar', 255, 255, NULL, NULL, 'latin1', 'latin1_swedish_ci', 'varchar(255)', '', '', 'select,insert,update,references', ''),
(NULL, 'rieglepr_inventory', 'quotes', 'qte_qty1', 8, NULL, 'NO', 'int', NULL, NULL, 10, 0, NULL, NULL, 'int(11)', '', '', 'select,insert,update,references', ''),
(NULL, 'rieglepr_inventory', 'quotes', 'qte_qty2', 9, NULL, 'NO', 'int', NULL, NULL, 10, 0, NULL, NULL, 'int(11)', '', '', 'select,insert,update,references', ''),
(NULL, 'rieglepr_inventory', 'quotes', 'qte_qty3', 10, NULL, 'NO', 'int', NULL, NULL, 10, 0, NULL, NULL, 'int(11)', '', '', 'select,insert,update,references', ''),
(NULL, 'rieglepr_inventory', 'quotes', 'qte_desc', 11, NULL, 'NO', 'varchar', 255, 255, NULL, NULL, 'latin1', 'latin1_swedish_ci', 'varchar(255)', '', '', 'select,insert,update,references', ''),
(NULL, 'rieglepr_inventory', 'ship_locations', 'Ship_Location_ID', 1, NULL, 'NO', 'bigint', NULL, NULL, 19, 0, NULL, NULL, 'bigint(20)', '', '', 'select,insert,update,references', ''),
(NULL, 'rieglepr_inventory', 'ship_locations', 'Cust_ID', 2, NULL, 'NO', 'bigint', NULL, NULL, 19, 0, NULL, NULL, 'bigint(20)', '', '', 'select,insert,update,references', ''),
(NULL, 'rieglepr_inventory', 'ship_locations', 'Ship_Name', 3, NULL, 'NO', 'varchar', 50, 50, NULL, NULL, 'latin1', 'latin1_swedish_ci', 'varchar(50)', 'PRI', '', 'select,insert,update,references', ''),
(NULL, 'rieglepr_inventory', 'ship_locations', 'Ship_Street', 4, NULL, 'NO', 'varchar', 50, 50, NULL, NULL, 'latin1', 'latin1_swedish_ci', 'varchar(50)', '', '', 'select,insert,update,references', ''),
(NULL, 'rieglepr_inventory', 'ship_locations', 'Ship_City', 5, NULL, 'NO', 'varchar', 50, 50, NULL, NULL, 'latin1', 'latin1_swedish_ci', 'varchar(50)', '', '', 'select,insert,update,references', ''),
(NULL, 'rieglepr_inventory', 'ship_locations', 'Ship_State', 6, NULL, 'NO', 'varchar', 2, 2, NULL, NULL, 'latin1', 'latin1_swedish_ci', 'varchar(2)', '', '', 'select,insert,update,references', ''),
(NULL, 'rieglepr_inventory', 'ship_locations', 'Ship_Zip', 7, NULL, 'NO', 'varchar', 12, 12, NULL, NULL, 'latin1', 'latin1_swedish_ci', 'varchar(12)', '', '', 'select,insert,update,references', '');

-- --------------------------------------------------------

--
-- Table structure for table `COLUMN_PRIVILEGES`
--

CREATE TEMPORARY TABLE `COLUMN_PRIVILEGES` (
  `GRANTEE` varchar(81) NOT NULL DEFAULT '',
  `TABLE_CATALOG` varchar(512) DEFAULT NULL,
  `TABLE_SCHEMA` varchar(64) NOT NULL DEFAULT '',
  `TABLE_NAME` varchar(64) NOT NULL DEFAULT '',
  `COLUMN_NAME` varchar(64) NOT NULL DEFAULT '',
  `PRIVILEGE_TYPE` varchar(64) NOT NULL DEFAULT '',
  `IS_GRANTABLE` varchar(3) NOT NULL DEFAULT ''
) ENGINE=MEMORY DEFAULT CHARSET=utf8;

--
-- Dumping data for table `COLUMN_PRIVILEGES`
--


-- --------------------------------------------------------

--
-- Table structure for table `ENGINES`
--

CREATE TEMPORARY TABLE `ENGINES` (
  `ENGINE` varchar(64) NOT NULL DEFAULT '',
  `SUPPORT` varchar(8) NOT NULL DEFAULT '',
  `COMMENT` varchar(80) NOT NULL DEFAULT '',
  `TRANSACTIONS` varchar(3) DEFAULT NULL,
  `XA` varchar(3) DEFAULT NULL,
  `SAVEPOINTS` varchar(3) DEFAULT NULL
) ENGINE=MEMORY DEFAULT CHARSET=utf8;

--
-- Dumping data for table `ENGINES`
--

INSERT INTO `ENGINES` (`ENGINE`, `SUPPORT`, `COMMENT`, `TRANSACTIONS`, `XA`, `SAVEPOINTS`) VALUES
('MyISAM', 'DEFAULT', 'Default engine as of MySQL 3.23 with great performance', 'NO', 'NO', 'NO'),
('CSV', 'YES', 'CSV storage engine', 'NO', 'NO', 'NO'),
('MRG_MYISAM', 'YES', 'Collection of identical MyISAM tables', 'NO', 'NO', 'NO'),
('BLACKHOLE', 'YES', '/dev/null storage engine (anything you write to it disappears)', 'NO', 'NO', 'NO'),
('FEDERATED', 'NO', 'Federated MySQL storage engine', NULL, NULL, NULL),
('InnoDB', 'YES', 'Supports transactions, row-level locking, and foreign keys', 'YES', 'YES', 'YES'),
('ARCHIVE', 'YES', 'Archive storage engine', 'NO', 'NO', 'NO'),
('MEMORY', 'YES', 'Hash based, stored in memory, useful for temporary tables', 'NO', 'NO', 'NO');

-- --------------------------------------------------------

--
-- Table structure for table `EVENTS`
--

CREATE TEMPORARY TABLE `EVENTS` (
  `EVENT_CATALOG` varchar(64) DEFAULT NULL,
  `EVENT_SCHEMA` varchar(64) NOT NULL DEFAULT '',
  `EVENT_NAME` varchar(64) NOT NULL DEFAULT '',
  `DEFINER` varchar(77) NOT NULL DEFAULT '',
  `TIME_ZONE` varchar(64) NOT NULL DEFAULT '',
  `EVENT_BODY` varchar(8) NOT NULL DEFAULT '',
  `EVENT_DEFINITION` longtext NOT NULL,
  `EVENT_TYPE` varchar(9) NOT NULL DEFAULT '',
  `EXECUTE_AT` datetime DEFAULT NULL,
  `INTERVAL_VALUE` varchar(256) DEFAULT NULL,
  `INTERVAL_FIELD` varchar(18) DEFAULT NULL,
  `SQL_MODE` varchar(8192) NOT NULL DEFAULT '',
  `STARTS` datetime DEFAULT NULL,
  `ENDS` datetime DEFAULT NULL,
  `STATUS` varchar(18) NOT NULL DEFAULT '',
  `ON_COMPLETION` varchar(12) NOT NULL DEFAULT '',
  `CREATED` datetime NOT NULL DEFAULT '0000-00-00 00:00:00',
  `LAST_ALTERED` datetime NOT NULL DEFAULT '0000-00-00 00:00:00',
  `LAST_EXECUTED` datetime DEFAULT NULL,
  `EVENT_COMMENT` varchar(64) NOT NULL DEFAULT '',
  `ORIGINATOR` bigint(10) NOT NULL DEFAULT '0',
  `CHARACTER_SET_CLIENT` varchar(32) NOT NULL DEFAULT '',
  `COLLATION_CONNECTION` varchar(32) NOT NULL DEFAULT '',
  `DATABASE_COLLATION` varchar(32) NOT NULL DEFAULT ''
) ENGINE=MyISAM DEFAULT CHARSET=utf8;

--
-- Dumping data for table `EVENTS`
--


-- --------------------------------------------------------

--
-- Table structure for table `FILES`
--

CREATE TEMPORARY TABLE `FILES` (
  `FILE_ID` bigint(4) NOT NULL DEFAULT '0',
  `FILE_NAME` varchar(64) DEFAULT NULL,
  `FILE_TYPE` varchar(20) NOT NULL DEFAULT '',
  `TABLESPACE_NAME` varchar(64) DEFAULT NULL,
  `TABLE_CATALOG` varchar(64) DEFAULT NULL,
  `TABLE_SCHEMA` varchar(64) DEFAULT NULL,
  `TABLE_NAME` varchar(64) DEFAULT NULL,
  `LOGFILE_GROUP_NAME` varchar(64) DEFAULT NULL,
  `LOGFILE_GROUP_NUMBER` bigint(4) DEFAULT NULL,
  `ENGINE` varchar(64) NOT NULL DEFAULT '',
  `FULLTEXT_KEYS` varchar(64) DEFAULT NULL,
  `DELETED_ROWS` bigint(4) DEFAULT NULL,
  `UPDATE_COUNT` bigint(4) DEFAULT NULL,
  `FREE_EXTENTS` bigint(4) DEFAULT NULL,
  `TOTAL_EXTENTS` bigint(4) DEFAULT NULL,
  `EXTENT_SIZE` bigint(4) NOT NULL DEFAULT '0',
  `INITIAL_SIZE` bigint(21) unsigned DEFAULT NULL,
  `MAXIMUM_SIZE` bigint(21) unsigned DEFAULT NULL,
  `AUTOEXTEND_SIZE` bigint(21) unsigned DEFAULT NULL,
  `CREATION_TIME` datetime DEFAULT NULL,
  `LAST_UPDATE_TIME` datetime DEFAULT NULL,
  `LAST_ACCESS_TIME` datetime DEFAULT NULL,
  `RECOVER_TIME` bigint(4) DEFAULT NULL,
  `TRANSACTION_COUNTER` bigint(4) DEFAULT NULL,
  `VERSION` bigint(21) unsigned DEFAULT NULL,
  `ROW_FORMAT` varchar(10) DEFAULT NULL,
  `TABLE_ROWS` bigint(21) unsigned DEFAULT NULL,
  `AVG_ROW_LENGTH` bigint(21) unsigned DEFAULT NULL,
  `DATA_LENGTH` bigint(21) unsigned DEFAULT NULL,
  `MAX_DATA_LENGTH` bigint(21) unsigned DEFAULT NULL,
  `INDEX_LENGTH` bigint(21) unsigned DEFAULT NULL,
  `DATA_FREE` bigint(21) unsigned DEFAULT NULL,
  `CREATE_TIME` datetime DEFAULT NULL,
  `UPDATE_TIME` datetime DEFAULT NULL,
  `CHECK_TIME` datetime DEFAULT NULL,
  `CHECKSUM` bigint(21) unsigned DEFAULT NULL,
  `STATUS` varchar(20) NOT NULL DEFAULT '',
  `EXTRA` varchar(255) DEFAULT NULL
) ENGINE=MEMORY DEFAULT CHARSET=utf8;

--
-- Dumping data for table `FILES`
--


-- --------------------------------------------------------

--
-- Table structure for table `GLOBAL_STATUS`
--

CREATE TEMPORARY TABLE `GLOBAL_STATUS` (
  `VARIABLE_NAME` varchar(64) NOT NULL DEFAULT '',
  `VARIABLE_VALUE` varchar(1024) DEFAULT NULL
) ENGINE=MEMORY DEFAULT CHARSET=utf8;

--
-- Dumping data for table `GLOBAL_STATUS`
--

INSERT INTO `GLOBAL_STATUS` (`VARIABLE_NAME`, `VARIABLE_VALUE`) VALUES
('ABORTED_CLIENTS', '0'),
('ABORTED_CONNECTS', '0'),
('BINLOG_CACHE_DISK_USE', '0'),
('BINLOG_CACHE_USE', '0'),
('BYTES_RECEIVED', '121152'),
('BYTES_SENT', '485739'),
('COM_ADMIN_COMMANDS', '0'),
('COM_ASSIGN_TO_KEYCACHE', '0'),
('COM_ALTER_DB', '0'),
('COM_ALTER_DB_UPGRADE', '0'),
('COM_ALTER_EVENT', '0'),
('COM_ALTER_FUNCTION', '0'),
('COM_ALTER_PROCEDURE', '0'),
('COM_ALTER_SERVER', '0'),
('COM_ALTER_TABLE', '1'),
('COM_ALTER_TABLESPACE', '0'),
('COM_ANALYZE', '0'),
('COM_BACKUP_TABLE', '0'),
('COM_BEGIN', '0'),
('COM_BINLOG', '0'),
('COM_CALL_PROCEDURE', '0'),
('COM_CHANGE_DB', '124'),
('COM_CHANGE_MASTER', '0'),
('COM_CHECK', '0'),
('COM_CHECKSUM', '0'),
('COM_COMMIT', '0'),
('COM_CREATE_DB', '0'),
('COM_CREATE_EVENT', '0'),
('COM_CREATE_FUNCTION', '0'),
('COM_CREATE_INDEX', '0'),
('COM_CREATE_PROCEDURE', '0'),
('COM_CREATE_SERVER', '0'),
('COM_CREATE_TABLE', '1'),
('COM_CREATE_TRIGGER', '0'),
('COM_CREATE_UDF', '0'),
('COM_CREATE_USER', '0'),
('COM_CREATE_VIEW', '0'),
('COM_DEALLOC_SQL', '0'),
('COM_DELETE', '0'),
('COM_DELETE_MULTI', '0'),
('COM_DO', '0'),
('COM_DROP_DB', '0'),
('COM_DROP_EVENT', '0'),
('COM_DROP_FUNCTION', '0'),
('COM_DROP_INDEX', '0'),
('COM_DROP_PROCEDURE', '0'),
('COM_DROP_SERVER', '0'),
('COM_DROP_TABLE', '0'),
('COM_DROP_TRIGGER', '0'),
('COM_DROP_USER', '0'),
('COM_DROP_VIEW', '0'),
('COM_EMPTY_QUERY', '0'),
('COM_EXECUTE_SQL', '0'),
('COM_FLUSH', '0'),
('COM_GRANT', '0'),
('COM_HA_CLOSE', '0'),
('COM_HA_OPEN', '0'),
('COM_HA_READ', '0'),
('COM_HELP', '0'),
('COM_INSERT', '181'),
('COM_INSERT_SELECT', '0'),
('COM_INSTALL_PLUGIN', '0'),
('COM_KILL', '0'),
('COM_LOAD', '0'),
('COM_LOAD_MASTER_DATA', '0'),
('COM_LOAD_MASTER_TABLE', '0'),
('COM_LOCK_TABLES', '0'),
('COM_OPTIMIZE', '0'),
('COM_PRELOAD_KEYS', '0'),
('COM_PREPARE_SQL', '0'),
('COM_PURGE', '0'),
('COM_PURGE_BEFORE_DATE', '0'),
('COM_RELEASE_SAVEPOINT', '0'),
('COM_RENAME_TABLE', '0'),
('COM_RENAME_USER', '0'),
('COM_REPAIR', '0'),
('COM_REPLACE', '0'),
('COM_REPLACE_SELECT', '0'),
('COM_RESET', '0'),
('COM_RESTORE_TABLE', '0'),
('COM_REVOKE', '0'),
('COM_REVOKE_ALL', '0'),
('COM_ROLLBACK', '0'),
('COM_ROLLBACK_TO_SAVEPOINT', '0'),
('COM_SAVEPOINT', '0'),
('COM_SELECT', '315'),
('COM_SET_OPTION', '243'),
('COM_SHOW_AUTHORS', '0'),
('COM_SHOW_BINLOG_EVENTS', '0'),
('COM_SHOW_BINLOGS', '3'),
('COM_SHOW_CHARSETS', '2'),
('COM_SHOW_COLLATIONS', '2'),
('COM_SHOW_COLUMN_TYPES', '0'),
('COM_SHOW_CONTRIBUTORS', '0'),
('COM_SHOW_CREATE_DB', '0'),
('COM_SHOW_CREATE_EVENT', '0'),
('COM_SHOW_CREATE_FUNC', '0'),
('COM_SHOW_CREATE_PROC', '0'),
('COM_SHOW_CREATE_TABLE', '45'),
('COM_SHOW_CREATE_TRIGGER', '0'),
('COM_SHOW_DATABASES', '9'),
('COM_SHOW_ENGINE_LOGS', '0'),
('COM_SHOW_ENGINE_MUTEX', '0'),
('COM_SHOW_ENGINE_STATUS', '0'),
('COM_SHOW_EVENTS', '0'),
('COM_SHOW_ERRORS', '0'),
('COM_SHOW_FIELDS', '57'),
('COM_SHOW_FUNCTION_STATUS', '0'),
('COM_SHOW_GRANTS', '2'),
('COM_SHOW_KEYS', '30'),
('COM_SHOW_MASTER_STATUS', '0'),
('COM_SHOW_NEW_MASTER', '0'),
('COM_SHOW_OPEN_TABLES', '0'),
('COM_SHOW_PLUGINS', '58'),
('COM_SHOW_PRIVILEGES', '0'),
('COM_SHOW_PROCEDURE_STATUS', '0'),
('COM_SHOW_PROCESSLIST', '0'),
('COM_SHOW_PROFILE', '0'),
('COM_SHOW_PROFILES', '0'),
('COM_SHOW_SLAVE_HOSTS', '0'),
('COM_SHOW_SLAVE_STATUS', '0'),
('COM_SHOW_STATUS', '0'),
('COM_SHOW_STORAGE_ENGINES', '1'),
('COM_SHOW_TABLE_STATUS', '81'),
('COM_SHOW_TABLES', '59'),
('COM_SHOW_TRIGGERS', '16'),
('COM_SHOW_VARIABLES', '9'),
('COM_SHOW_WARNINGS', '1'),
('COM_SLAVE_START', '0'),
('COM_SLAVE_STOP', '0'),
('COM_STMT_CLOSE', '0'),
('COM_STMT_EXECUTE', '0'),
('COM_STMT_FETCH', '0'),
('COM_STMT_PREPARE', '0'),
('COM_STMT_REPREPARE', '0'),
('COM_STMT_RESET', '0'),
('COM_STMT_SEND_LONG_DATA', '0'),
('COM_TRUNCATE', '0'),
('COM_UNINSTALL_PLUGIN', '0'),
('COM_UNLOCK_TABLES', '0'),
('COM_UPDATE', '0'),
('COM_UPDATE_MULTI', '0'),
('COM_XA_COMMIT', '0'),
('COM_XA_END', '0'),
('COM_XA_PREPARE', '0'),
('COM_XA_RECOVER', '0'),
('COM_XA_ROLLBACK', '0'),
('COM_XA_START', '0'),
('COMPRESSION', 'OFF'),
('CONNECTIONS', '324'),
('CREATED_TMP_DISK_TABLES', '161'),
('CREATED_TMP_FILES', '5'),
('CREATED_TMP_TABLES', '420'),
('DELAYED_ERRORS', '0'),
('DELAYED_INSERT_THREADS', '0'),
('DELAYED_WRITES', '0'),
('FLUSH_COMMANDS', '1'),
('HANDLER_COMMIT', '0'),
('HANDLER_DELETE', '0'),
('HANDLER_DISCOVER', '0'),
('HANDLER_PREPARE', '0'),
('HANDLER_READ_FIRST', '116'),
('HANDLER_READ_KEY', '8'),
('HANDLER_READ_NEXT', '263'),
('HANDLER_READ_PREV', '0'),
('HANDLER_READ_RND', '0'),
('HANDLER_READ_RND_NEXT', '6563'),
('HANDLER_ROLLBACK', '0'),
('HANDLER_SAVEPOINT', '0'),
('HANDLER_SAVEPOINT_ROLLBACK', '0'),
('HANDLER_UPDATE', '0'),
('HANDLER_WRITE', '3240'),
('INNODB_BUFFER_POOL_PAGES_DATA', '35'),
('INNODB_BUFFER_POOL_PAGES_DIRTY', '0'),
('INNODB_BUFFER_POOL_PAGES_FLUSHED', '0'),
('INNODB_BUFFER_POOL_PAGES_FREE', '989'),
('INNODB_BUFFER_POOL_PAGES_MISC', '0'),
('INNODB_BUFFER_POOL_PAGES_TOTAL', '1024'),
('INNODB_BUFFER_POOL_READ_AHEAD_RND', '1'),
('INNODB_BUFFER_POOL_READ_AHEAD_SEQ', '0'),
('INNODB_BUFFER_POOL_READ_REQUESTS', '109'),
('INNODB_BUFFER_POOL_READS', '12'),
('INNODB_BUFFER_POOL_WAIT_FREE', '0'),
('INNODB_BUFFER_POOL_WRITE_REQUESTS', '0'),
('INNODB_DATA_FSYNCS', '3'),
('INNODB_DATA_PENDING_FSYNCS', '0'),
('INNODB_DATA_PENDING_READS', '0'),
('INNODB_DATA_PENDING_WRITES', '0'),
('INNODB_DATA_READ', '2756608'),
('INNODB_DATA_READS', '45'),
('INNODB_DATA_WRITES', '3'),
('INNODB_DATA_WRITTEN', '1536'),
('INNODB_DBLWR_PAGES_WRITTEN', '0'),
('INNODB_DBLWR_WRITES', '0'),
('INNODB_LOG_WAITS', '0'),
('INNODB_LOG_WRITE_REQUESTS', '0'),
('INNODB_LOG_WRITES', '1'),
('INNODB_OS_LOG_FSYNCS', '3'),
('INNODB_OS_LOG_PENDING_FSYNCS', '0'),
('INNODB_OS_LOG_PENDING_WRITES', '0'),
('INNODB_OS_LOG_WRITTEN', '512'),
('INNODB_PAGE_SIZE', '16384'),
('INNODB_PAGES_CREATED', '0'),
('INNODB_PAGES_READ', '35'),
('INNODB_PAGES_WRITTEN', '0'),
('INNODB_ROW_LOCK_CURRENT_WAITS', '0'),
('INNODB_ROW_LOCK_TIME', '0'),
('INNODB_ROW_LOCK_TIME_AVG', '0'),
('INNODB_ROW_LOCK_TIME_MAX', '0'),
('INNODB_ROW_LOCK_WAITS', '0'),
('INNODB_ROWS_DELETED', '0'),
('INNODB_ROWS_INSERTED', '0'),
('INNODB_ROWS_READ', '0'),
('INNODB_ROWS_UPDATED', '0'),
('KEY_BLOCKS_NOT_FLUSHED', '0'),
('KEY_BLOCKS_UNUSED', '14346'),
('KEY_BLOCKS_USED', '20'),
('KEY_READ_REQUESTS', '205'),
('KEY_READS', '40'),
('KEY_WRITE_REQUESTS', '171'),
('KEY_WRITES', '171'),
('LAST_QUERY_COST', '0.000000'),
('MAX_USED_CONNECTIONS', '4'),
('NOT_FLUSHED_DELAYED_ROWS', '0'),
('OPEN_FILES', '34'),
('OPEN_STREAMS', '0'),
('OPEN_TABLE_DEFINITIONS', '44'),
('OPEN_TABLES', '17'),
('OPENED_FILES', '1317'),
('OPENED_TABLE_DEFINITIONS', '48'),
('OPENED_TABLES', '151'),
('PREPARED_STMT_COUNT', '0'),
('QCACHE_FREE_BLOCKS', '0'),
('QCACHE_FREE_MEMORY', '0'),
('QCACHE_HITS', '0'),
('QCACHE_INSERTS', '0'),
('QCACHE_LOWMEM_PRUNES', '0'),
('QCACHE_NOT_CACHED', '0'),
('QCACHE_QUERIES_IN_CACHE', '0'),
('QCACHE_TOTAL_BLOCKS', '0'),
('QUERIES', '1569'),
('QUESTIONS', '1569'),
('RPL_STATUS', 'NULL'),
('SELECT_FULL_JOIN', '8'),
('SELECT_FULL_RANGE_JOIN', '0'),
('SELECT_RANGE', '0'),
('SELECT_RANGE_CHECK', '0'),
('SELECT_SCAN', '489'),
('SLAVE_OPEN_TEMP_TABLES', '0'),
('SLAVE_RETRIED_TRANSACTIONS', '0'),
('SLAVE_RUNNING', 'OFF'),
('SLOW_LAUNCH_THREADS', '0'),
('SLOW_QUERIES', '0'),
('SORT_MERGE_PASSES', '0'),
('SORT_RANGE', '0'),
('SORT_ROWS', '84'),
('SORT_SCAN', '10'),
('SSL_ACCEPT_RENEGOTIATES', '0'),
('SSL_ACCEPTS', '0'),
('SSL_CALLBACK_CACHE_HITS', '0'),
('SSL_CIPHER', ''),
('SSL_CIPHER_LIST', ''),
('SSL_CLIENT_CONNECTS', '0'),
('SSL_CONNECT_RENEGOTIATES', '0'),
('SSL_CTX_VERIFY_DEPTH', '0'),
('SSL_CTX_VERIFY_MODE', '0'),
('SSL_DEFAULT_TIMEOUT', '0'),
('SSL_FINISHED_ACCEPTS', '0'),
('SSL_FINISHED_CONNECTS', '0'),
('SSL_SESSION_CACHE_HITS', '0'),
('SSL_SESSION_CACHE_MISSES', '0'),
('SSL_SESSION_CACHE_MODE', 'NONE'),
('SSL_SESSION_CACHE_OVERFLOWS', '0'),
('SSL_SESSION_CACHE_SIZE', '0'),
('SSL_SESSION_CACHE_TIMEOUTS', '0'),
('SSL_SESSIONS_REUSED', '0'),
('SSL_USED_SESSION_CACHE_ENTRIES', '0'),
('SSL_VERIFY_DEPTH', '0'),
('SSL_VERIFY_MODE', '0'),
('SSL_VERSION', ''),
('TABLE_LOCKS_IMMEDIATE', '508'),
('TABLE_LOCKS_WAITED', '0'),
('TC_LOG_MAX_PAGES_USED', '0'),
('TC_LOG_PAGE_SIZE', '0'),
('TC_LOG_PAGE_WAITS', '0'),
('THREADS_CACHED', '0'),
('THREADS_CONNECTED', '2'),
('THREADS_CREATED', '323'),
('THREADS_RUNNING', '1'),
('UPTIME', '13413'),
('UPTIME_SINCE_FLUSH_STATUS', '13413');

-- --------------------------------------------------------

--
-- Table structure for table `GLOBAL_VARIABLES`
--

CREATE TEMPORARY TABLE `GLOBAL_VARIABLES` (
  `VARIABLE_NAME` varchar(64) NOT NULL DEFAULT '',
  `VARIABLE_VALUE` varchar(1024) DEFAULT NULL
) ENGINE=MEMORY DEFAULT CHARSET=utf8;

--
-- Dumping data for table `GLOBAL_VARIABLES`
--

INSERT INTO `GLOBAL_VARIABLES` (`VARIABLE_NAME`, `VARIABLE_VALUE`) VALUES
('MAX_PREPARED_STMT_COUNT', '16382'),
('CHARACTER_SET_CONNECTION', 'latin1'),
('HAVE_CRYPT', 'NO'),
('INIT_FILE', ''),
('MYISAM_REPAIR_THREADS', '1'),
('AUTOMATIC_SP_PRIVILEGES', 'ON'),
('MAX_ERROR_COUNT', '64'),
('BACK_LOG', '50'),
('SORT_BUFFER_SIZE', '524288'),
('LOG_QUERIES_NOT_USING_INDEXES', 'OFF'),
('LOG_WARNINGS', '1'),
('MYISAM_USE_MMAP', 'OFF'),
('DELAYED_INSERT_TIMEOUT', '300'),
('FLUSH', 'OFF'),
('LOG_BIN_TRUST_ROUTINE_CREATORS', 'OFF'),
('SLAVE_COMPRESSED_PROTOCOL', 'OFF'),
('RELAY_LOG', ''),
('CHARACTER_SETS_DIR', 'C:\\xampp\\mysql\\share\\charsets\\'),
('IDENTITY', '0'),
('BINLOG_CACHE_SIZE', '32768'),
('UPDATABLE_VIEWS_WITH_LIMIT', 'YES'),
('MAX_RELAY_LOG_SIZE', '0'),
('SLOW_LAUNCH_TIME', '2'),
('COMPLETION_TYPE', '0'),
('INNODB_LOCK_WAIT_TIMEOUT', '50'),
('FT_QUERY_EXPANSION_LIMIT', '20'),
('RELAY_LOG_INDEX', ''),
('SYNC_FRM', 'ON'),
('SQL_QUOTE_SHOW_CREATE', 'ON'),
('MAX_LENGTH_FOR_SORT_DATA', '1024'),
('SQL_LOG_UPDATE', 'ON'),
('DELAYED_QUEUE_SIZE', '1000'),
('INNODB_USE_LEGACY_CARDINALITY_ALGORITHM', 'ON'),
('FT_MAX_WORD_LEN', '84'),
('MYISAM_RECOVER_OPTIONS', 'OFF'),
('LARGE_PAGE_SIZE', '0'),
('MYISAM_STATS_METHOD', 'nulls_unequal'),
('CHARACTER_SET_CLIENT', 'latin1'),
('REPORT_HOST', ''),
('QUERY_CACHE_TYPE', 'ON'),
('SSL_KEY', ''),
('DELAYED_INSERT_LIMIT', '100'),
('SYSTEM_TIME_ZONE', 'Eastern Standard Time'),
('INTERACTIVE_TIMEOUT', '28800'),
('SLAVE_SKIP_ERRORS', 'OFF'),
('SQL_LOW_PRIORITY_UPDATES', 'OFF'),
('INSERT_ID', '0'),
('CONCURRENT_INSERT', '1'),
('RELAY_LOG_PURGE', 'ON'),
('DELAY_KEY_WRITE', 'ON'),
('SKIP_SHOW_DATABASE', 'OFF'),
('CONNECT_TIMEOUT', '10'),
('GROUP_CONCAT_MAX_LEN', '1024'),
('AUTO_INCREMENT_OFFSET', '1'),
('INNODB_LOG_BUFFER_SIZE', '8388608'),
('QUERY_CACHE_LIMIT', '1048576'),
('TABLE_DEFINITION_CACHE', '256'),
('JOIN_BUFFER_SIZE', '131072'),
('INNODB_MAX_PURGE_LAG', '0'),
('COLLATION_DATABASE', 'latin1_swedish_ci'),
('TRANSACTION_PREALLOC_SIZE', '4096'),
('MAX_BINLOG_SIZE', '1073741824'),
('VERSION_COMPILE_OS', 'Win32'),
('LARGE_PAGES', 'OFF'),
('SQL_NOTES', 'ON'),
('CHARACTER_SET_RESULTS', 'latin1'),
('LOW_PRIORITY_UPDATES', 'OFF'),
('MAX_CONNECT_ERRORS', '10'),
('REPORT_PASSWORD', ''),
('MAX_ALLOWED_PACKET', '1048576'),
('MAX_INSERT_DELAYED_THREADS', '20'),
('MAX_CONNECTIONS', '151'),
('HAVE_COMPRESS', 'YES'),
('BASEDIR', 'C:\\xampp\\mysql\\'),
('TRANSACTION_ALLOC_BLOCK_SIZE', '8192'),
('QUERY_CACHE_SIZE', '0'),
('THREAD_CACHE_SIZE', '0'),
('LANGUAGE', 'C:\\xampp\\mysql\\share\\english\\'),
('INNODB_DOUBLEWRITE', 'ON'),
('INNODB_CHECKSUMS', 'ON'),
('LARGE_FILES_SUPPORT', 'ON'),
('LOWER_CASE_TABLE_NAMES', '1'),
('DEFAULT_WEEK_FORMAT', '0'),
('PSEUDO_THREAD_ID', '0'),
('LOG_OUTPUT', 'FILE'),
('FT_MIN_WORD_LEN', '4'),
('COLLATION_SERVER', 'latin1_swedish_ci'),
('CHARACTER_SET_SERVER', 'latin1'),
('PROTOCOL_VERSION', '10'),
('LONG_QUERY_TIME', '10.000000'),
('HAVE_SYMLINK', 'YES'),
('FT_BOOLEAN_SYNTAX', '+ -><()~*:""&|'),
('TIME_ZONE', 'America/New_York'),
('MAX_HEAP_TABLE_SIZE', '16777216'),
('INNODB_TABLE_LOCKS', 'ON'),
('ENGINE_CONDITION_PUSHDOWN', 'ON'),
('INNODB_AUTOEXTEND_INCREMENT', '8'),
('KEY_CACHE_AGE_THRESHOLD', '300'),
('MYISAM_DATA_POINTER_SIZE', '6'),
('NET_RETRY_COUNT', '10'),
('INNODB_THREAD_SLEEP_DELAY', '10000'),
('NET_BUFFER_LENGTH', '8192'),
('SQL_AUTO_IS_NULL', 'ON'),
('MYISAM_MAX_SORT_FILE_SIZE', '2146435072'),
('SLAVE_TRANSACTION_RETRIES', '10'),
('INIT_SLAVE', ''),
('HAVE_GEOMETRY', 'YES'),
('INNODB_LOG_FILE_SIZE', '5242880'),
('GENERAL_LOG', 'OFF'),
('HAVE_COMMUNITY_FEATURES', 'YES'),
('TABLE_TYPE', 'MyISAM'),
('KEEP_FILES_ON_CREATE', 'OFF'),
('QUERY_CACHE_MIN_RES_UNIT', '4096'),
('QUERY_PREALLOC_SIZE', '8192'),
('INNODB_STATS_ON_METADATA', 'ON'),
('FLUSH_TIME', '1800'),
('INNODB_ROLLBACK_ON_TIMEOUT', 'OFF'),
('OLD_ALTER_TABLE', 'OFF'),
('PROFILING_HISTORY_SIZE', '15'),
('MYISAM_SORT_BUFFER_SIZE', '8388608'),
('INNODB_ADDITIONAL_MEM_POOL_SIZE', '2097152'),
('MAX_BINLOG_CACHE_SIZE', '4294963200'),
('READ_RND_BUFFER_SIZE', '524288'),
('READ_BUFFER_SIZE', '262144'),
('SECURE_AUTH', 'OFF'),
('BULK_INSERT_BUFFER_SIZE', '8388608'),
('BIG_TABLES', 'OFF'),
('MAX_SP_RECURSION_DEPTH', '0'),
('SQL_SELECT_LIMIT', '18446744073709551615'),
('OLD_PASSWORDS', 'OFF'),
('DATE_FORMAT', '%Y-%m-%d'),
('PLUGIN_DIR', 'C:\\xampp\\mysql\\lib/plugin'),
('READ_ONLY', 'OFF'),
('WARNING_COUNT', '0'),
('RAND_SEED1', ''),
('MAX_SEEKS_FOR_KEY', '4294967295'),
('INNODB_DATA_FILE_PATH', 'ibdata1:10M:autoextend'),
('FT_STOPWORD_FILE', '(built-in)'),
('QUERY_ALLOC_BLOCK_SIZE', '8192'),
('LOWER_CASE_FILE_SYSTEM', 'ON'),
('PROFILING', 'OFF'),
('NET_WRITE_TIMEOUT', '60'),
('HAVE_CSV', 'YES'),
('THREAD_STACK', '196608'),
('KEY_CACHE_DIVISION_LIMIT', '100'),
('OPEN_FILES_LIMIT', '755'),
('GENERAL_LOG_FILE', 'C:/xampp/mysql/data/mysql.log'),
('EVENT_SCHEDULER', 'OFF'),
('SSL_CERT', ''),
('SQL_BIG_TABLES', 'OFF'),
('AUTO_INCREMENT_INCREMENT', '1'),
('PID_FILE', 'C:\\xampp\\mysql\\data\\mysql.pid'),
('TMPDIR', 'C:/xampp/tmp/'),
('CHARACTER_SET_DATABASE', 'latin1'),
('EXPIRE_LOGS_DAYS', '0'),
('MIN_EXAMINED_ROW_LIMIT', '0'),
('HAVE_PARTITIONING', 'YES'),
('MAX_SORT_LENGTH', '1024'),
('FOREIGN_KEY_CHECKS', 'ON'),
('SSL_CAPATH', ''),
('RELAY_LOG_INFO_FILE', 'relay-log.info'),
('VERSION_COMMENT', 'Source distribution'),
('INNODB_AUTOINC_LOCK_MODE', '1'),
('OPTIMIZER_SWITCH', 'index_merge=on,index_merge_union=on,index_merge_sort_union=on,index_merge_intersection=on'),
('INNODB_COMMIT_CONCURRENCY', '0'),
('OPTIMIZER_PRUNE_LEVEL', '1'),
('INNODB_MIRRORED_LOG_GROUPS', '1'),
('QUERY_CACHE_WLOCK_INVALIDATE', 'OFF'),
('UNIQUE_CHECKS', 'ON'),
('MAX_WRITE_LOCK_COUNT', '4294967295'),
('VERSION', '5.1.41'),
('TIMED_MUTEXES', 'OFF'),
('INNODB_SUPPORT_XA', 'ON'),
('THREAD_HANDLING', 'one-thread-per-connection'),
('INNODB_SYNC_SPIN_LOOPS', '20'),
('IGNORE_BUILTIN_INNODB', 'OFF'),
('COLLATION_CONNECTION', 'latin1_swedish_ci'),
('SERVER_ID', '1'),
('HAVE_QUERY_CACHE', 'YES'),
('SKIP_NETWORKING', 'OFF'),
('INNODB_ADAPTIVE_HASH_INDEX', 'ON'),
('CHARACTER_SET_SYSTEM', 'utf8'),
('VERSION_COMPILE_MACHINE', 'ia32'),
('INIT_CONNECT', ''),
('DIV_PRECISION_INCREMENT', '4'),
('OPTIMIZER_SEARCH_DEPTH', '62'),
('DATADIR', 'C:\\xampp\\mysql\\data\\'),
('AUTOCOMMIT', 'ON'),
('INNODB_DATA_HOME_DIR', 'C:\\xampp\\mysql\\data\\'),
('SSL_CIPHER', ''),
('NAMED_PIPE', 'ON'),
('PRELOAD_BUFFER_SIZE', '32768'),
('SQL_SLAVE_SKIP_COUNTER', ''),
('TMP_TABLE_SIZE', '16777216'),
('TIME_FORMAT', '%H:%i:%s'),
('TABLE_LOCK_WAIT_TIMEOUT', '50'),
('INNODB_FORCE_RECOVERY', '0'),
('SHARED_MEMORY', 'OFF'),
('INNODB_LOG_FILES_IN_GROUP', '2'),
('HOSTNAME', 'Chris-Laptop'),
('ERROR_COUNT', '0'),
('LAST_INSERT_ID', '0'),
('HAVE_DYNAMIC_LOADING', 'YES'),
('LOG_BIN', 'OFF'),
('SYNC_BINLOG', '0'),
('SQL_MODE', ''),
('RELAY_LOG_SPACE_LIMIT', '0'),
('MAX_USER_CONNECTIONS', '0'),
('INNODB_OPEN_FILES', '300'),
('SLAVE_EXEC_MODE', 'STRICT'),
('OLD', 'OFF'),
('SQL_MAX_JOIN_SIZE', '18446744073709551615'),
('INNODB_MAX_DIRTY_PAGES_PCT', '90'),
('NEW', 'OFF'),
('TABLE_OPEN_CACHE', '64'),
('SECURE_FILE_PRIV', ''),
('KEY_BUFFER_SIZE', '16777216'),
('REPORT_PORT', '3306'),
('HAVE_NDBCLUSTER', 'NO'),
('SQL_BIG_SELECTS', 'ON'),
('SQL_BUFFER_RESULT', 'OFF'),
('KEY_CACHE_BLOCK_SIZE', '1024'),
('INNODB_LOG_GROUP_HOME_DIR', 'C:\\xampp\\mysql\\data\\'),
('SQL_LOG_BIN', 'ON'),
('INNODB_FAST_SHUTDOWN', '1'),
('CHARACTER_SET_FILESYSTEM', 'binary'),
('SSL_CA', ''),
('HAVE_INNODB', 'YES'),
('INNODB_THREAD_CONCURRENCY', '8'),
('RPL_RECOVERY_RANK', '0'),
('SLAVE_NET_TIMEOUT', '3600'),
('LOG_ERROR', 'C:\\xampp\\mysql\\data\\mysql.err'),
('INNODB_BUFFER_POOL_SIZE', '16777216'),
('REPORT_USER', ''),
('LOCAL_INFILE', 'ON'),
('LOG', 'OFF'),
('HAVE_RTREE_KEYS', 'YES'),
('TX_ISOLATION', 'REPEATABLE-READ'),
('BINLOG_FORMAT', 'STATEMENT'),
('LC_TIME_NAMES', 'en_US'),
('SHARED_MEMORY_BASE_NAME', 'MYSQL'),
('LOG_SLOW_QUERIES', 'OFF'),
('SQL_WARNINGS', 'OFF'),
('MAX_TMP_TABLES', '32'),
('NET_READ_TIMEOUT', '30'),
('SQL_LOG_OFF', 'OFF'),
('TIMESTAMP', '1267506146'),
('SLOW_QUERY_LOG_FILE', 'C:/xampp/mysql/data/mysql-slow.log'),
('MAX_DELAYED_THREADS', '20'),
('MULTI_RANGE_COUNT', '256'),
('DATETIME_FORMAT', '%Y-%m-%d %H:%i:%s'),
('SLOW_QUERY_LOG', 'OFF'),
('INNODB_FLUSH_LOG_AT_TRX_COMMIT', '1'),
('INNODB_FLUSH_METHOD', ''),
('INNODB_FILE_IO_THREADS', '4'),
('RANGE_ALLOC_BLOCK_SIZE', '4096'),
('LICENSE', 'GPL'),
('STORAGE_ENGINE', 'MyISAM'),
('INNODB_LOCKS_UNSAFE_FOR_BINLOG', 'OFF'),
('HAVE_SSL', 'DISABLED'),
('PORT', '3306'),
('INNODB_CONCURRENCY_TICKETS', '500'),
('LOG_SLAVE_UPDATES', 'OFF'),
('MAX_JOIN_SIZE', '18446744073709551615'),
('LOG_BIN_TRUST_FUNCTION_CREATORS', 'OFF'),
('WAIT_TIMEOUT', '28800'),
('INNODB_FILE_PER_TABLE', 'OFF'),
('SOCKET', 'MySQL'),
('HAVE_OPENSSL', 'DISABLED'),
('RAND_SEED2', ''),
('SKIP_EXTERNAL_LOCKING', 'ON'),
('SQL_SAFE_UPDATES', 'OFF'),
('SLAVE_LOAD_TMPDIR', 'C:\\xampp\\tmp\\');

-- --------------------------------------------------------

--
-- Table structure for table `KEY_COLUMN_USAGE`
--

CREATE TEMPORARY TABLE `KEY_COLUMN_USAGE` (
  `CONSTRAINT_CATALOG` varchar(512) DEFAULT NULL,
  `CONSTRAINT_SCHEMA` varchar(64) NOT NULL DEFAULT '',
  `CONSTRAINT_NAME` varchar(64) NOT NULL DEFAULT '',
  `TABLE_CATALOG` varchar(512) DEFAULT NULL,
  `TABLE_SCHEMA` varchar(64) NOT NULL DEFAULT '',
  `TABLE_NAME` varchar(64) NOT NULL DEFAULT '',
  `COLUMN_NAME` varchar(64) NOT NULL DEFAULT '',
  `ORDINAL_POSITION` bigint(10) NOT NULL DEFAULT '0',
  `POSITION_IN_UNIQUE_CONSTRAINT` bigint(10) DEFAULT NULL,
  `REFERENCED_TABLE_SCHEMA` varchar(64) DEFAULT NULL,
  `REFERENCED_TABLE_NAME` varchar(64) DEFAULT NULL,
  `REFERENCED_COLUMN_NAME` varchar(64) DEFAULT NULL
) ENGINE=MEMORY DEFAULT CHARSET=utf8;

--
-- Dumping data for table `KEY_COLUMN_USAGE`
--

INSERT INTO `KEY_COLUMN_USAGE` (`CONSTRAINT_CATALOG`, `CONSTRAINT_SCHEMA`, `CONSTRAINT_NAME`, `TABLE_CATALOG`, `TABLE_SCHEMA`, `TABLE_NAME`, `COLUMN_NAME`, `ORDINAL_POSITION`, `POSITION_IN_UNIQUE_CONSTRAINT`, `REFERENCED_TABLE_SCHEMA`, `REFERENCED_TABLE_NAME`, `REFERENCED_COLUMN_NAME`) VALUES
(NULL, 'cdcol', 'PRIMARY', NULL, 'cdcol', 'cds', 'id', 1, NULL, NULL, NULL, NULL),
(NULL, 'mysql', 'PRIMARY', NULL, 'mysql', 'columns_priv', 'Host', 1, NULL, NULL, NULL, NULL),
(NULL, 'mysql', 'PRIMARY', NULL, 'mysql', 'columns_priv', 'Db', 2, NULL, NULL, NULL, NULL),
(NULL, 'mysql', 'PRIMARY', NULL, 'mysql', 'columns_priv', 'User', 3, NULL, NULL, NULL, NULL),
(NULL, 'mysql', 'PRIMARY', NULL, 'mysql', 'columns_priv', 'Table_name', 4, NULL, NULL, NULL, NULL),
(NULL, 'mysql', 'PRIMARY', NULL, 'mysql', 'columns_priv', 'Column_name', 5, NULL, NULL, NULL, NULL),
(NULL, 'mysql', 'PRIMARY', NULL, 'mysql', 'db', 'Host', 1, NULL, NULL, NULL, NULL),
(NULL, 'mysql', 'PRIMARY', NULL, 'mysql', 'db', 'Db', 2, NULL, NULL, NULL, NULL),
(NULL, 'mysql', 'PRIMARY', NULL, 'mysql', 'db', 'User', 3, NULL, NULL, NULL, NULL),
(NULL, 'mysql', 'PRIMARY', NULL, 'mysql', 'event', 'db', 1, NULL, NULL, NULL, NULL),
(NULL, 'mysql', 'PRIMARY', NULL, 'mysql', 'event', 'name', 2, NULL, NULL, NULL, NULL),
(NULL, 'mysql', 'PRIMARY', NULL, 'mysql', 'func', 'name', 1, NULL, NULL, NULL, NULL),
(NULL, 'mysql', 'PRIMARY', NULL, 'mysql', 'help_category', 'help_category_id', 1, NULL, NULL, NULL, NULL),
(NULL, 'mysql', 'name', NULL, 'mysql', 'help_category', 'name', 1, NULL, NULL, NULL, NULL),
(NULL, 'mysql', 'PRIMARY', NULL, 'mysql', 'help_keyword', 'help_keyword_id', 1, NULL, NULL, NULL, NULL),
(NULL, 'mysql', 'name', NULL, 'mysql', 'help_keyword', 'name', 1, NULL, NULL, NULL, NULL),
(NULL, 'mysql', 'PRIMARY', NULL, 'mysql', 'help_relation', 'help_keyword_id', 1, NULL, NULL, NULL, NULL),
(NULL, 'mysql', 'PRIMARY', NULL, 'mysql', 'help_relation', 'help_topic_id', 2, NULL, NULL, NULL, NULL),
(NULL, 'mysql', 'PRIMARY', NULL, 'mysql', 'help_topic', 'help_topic_id', 1, NULL, NULL, NULL, NULL),
(NULL, 'mysql', 'name', NULL, 'mysql', 'help_topic', 'name', 1, NULL, NULL, NULL, NULL),
(NULL, 'mysql', 'PRIMARY', NULL, 'mysql', 'host', 'Host', 1, NULL, NULL, NULL, NULL),
(NULL, 'mysql', 'PRIMARY', NULL, 'mysql', 'host', 'Db', 2, NULL, NULL, NULL, NULL),
(NULL, 'mysql', 'PRIMARY', NULL, 'mysql', 'ndb_binlog_index', 'epoch', 1, NULL, NULL, NULL, NULL),
(NULL, 'mysql', 'PRIMARY', NULL, 'mysql', 'plugin', 'name', 1, NULL, NULL, NULL, NULL),
(NULL, 'mysql', 'PRIMARY', NULL, 'mysql', 'proc', 'db', 1, NULL, NULL, NULL, NULL),
(NULL, 'mysql', 'PRIMARY', NULL, 'mysql', 'proc', 'name', 2, NULL, NULL, NULL, NULL),
(NULL, 'mysql', 'PRIMARY', NULL, 'mysql', 'proc', 'type', 3, NULL, NULL, NULL, NULL),
(NULL, 'mysql', 'PRIMARY', NULL, 'mysql', 'procs_priv', 'Host', 1, NULL, NULL, NULL, NULL),
(NULL, 'mysql', 'PRIMARY', NULL, 'mysql', 'procs_priv', 'Db', 2, NULL, NULL, NULL, NULL),
(NULL, 'mysql', 'PRIMARY', NULL, 'mysql', 'procs_priv', 'User', 3, NULL, NULL, NULL, NULL),
(NULL, 'mysql', 'PRIMARY', NULL, 'mysql', 'procs_priv', 'Routine_name', 4, NULL, NULL, NULL, NULL),
(NULL, 'mysql', 'PRIMARY', NULL, 'mysql', 'procs_priv', 'Routine_type', 5, NULL, NULL, NULL, NULL),
(NULL, 'mysql', 'PRIMARY', NULL, 'mysql', 'servers', 'Server_name', 1, NULL, NULL, NULL, NULL),
(NULL, 'mysql', 'PRIMARY', NULL, 'mysql', 'tables_priv', 'Host', 1, NULL, NULL, NULL, NULL),
(NULL, 'mysql', 'PRIMARY', NULL, 'mysql', 'tables_priv', 'Db', 2, NULL, NULL, NULL, NULL),
(NULL, 'mysql', 'PRIMARY', NULL, 'mysql', 'tables_priv', 'User', 3, NULL, NULL, NULL, NULL),
(NULL, 'mysql', 'PRIMARY', NULL, 'mysql', 'tables_priv', 'Table_name', 4, NULL, NULL, NULL, NULL),
(NULL, 'mysql', 'PRIMARY', NULL, 'mysql', 'time_zone', 'Time_zone_id', 1, NULL, NULL, NULL, NULL),
(NULL, 'mysql', 'PRIMARY', NULL, 'mysql', 'time_zone_leap_second', 'Transition_time', 1, NULL, NULL, NULL, NULL),
(NULL, 'mysql', 'PRIMARY', NULL, 'mysql', 'time_zone_name', 'Name', 1, NULL, NULL, NULL, NULL),
(NULL, 'mysql', 'PRIMARY', NULL, 'mysql', 'time_zone_transition', 'Time_zone_id', 1, NULL, NULL, NULL, NULL),
(NULL, 'mysql', 'PRIMARY', NULL, 'mysql', 'time_zone_transition', 'Transition_time', 2, NULL, NULL, NULL, NULL),
(NULL, 'mysql', 'PRIMARY', NULL, 'mysql', 'time_zone_transition_type', 'Time_zone_id', 1, NULL, NULL, NULL, NULL),
(NULL, 'mysql', 'PRIMARY', NULL, 'mysql', 'time_zone_transition_type', 'Transition_type_id', 2, NULL, NULL, NULL, NULL),
(NULL, 'mysql', 'PRIMARY', NULL, 'mysql', 'user', 'Host', 1, NULL, NULL, NULL, NULL),
(NULL, 'mysql', 'PRIMARY', NULL, 'mysql', 'user', 'User', 2, NULL, NULL, NULL, NULL),
(NULL, 'phpmyadmin', 'PRIMARY', NULL, 'phpmyadmin', 'pma_bookmark', 'id', 1, NULL, NULL, NULL, NULL),
(NULL, 'phpmyadmin', 'PRIMARY', NULL, 'phpmyadmin', 'pma_column_info', 'id', 1, NULL, NULL, NULL, NULL),
(NULL, 'phpmyadmin', 'db_name', NULL, 'phpmyadmin', 'pma_column_info', 'db_name', 1, NULL, NULL, NULL, NULL),
(NULL, 'phpmyadmin', 'db_name', NULL, 'phpmyadmin', 'pma_column_info', 'table_name', 2, NULL, NULL, NULL, NULL),
(NULL, 'phpmyadmin', 'db_name', NULL, 'phpmyadmin', 'pma_column_info', 'column_name', 3, NULL, NULL, NULL, NULL),
(NULL, 'phpmyadmin', 'PRIMARY', NULL, 'phpmyadmin', 'pma_designer_coords', 'db_name', 1, NULL, NULL, NULL, NULL),
(NULL, 'phpmyadmin', 'PRIMARY', NULL, 'phpmyadmin', 'pma_designer_coords', 'table_name', 2, NULL, NULL, NULL, NULL),
(NULL, 'phpmyadmin', 'PRIMARY', NULL, 'phpmyadmin', 'pma_history', 'id', 1, NULL, NULL, NULL, NULL),
(NULL, 'phpmyadmin', 'PRIMARY', NULL, 'phpmyadmin', 'pma_pdf_pages', 'page_nr', 1, NULL, NULL, NULL, NULL),
(NULL, 'phpmyadmin', 'PRIMARY', NULL, 'phpmyadmin', 'pma_relation', 'master_db', 1, NULL, NULL, NULL, NULL),
(NULL, 'phpmyadmin', 'PRIMARY', NULL, 'phpmyadmin', 'pma_relation', 'master_table', 2, NULL, NULL, NULL, NULL),
(NULL, 'phpmyadmin', 'PRIMARY', NULL, 'phpmyadmin', 'pma_relation', 'master_field', 3, NULL, NULL, NULL, NULL),
(NULL, 'phpmyadmin', 'PRIMARY', NULL, 'phpmyadmin', 'pma_table_coords', 'db_name', 1, NULL, NULL, NULL, NULL),
(NULL, 'phpmyadmin', 'PRIMARY', NULL, 'phpmyadmin', 'pma_table_coords', 'table_name', 2, NULL, NULL, NULL, NULL),
(NULL, 'phpmyadmin', 'PRIMARY', NULL, 'phpmyadmin', 'pma_table_coords', 'pdf_page_number', 3, NULL, NULL, NULL, NULL),
(NULL, 'phpmyadmin', 'PRIMARY', NULL, 'phpmyadmin', 'pma_table_info', 'db_name', 1, NULL, NULL, NULL, NULL),
(NULL, 'phpmyadmin', 'PRIMARY', NULL, 'phpmyadmin', 'pma_table_info', 'table_name', 2, NULL, NULL, NULL, NULL),
(NULL, 'rieglepr_inventory', 'PRIMARY', NULL, 'rieglepr_inventory', 'bc_backgrounds', 'BC_Back_ID', 1, NULL, NULL, NULL, NULL),
(NULL, 'rieglepr_inventory', 'PRIMARY', NULL, 'rieglepr_inventory', 'customer_login', 'Cust_Login_ID', 1, NULL, NULL, NULL, NULL),
(NULL, 'rieglepr_inventory', 'Cust_Login_Name', NULL, 'rieglepr_inventory', 'customer_login', 'Cust_Login_Name', 1, NULL, NULL, NULL, NULL),
(NULL, 'rieglepr_inventory', 'PRIMARY', NULL, 'rieglepr_inventory', 'customers', 'Cust_ID', 1, NULL, NULL, NULL, NULL),
(NULL, 'rieglepr_inventory', 'Cust_Desc', NULL, 'rieglepr_inventory', 'customers', 'Cust_Desc', 1, NULL, NULL, NULL, NULL),
(NULL, 'rieglepr_inventory', 'PRIMARY', NULL, 'rieglepr_inventory', 'doc_orders', 'Doc_Order_ID', 1, NULL, NULL, NULL, NULL),
(NULL, 'rieglepr_inventory', 'PRIMARY', NULL, 'rieglepr_inventory', 'orders', 'Order_ID', 1, NULL, NULL, NULL, NULL),
(NULL, 'rieglepr_inventory', 'PRIMARY', NULL, 'rieglepr_inventory', 'parts', 'Part_ID', 1, NULL, NULL, NULL, NULL),
(NULL, 'rieglepr_inventory', 'Part_Desc', NULL, 'rieglepr_inventory', 'parts', 'Part_Desc', 1, NULL, NULL, NULL, NULL),
(NULL, 'rieglepr_inventory', 'Part_Desc', NULL, 'rieglepr_inventory', 'parts', 'Part_No', 2, NULL, NULL, NULL, NULL),
(NULL, 'rieglepr_inventory', 'PRIMARY', NULL, 'rieglepr_inventory', 'quotes', 'qte_id', 1, NULL, NULL, NULL, NULL),
(NULL, 'rieglepr_inventory', 'Ship_Name', NULL, 'rieglepr_inventory', 'ship_locations', 'Ship_Name', 1, NULL, NULL, NULL, NULL);

-- --------------------------------------------------------

--
-- Table structure for table `PARTITIONS`
--

CREATE TEMPORARY TABLE `PARTITIONS` (
  `TABLE_CATALOG` varchar(512) DEFAULT NULL,
  `TABLE_SCHEMA` varchar(64) NOT NULL DEFAULT '',
  `TABLE_NAME` varchar(64) NOT NULL DEFAULT '',
  `PARTITION_NAME` varchar(64) DEFAULT NULL,
  `SUBPARTITION_NAME` varchar(64) DEFAULT NULL,
  `PARTITION_ORDINAL_POSITION` bigint(21) unsigned DEFAULT NULL,
  `SUBPARTITION_ORDINAL_POSITION` bigint(21) unsigned DEFAULT NULL,
  `PARTITION_METHOD` varchar(12) DEFAULT NULL,
  `SUBPARTITION_METHOD` varchar(12) DEFAULT NULL,
  `PARTITION_EXPRESSION` longtext,
  `SUBPARTITION_EXPRESSION` longtext,
  `PARTITION_DESCRIPTION` longtext,
  `TABLE_ROWS` bigint(21) unsigned NOT NULL DEFAULT '0',
  `AVG_ROW_LENGTH` bigint(21) unsigned NOT NULL DEFAULT '0',
  `DATA_LENGTH` bigint(21) unsigned NOT NULL DEFAULT '0',
  `MAX_DATA_LENGTH` bigint(21) unsigned DEFAULT NULL,
  `INDEX_LENGTH` bigint(21) unsigned NOT NULL DEFAULT '0',
  `DATA_FREE` bigint(21) unsigned NOT NULL DEFAULT '0',
  `CREATE_TIME` datetime DEFAULT NULL,
  `UPDATE_TIME` datetime DEFAULT NULL,
  `CHECK_TIME` datetime DEFAULT NULL,
  `CHECKSUM` bigint(21) unsigned DEFAULT NULL,
  `PARTITION_COMMENT` varchar(80) NOT NULL DEFAULT '',
  `NODEGROUP` varchar(12) NOT NULL DEFAULT '',
  `TABLESPACE_NAME` varchar(64) DEFAULT NULL
) ENGINE=MyISAM DEFAULT CHARSET=utf8;

--
-- Dumping data for table `PARTITIONS`
--

INSERT INTO `PARTITIONS` (`TABLE_CATALOG`, `TABLE_SCHEMA`, `TABLE_NAME`, `PARTITION_NAME`, `SUBPARTITION_NAME`, `PARTITION_ORDINAL_POSITION`, `SUBPARTITION_ORDINAL_POSITION`, `PARTITION_METHOD`, `SUBPARTITION_METHOD`, `PARTITION_EXPRESSION`, `SUBPARTITION_EXPRESSION`, `PARTITION_DESCRIPTION`, `TABLE_ROWS`, `AVG_ROW_LENGTH`, `DATA_LENGTH`, `MAX_DATA_LENGTH`, `INDEX_LENGTH`, `DATA_FREE`, `CREATE_TIME`, `UPDATE_TIME`, `CHECK_TIME`, `CHECKSUM`, `PARTITION_COMMENT`, `NODEGROUP`, `TABLESPACE_NAME`) VALUES
(NULL, 'information_schema', 'CHARACTER_SETS', NULL, NULL, NULL, NULL, NULL, NULL, NULL, NULL, NULL, 0, 384, 0, 16604160, 0, 0, NULL, NULL, NULL, NULL, '', '', NULL),
(NULL, 'information_schema', 'COLLATIONS', NULL, NULL, NULL, NULL, NULL, NULL, NULL, NULL, NULL, 0, 231, 0, 16704765, 0, 0, NULL, NULL, NULL, NULL, '', '', NULL),
(NULL, 'information_schema', 'COLLATION_CHARACTER_SET_APPLICABILITY', NULL, NULL, NULL, NULL, NULL, NULL, NULL, NULL, NULL, 0, 195, 0, 16691610, 0, 0, NULL, NULL, NULL, NULL, '', '', NULL),
(NULL, 'information_schema', 'COLUMNS', NULL, NULL, NULL, NULL, NULL, NULL, NULL, NULL, NULL, 0, 0, 0, 281474976710655, 1024, 0, '2010-03-02 00:02:03', '2010-03-02 00:02:03', NULL, NULL, '', '', NULL),
(NULL, 'information_schema', 'COLUMN_PRIVILEGES', NULL, NULL, NULL, NULL, NULL, NULL, NULL, NULL, NULL, 0, 2565, 0, 16757145, 0, 0, NULL, NULL, NULL, NULL, '', '', NULL),
(NULL, 'information_schema', 'ENGINES', NULL, NULL, NULL, NULL, NULL, NULL, NULL, NULL, NULL, 0, 490, 0, 16709000, 0, 0, NULL, NULL, NULL, NULL, '', '', NULL),
(NULL, 'information_schema', 'EVENTS', NULL, NULL, NULL, NULL, NULL, NULL, NULL, NULL, NULL, 0, 0, 0, 281474976710655, 1024, 0, '2010-03-02 00:02:03', '2010-03-02 00:02:03', NULL, NULL, '', '', NULL),
(NULL, 'information_schema', 'FILES', NULL, NULL, NULL, NULL, NULL, NULL, NULL, NULL, NULL, 0, 2677, 0, 16758020, 0, 0, NULL, NULL, NULL, NULL, '', '', NULL),
(NULL, 'information_schema', 'GLOBAL_STATUS', NULL, NULL, NULL, NULL, NULL, NULL, NULL, NULL, NULL, 0, 3268, 0, 16755036, 0, 0, NULL, NULL, NULL, NULL, '', '', NULL),
(NULL, 'information_schema', 'GLOBAL_VARIABLES', NULL, NULL, NULL, NULL, NULL, NULL, NULL, NULL, NULL, 0, 3268, 0, 16755036, 0, 0, NULL, NULL, NULL, NULL, '', '', NULL),
(NULL, 'information_schema', 'KEY_COLUMN_USAGE', NULL, NULL, NULL, NULL, NULL, NULL, NULL, NULL, NULL, 0, 4637, 0, 16762755, 0, 0, NULL, NULL, NULL, NULL, '', '', NULL),
(NULL, 'information_schema', 'PARTITIONS', NULL, NULL, NULL, NULL, NULL, NULL, NULL, NULL, NULL, 0, 0, 0, 281474976710655, 1024, 0, '2010-03-02 00:02:03', '2010-03-02 00:02:03', NULL, NULL, '', '', NULL),
(NULL, 'information_schema', 'PLUGINS', NULL, NULL, NULL, NULL, NULL, NULL, NULL, NULL, NULL, 0, 0, 0, 281474976710655, 1024, 0, '2010-03-02 00:02:03', '2010-03-02 00:02:03', NULL, NULL, '', '', NULL),
(NULL, 'information_schema', 'PROCESSLIST', NULL, NULL, NULL, NULL, NULL, NULL, NULL, NULL, NULL, 0, 0, 0, 281474976710655, 1024, 0, '2010-03-02 00:02:03', '2010-03-02 00:02:03', NULL, NULL, '', '', NULL),
(NULL, 'information_schema', 'PROFILING', NULL, NULL, NULL, NULL, NULL, NULL, NULL, NULL, NULL, 0, 308, 0, 16562084, 0, 0, NULL, NULL, NULL, NULL, '', '', NULL),
(NULL, 'information_schema', 'REFERENTIAL_CONSTRAINTS', NULL, NULL, NULL, NULL, NULL, NULL, NULL, NULL, NULL, 0, 4814, 0, 16767162, 0, 0, NULL, NULL, NULL, NULL, '', '', NULL),
(NULL, 'information_schema', 'ROUTINES', NULL, NULL, NULL, NULL, NULL, NULL, NULL, NULL, NULL, 0, 0, 0, 281474976710655, 1024, 0, '2010-03-02 00:02:03', '2010-03-02 00:02:03', NULL, NULL, '', '', NULL),
(NULL, 'information_schema', 'SCHEMATA', NULL, NULL, NULL, NULL, NULL, NULL, NULL, NULL, NULL, 0, 3464, 0, 16755368, 0, 0, NULL, NULL, NULL, NULL, '', '', NULL),
(NULL, 'information_schema', 'SCHEMA_PRIVILEGES', NULL, NULL, NULL, NULL, NULL, NULL, NULL, NULL, NULL, 0, 2179, 0, 16767405, 0, 0, NULL, NULL, NULL, NULL, '', '', NULL),
(NULL, 'information_schema', 'SESSION_STATUS', NULL, NULL, NULL, NULL, NULL, NULL, NULL, NULL, NULL, 0, 3268, 0, 16755036, 0, 0, NULL, NULL, NULL, NULL, '', '', NULL),
(NULL, 'information_schema', 'SESSION_VARIABLES', NULL, NULL, NULL, NULL, NULL, NULL, NULL, NULL, NULL, 0, 3268, 0, 16755036, 0, 0, NULL, NULL, NULL, NULL, '', '', NULL),
(NULL, 'information_schema', 'STATISTICS', NULL, NULL, NULL, NULL, NULL, NULL, NULL, NULL, NULL, 0, 2679, 0, 16770540, 0, 0, NULL, NULL, NULL, NULL, '', '', NULL),
(NULL, 'information_schema', 'TABLES', NULL, NULL, NULL, NULL, NULL, NULL, NULL, NULL, NULL, 0, 3545, 0, 16760760, 0, 0, NULL, NULL, NULL, NULL, '', '', NULL),
(NULL, 'information_schema', 'TABLE_CONSTRAINTS', NULL, NULL, NULL, NULL, NULL, NULL, NULL, NULL, NULL, 0, 2504, 0, 16749256, 0, 0, NULL, NULL, NULL, NULL, '', '', NULL),
(NULL, 'information_schema', 'TABLE_PRIVILEGES', NULL, NULL, NULL, NULL, NULL, NULL, NULL, NULL, NULL, 0, 2372, 0, 16748692, 0, 0, NULL, NULL, NULL, NULL, '', '', NULL),
(NULL, 'information_schema', 'TRIGGERS', NULL, NULL, NULL, NULL, NULL, NULL, NULL, NULL, NULL, 0, 0, 0, 281474976710655, 1024, 0, '2010-03-02 00:02:03', '2010-03-02 00:02:03', NULL, NULL, '', '', NULL),
(NULL, 'information_schema', 'USER_PRIVILEGES', NULL, NULL, NULL, NULL, NULL, NULL, NULL, NULL, NULL, 0, 1986, 0, 16759854, 0, 0, NULL, NULL, NULL, NULL, '', '', NULL),
(NULL, 'information_schema', 'VIEWS', NULL, NULL, NULL, NULL, NULL, NULL, NULL, NULL, NULL, 0, 0, 0, 281474976710655, 1024, 0, '2010-03-02 00:02:03', '2010-03-02 00:02:03', NULL, NULL, '', '', NULL),
(NULL, 'cdcol', 'cds', NULL, NULL, NULL, NULL, NULL, NULL, NULL, NULL, NULL, 3, 49, 148, 281474976710655, 2048, 0, '2005-10-25 03:47:27', '2009-12-19 23:59:36', NULL, NULL, '', '', NULL),
(NULL, 'mysql', 'columns_priv', NULL, NULL, NULL, NULL, NULL, NULL, NULL, NULL, NULL, 0, 0, 0, 227994731135631359, 4096, 0, '2009-12-17 09:38:10', '2009-12-19 23:59:36', NULL, NULL, '', '', NULL),
(NULL, 'mysql', 'db', NULL, NULL, NULL, NULL, NULL, NULL, NULL, NULL, NULL, 1, 440, 440, 123848989752688639, 5120, 0, '2009-12-17 09:38:16', '2009-12-19 23:59:36', NULL, NULL, '', '', NULL),
(NULL, 'mysql', 'event', NULL, NULL, NULL, NULL, NULL, NULL, NULL, NULL, NULL, 0, 0, 0, 281474976710655, 2048, 0, '2009-12-17 09:38:16', '2009-12-19 23:59:36', NULL, NULL, '', '', NULL),
(NULL, 'mysql', 'func', NULL, NULL, NULL, NULL, NULL, NULL, NULL, NULL, NULL, 0, 0, 0, 162974011515469823, 1024, 0, '2009-12-17 09:38:11', '2009-12-19 23:59:36', NULL, NULL, '', '', NULL),
(NULL, 'mysql', 'general_log', NULL, NULL, NULL, NULL, NULL, NULL, NULL, NULL, NULL, 2, 0, 0, NULL, 0, 0, NULL, NULL, NULL, NULL, '', '', NULL),
(NULL, 'mysql', 'help_category', NULL, NULL, NULL, NULL, NULL, NULL, NULL, NULL, NULL, 37, 581, 21497, 163536961468891135, 3072, 0, '2009-02-13 20:39:23', '2009-12-19 23:59:36', NULL, NULL, '', '', NULL),
(NULL, 'mysql', 'help_keyword', NULL, NULL, NULL, NULL, NULL, NULL, NULL, NULL, NULL, 450, 197, 88650, 55450570411999231, 16384, 0, '2009-02-13 20:39:23', '2009-12-19 23:59:36', NULL, NULL, '', '', NULL),
(NULL, 'mysql', 'help_relation', NULL, NULL, NULL, NULL, NULL, NULL, NULL, NULL, NULL, 986, 9, 8874, 2533274790395903, 16384, 0, '2009-02-13 20:39:23', '2009-12-19 23:59:36', NULL, NULL, '', '', NULL),
(NULL, 'mysql', 'help_topic', NULL, NULL, NULL, NULL, NULL, NULL, NULL, NULL, NULL, 503, 817, 411064, 281474976710655, 20480, 0, '2009-02-13 20:39:23', '2009-12-19 23:59:36', NULL, NULL, '', '', NULL),
(NULL, 'mysql', 'host', NULL, NULL, NULL, NULL, NULL, NULL, NULL, NULL, NULL, 0, 0, 0, 110056715893866495, 2048, 0, '2009-12-17 09:38:16', '2009-12-19 23:59:36', NULL, NULL, '', '', NULL),
(NULL, 'mysql', 'ndb_binlog_index', NULL, NULL, NULL, NULL, NULL, NULL, NULL, NULL, NULL, 0, 0, 0, 281474976710655, 1024, 0, '2009-02-13 20:39:24', '2009-12-19 23:59:36', NULL, NULL, '', '', NULL),
(NULL, 'mysql', 'plugin', NULL, NULL, NULL, NULL, NULL, NULL, NULL, NULL, NULL, 0, 0, 0, 162411061562048511, 1024, 0, '2009-02-13 20:39:23', '2009-12-19 23:59:36', NULL, NULL, '', '', NULL),
(NULL, 'mysql', 'proc', NULL, NULL, NULL, NULL, NULL, NULL, NULL, NULL, NULL, 0, 0, 0, 281474976710655, 2048, 0, '2009-12-17 09:38:14', '2009-12-19 23:59:36', NULL, NULL, '', '', NULL),
(NULL, 'mysql', 'procs_priv', NULL, NULL, NULL, NULL, NULL, NULL, NULL, NULL, NULL, 0, 0, 0, 239253730204057599, 4096, 0, '2009-12-17 09:38:14', '2009-12-19 23:59:36', '2009-12-17 09:38:14', NULL, '', '', NULL),
(NULL, 'mysql', 'servers', NULL, NULL, NULL, NULL, NULL, NULL, NULL, NULL, NULL, 0, 0, 0, 433752939111120895, 1024, 0, '2009-02-13 20:39:23', '2009-12-19 23:59:36', NULL, NULL, '', '', NULL),
(NULL, 'mysql', 'slow_log', NULL, NULL, NULL, NULL, NULL, NULL, NULL, NULL, NULL, 2, 0, 0, NULL, 0, 0, NULL, NULL, NULL, NULL, '', '', NULL),
(NULL, 'mysql', 'tables_priv', NULL, NULL, NULL, NULL, NULL, NULL, NULL, NULL, NULL, 0, 0, 0, 239535205180768255, 4096, 0, '2009-12-17 09:38:10', '2009-12-19 23:59:36', '2009-12-17 09:38:10', NULL, '', '', NULL),
(NULL, 'mysql', 'time_zone', NULL, NULL, NULL, NULL, NULL, NULL, NULL, NULL, NULL, 560, 7, 3920, 1970324836974591, 8192, 0, '2009-05-29 07:50:10', '2009-12-19 23:59:36', NULL, NULL, '', '', NULL),
(NULL, 'mysql', 'time_zone_leap_second', NULL, NULL, NULL, NULL, NULL, NULL, NULL, NULL, NULL, 24, 13, 312, 3659174697238527, 2048, 0, '2009-05-29 07:50:17', '2009-12-19 23:59:36', NULL, NULL, '', '', NULL),
(NULL, 'mysql', 'time_zone_name', NULL, NULL, NULL, NULL, NULL, NULL, NULL, NULL, NULL, 560, 197, 110320, 55450570411999231, 11264, 0, '2009-05-29 07:50:10', '2009-12-19 23:59:36', '2009-12-17 09:36:44', NULL, '', '', NULL),
(NULL, 'mysql', 'time_zone_transition', NULL, NULL, NULL, NULL, NULL, NULL, NULL, NULL, NULL, 38602, 17, 656234, 4785074604081151, 731136, 0, '2009-05-29 07:50:12', '2009-12-19 23:59:36', NULL, NULL, '', '', NULL),
(NULL, 'mysql', 'time_zone_transition_type', NULL, NULL, NULL, NULL, NULL, NULL, NULL, NULL, NULL, 2579, 38, 98002, 10696049115004927, 38912, 0, '2009-05-29 07:50:12', '2009-12-19 23:59:36', NULL, NULL, '', '', NULL),
(NULL, 'mysql', 'user', NULL, NULL, NULL, NULL, NULL, NULL, NULL, NULL, NULL, 2, 52, 104, 281474976710655, 2048, 0, '2009-12-17 09:38:16', '2009-12-19 23:59:36', NULL, NULL, '', '', NULL),
(NULL, 'phpmyadmin', 'pma_bookmark', NULL, NULL, NULL, NULL, NULL, NULL, NULL, NULL, NULL, 0, 0, 0, 281474976710655, 1024, 0, '2009-01-15 06:19:09', '2009-12-19 23:59:36', NULL, NULL, '', '', NULL),
(NULL, 'phpmyadmin', 'pma_column_info', NULL, NULL, NULL, NULL, NULL, NULL, NULL, NULL, NULL, 0, 0, 0, 281474976710655, 4096, 0, '2009-01-15 06:19:09', '2009-12-19 23:59:36', NULL, NULL, '', '', NULL),
(NULL, 'phpmyadmin', 'pma_designer_coords', NULL, NULL, NULL, NULL, NULL, NULL, NULL, NULL, NULL, 0, 0, 0, 281474976710655, 2048, 0, '2009-01-15 06:19:09', '2009-12-19 23:59:36', NULL, NULL, '', '', NULL),
(NULL, 'phpmyadmin', 'pma_history', NULL, NULL, NULL, NULL, NULL, NULL, NULL, NULL, NULL, 65, 99, 6460, 281474976710655, 8192, 0, '2009-01-15 06:19:09', '2010-03-01 22:23:13', NULL, NULL, '', '', NULL),
(NULL, 'phpmyadmin', 'pma_pdf_pages', NULL, NULL, NULL, NULL, NULL, NULL, NULL, NULL, NULL, 0, 0, 0, 281474976710655, 1024, 0, '2009-01-15 06:19:09', '2009-12-19 23:59:36', NULL, NULL, '', '', NULL),
(NULL, 'phpmyadmin', 'pma_relation', NULL, NULL, NULL, NULL, NULL, NULL, NULL, NULL, NULL, 0, 0, 0, 281474976710655, 4096, 0, '2009-01-15 06:19:09', '2009-12-19 23:59:36', NULL, NULL, '', '', NULL),
(NULL, 'phpmyadmin', 'pma_table_coords', NULL, NULL, NULL, NULL, NULL, NULL, NULL, NULL, NULL, 0, 0, 0, 281474976710655, 2048, 0, '2009-01-15 06:19:09', '2009-12-19 23:59:36', NULL, NULL, '', '', NULL),
(NULL, 'phpmyadmin', 'pma_table_info', NULL, NULL, NULL, NULL, NULL, NULL, NULL, NULL, NULL, 0, 0, 0, 281474976710655, 2048, 0, '2009-01-15 06:19:09', '2009-12-19 23:59:36', NULL, NULL, '', '', NULL),
(NULL, 'rieglepr_inventory', 'bc_backgrounds', NULL, NULL, NULL, NULL, NULL, NULL, NULL, NULL, NULL, 0, 0, 0, 281474976710655, 1024, 0, '2010-02-22 11:09:58', '2010-02-22 11:09:58', NULL, NULL, '', '', NULL),
(NULL, 'rieglepr_inventory', 'business_cards', NULL, NULL, NULL, NULL, NULL, NULL, NULL, NULL, NULL, 82, 48, 4004, 281474976710655, 1024, 0, '2010-02-22 11:10:41', '2010-02-22 11:28:52', NULL, NULL, '', '', NULL),
(NULL, 'rieglepr_inventory', 'customer_login', NULL, NULL, NULL, NULL, NULL, NULL, NULL, NULL, NULL, 6, 72, 432, 281474976710655, 3072, 0, '2010-02-22 11:12:18', '2010-02-22 11:12:22', NULL, NULL, '', '', NULL),
(NULL, 'rieglepr_inventory', 'customers', NULL, NULL, NULL, NULL, NULL, NULL, NULL, NULL, NULL, 4, 45, 180, 281474976710655, 3072, 0, '2010-02-22 11:12:28', '2010-02-22 11:12:32', NULL, NULL, '', '', NULL),
(NULL, 'rieglepr_inventory', 'doc_order_items', NULL, NULL, NULL, NULL, NULL, NULL, NULL, NULL, NULL, 99, 21, 2079, 5910974510923775, 1024, 0, '2010-03-01 21:44:47', '2010-03-01 23:55:48', NULL, NULL, '', '', NULL),
(NULL, 'rieglepr_inventory', 'doc_orders', NULL, NULL, NULL, NULL, NULL, NULL, NULL, NULL, NULL, 51, 28, 1428, 7881299347898367, 2048, 0, '2010-03-01 20:31:45', '2010-03-01 23:55:48', NULL, NULL, '', '', NULL),
(NULL, 'rieglepr_inventory', 'documents', NULL, NULL, NULL, NULL, NULL, NULL, NULL, NULL, NULL, 3, 42, 128, 281474976710655, 1024, 0, '2010-02-28 17:33:20', '2010-03-01 21:49:57', NULL, NULL, '', '', NULL),
(NULL, 'rieglepr_inventory', 'order_items', NULL, NULL, NULL, NULL, NULL, NULL, NULL, NULL, NULL, 426, 42, 18260, 281474976710655, 1024, 0, '2010-02-22 11:12:45', '2010-02-27 21:10:20', NULL, NULL, '', '', NULL),
(NULL, 'rieglepr_inventory', 'orders', NULL, NULL, NULL, NULL, NULL, NULL, NULL, NULL, NULL, 283, 64, 18348, 281474976710655, 6144, 0, '2010-02-22 11:12:56', '2010-02-27 20:52:56', NULL, NULL, '', '', NULL),
(NULL, 'rieglepr_inventory', 'parts', NULL, NULL, NULL, NULL, NULL, NULL, NULL, NULL, NULL, 136, 94, 12784, 281474976710655, 14336, 0, '2010-02-22 11:13:08', '2010-02-22 11:28:52', NULL, NULL, '', '', NULL),
(NULL, 'rieglepr_inventory', 'quotes', NULL, NULL, NULL, NULL, NULL, NULL, NULL, NULL, NULL, 356, 142, 50752, 281474976710655, 7168, 0, '2010-02-22 11:13:23', '2010-02-22 11:28:52', NULL, NULL, '', '', NULL),
(NULL, 'rieglepr_inventory', 'ship_locations', NULL, NULL, NULL, NULL, NULL, NULL, NULL, NULL, NULL, 20, 72, 1456, 281474976710655, 2048, 0, '2010-02-22 11:13:41', '2010-02-22 11:28:52', NULL, NULL, '', '', NULL);

-- --------------------------------------------------------

--
-- Table structure for table `PLUGINS`
--

CREATE TEMPORARY TABLE `PLUGINS` (
  `PLUGIN_NAME` varchar(64) NOT NULL DEFAULT '',
  `PLUGIN_VERSION` varchar(20) NOT NULL DEFAULT '',
  `PLUGIN_STATUS` varchar(10) NOT NULL DEFAULT '',
  `PLUGIN_TYPE` varchar(80) NOT NULL DEFAULT '',
  `PLUGIN_TYPE_VERSION` varchar(20) NOT NULL DEFAULT '',
  `PLUGIN_LIBRARY` varchar(64) DEFAULT NULL,
  `PLUGIN_LIBRARY_VERSION` varchar(20) DEFAULT NULL,
  `PLUGIN_AUTHOR` varchar(64) DEFAULT NULL,
  `PLUGIN_DESCRIPTION` longtext,
  `PLUGIN_LICENSE` varchar(80) DEFAULT NULL
) ENGINE=MyISAM DEFAULT CHARSET=utf8;

--
-- Dumping data for table `PLUGINS`
--

INSERT INTO `PLUGINS` (`PLUGIN_NAME`, `PLUGIN_VERSION`, `PLUGIN_STATUS`, `PLUGIN_TYPE`, `PLUGIN_TYPE_VERSION`, `PLUGIN_LIBRARY`, `PLUGIN_LIBRARY_VERSION`, `PLUGIN_AUTHOR`, `PLUGIN_DESCRIPTION`, `PLUGIN_LICENSE`) VALUES
('binlog', '1.0', 'ACTIVE', 'STORAGE ENGINE', '50141.0', NULL, NULL, 'MySQL AB', 'This is a pseudo storage engine to represent the binlog in a transaction', 'GPL'),
('ARCHIVE', '3.0', 'ACTIVE', 'STORAGE ENGINE', '50141.0', NULL, NULL, 'Brian Aker, MySQL AB', 'Archive storage engine', 'GPL'),
('BLACKHOLE', '1.0', 'ACTIVE', 'STORAGE ENGINE', '50141.0', NULL, NULL, 'MySQL AB', '/dev/null storage engine (anything you write to it disappears)', 'GPL'),
('CSV', '1.0', 'ACTIVE', 'STORAGE ENGINE', '50141.0', NULL, NULL, 'Brian Aker, MySQL AB', 'CSV storage engine', 'GPL'),
('FEDERATED', '1.0', 'DISABLED', 'STORAGE ENGINE', '50141.0', NULL, NULL, 'Patrick Galbraith and Brian Aker, MySQL AB', 'Federated MySQL storage engine', 'GPL'),
('MEMORY', '1.0', 'ACTIVE', 'STORAGE ENGINE', '50141.0', NULL, NULL, 'MySQL AB', 'Hash based, stored in memory, useful for temporary tables', 'GPL'),
('InnoDB', '1.0', 'ACTIVE', 'STORAGE ENGINE', '50141.0', NULL, NULL, 'Innobase OY', 'Supports transactions, row-level locking, and foreign keys', 'GPL'),
('MyISAM', '1.0', 'ACTIVE', 'STORAGE ENGINE', '50141.0', NULL, NULL, 'MySQL AB', 'Default engine as of MySQL 3.23 with great performance', 'GPL'),
('MRG_MYISAM', '1.0', 'ACTIVE', 'STORAGE ENGINE', '50141.0', NULL, NULL, 'MySQL AB', 'Collection of identical MyISAM tables', 'GPL'),
('partition', '1.0', 'ACTIVE', 'STORAGE ENGINE', '50141.0', NULL, NULL, 'Mikael Ronstrom, MySQL AB', 'Partition Storage Engine Helper', 'GPL');

-- --------------------------------------------------------

--
-- Table structure for table `PROCESSLIST`
--

CREATE TEMPORARY TABLE `PROCESSLIST` (
  `ID` bigint(4) NOT NULL DEFAULT '0',
  `USER` varchar(16) NOT NULL DEFAULT '',
  `HOST` varchar(64) NOT NULL DEFAULT '',
  `DB` varchar(64) DEFAULT NULL,
  `COMMAND` varchar(16) NOT NULL DEFAULT '',
  `TIME` int(7) NOT NULL DEFAULT '0',
  `STATE` varchar(64) DEFAULT NULL,
  `INFO` longtext
) ENGINE=MyISAM DEFAULT CHARSET=utf8;

--
-- Dumping data for table `PROCESSLIST`
--

INSERT INTO `PROCESSLIST` (`ID`, `USER`, `HOST`, `DB`, `COMMAND`, `TIME`, `STATE`, `INFO`) VALUES
(323, 'root', 'localhost:4164', NULL, 'Query', 0, 'executing', 'SELECT * FROM `information_schema`.`PROCESSLIST`'),
(322, 'pma', 'localhost:4163', NULL, 'Sleep', 4, '', NULL);

-- --------------------------------------------------------

--
-- Table structure for table `PROFILING`
--

CREATE TEMPORARY TABLE `PROFILING` (
  `QUERY_ID` int(20) NOT NULL DEFAULT '0',
  `SEQ` int(20) NOT NULL DEFAULT '0',
  `STATE` varchar(30) NOT NULL DEFAULT '',
  `DURATION` decimal(9,6) NOT NULL DEFAULT '0.000000',
  `CPU_USER` decimal(9,6) DEFAULT NULL,
  `CPU_SYSTEM` decimal(9,6) DEFAULT NULL,
  `CONTEXT_VOLUNTARY` int(20) DEFAULT NULL,
  `CONTEXT_INVOLUNTARY` int(20) DEFAULT NULL,
  `BLOCK_OPS_IN` int(20) DEFAULT NULL,
  `BLOCK_OPS_OUT` int(20) DEFAULT NULL,
  `MESSAGES_SENT` int(20) DEFAULT NULL,
  `MESSAGES_RECEIVED` int(20) DEFAULT NULL,
  `PAGE_FAULTS_MAJOR` int(20) DEFAULT NULL,
  `PAGE_FAULTS_MINOR` int(20) DEFAULT NULL,
  `SWAPS` int(20) DEFAULT NULL,
  `SOURCE_FUNCTION` varchar(30) DEFAULT NULL,
  `SOURCE_FILE` varchar(20) DEFAULT NULL,
  `SOURCE_LINE` int(20) DEFAULT NULL
) ENGINE=MEMORY DEFAULT CHARSET=utf8;

--
-- Dumping data for table `PROFILING`
--


-- --------------------------------------------------------

--
-- Table structure for table `REFERENTIAL_CONSTRAINTS`
--

CREATE TEMPORARY TABLE `REFERENTIAL_CONSTRAINTS` (
  `CONSTRAINT_CATALOG` varchar(512) DEFAULT NULL,
  `CONSTRAINT_SCHEMA` varchar(64) NOT NULL DEFAULT '',
  `CONSTRAINT_NAME` varchar(64) NOT NULL DEFAULT '',
  `UNIQUE_CONSTRAINT_CATALOG` varchar(512) DEFAULT NULL,
  `UNIQUE_CONSTRAINT_SCHEMA` varchar(64) NOT NULL DEFAULT '',
  `UNIQUE_CONSTRAINT_NAME` varchar(64) DEFAULT NULL,
  `MATCH_OPTION` varchar(64) NOT NULL DEFAULT '',
  `UPDATE_RULE` varchar(64) NOT NULL DEFAULT '',
  `DELETE_RULE` varchar(64) NOT NULL DEFAULT '',
  `TABLE_NAME` varchar(64) NOT NULL DEFAULT '',
  `REFERENCED_TABLE_NAME` varchar(64) NOT NULL DEFAULT ''
) ENGINE=MEMORY DEFAULT CHARSET=utf8;

--
-- Dumping data for table `REFERENTIAL_CONSTRAINTS`
--


-- --------------------------------------------------------

--
-- Table structure for table `ROUTINES`
--

CREATE TEMPORARY TABLE `ROUTINES` (
  `SPECIFIC_NAME` varchar(64) NOT NULL DEFAULT '',
  `ROUTINE_CATALOG` varchar(512) DEFAULT NULL,
  `ROUTINE_SCHEMA` varchar(64) NOT NULL DEFAULT '',
  `ROUTINE_NAME` varchar(64) NOT NULL DEFAULT '',
  `ROUTINE_TYPE` varchar(9) NOT NULL DEFAULT '',
  `DTD_IDENTIFIER` varchar(64) DEFAULT NULL,
  `ROUTINE_BODY` varchar(8) NOT NULL DEFAULT '',
  `ROUTINE_DEFINITION` longtext,
  `EXTERNAL_NAME` varchar(64) DEFAULT NULL,
  `EXTERNAL_LANGUAGE` varchar(64) DEFAULT NULL,
  `PARAMETER_STYLE` varchar(8) NOT NULL DEFAULT '',
  `IS_DETERMINISTIC` varchar(3) NOT NULL DEFAULT '',
  `SQL_DATA_ACCESS` varchar(64) NOT NULL DEFAULT '',
  `SQL_PATH` varchar(64) DEFAULT NULL,
  `SECURITY_TYPE` varchar(7) NOT NULL DEFAULT '',
  `CREATED` datetime NOT NULL DEFAULT '0000-00-00 00:00:00',
  `LAST_ALTERED` datetime NOT NULL DEFAULT '0000-00-00 00:00:00',
  `SQL_MODE` varchar(8192) NOT NULL DEFAULT '',
  `ROUTINE_COMMENT` varchar(64) NOT NULL DEFAULT '',
  `DEFINER` varchar(77) NOT NULL DEFAULT '',
  `CHARACTER_SET_CLIENT` varchar(32) NOT NULL DEFAULT '',
  `COLLATION_CONNECTION` varchar(32) NOT NULL DEFAULT '',
  `DATABASE_COLLATION` varchar(32) NOT NULL DEFAULT ''
) ENGINE=MyISAM DEFAULT CHARSET=utf8;

--
-- Dumping data for table `ROUTINES`
--


-- --------------------------------------------------------

--
-- Table structure for table `SCHEMATA`
--

CREATE TEMPORARY TABLE `SCHEMATA` (
  `CATALOG_NAME` varchar(512) DEFAULT NULL,
  `SCHEMA_NAME` varchar(64) NOT NULL DEFAULT '',
  `DEFAULT_CHARACTER_SET_NAME` varchar(32) NOT NULL DEFAULT '',
  `DEFAULT_COLLATION_NAME` varchar(32) NOT NULL DEFAULT '',
  `SQL_PATH` varchar(512) DEFAULT NULL
) ENGINE=MEMORY DEFAULT CHARSET=utf8;

--
-- Dumping data for table `SCHEMATA`
--

INSERT INTO `SCHEMATA` (`CATALOG_NAME`, `SCHEMA_NAME`, `DEFAULT_CHARACTER_SET_NAME`, `DEFAULT_COLLATION_NAME`, `SQL_PATH`) VALUES
(NULL, 'information_schema', 'utf8', 'utf8_general_ci', NULL),
(NULL, 'cdcol', 'latin1', 'latin1_general_ci', NULL),
(NULL, 'mysql', 'latin1', 'latin1_swedish_ci', NULL),
(NULL, 'phpmyadmin', 'latin1', 'latin1_swedish_ci', NULL),
(NULL, 'rieglepr_inventory', 'latin1', 'latin1_swedish_ci', NULL),
(NULL, 'test', 'latin1', 'latin1_swedish_ci', NULL);

-- --------------------------------------------------------

--
-- Table structure for table `SCHEMA_PRIVILEGES`
--

CREATE TEMPORARY TABLE `SCHEMA_PRIVILEGES` (
  `GRANTEE` varchar(81) NOT NULL DEFAULT '',
  `TABLE_CATALOG` varchar(512) DEFAULT NULL,
  `TABLE_SCHEMA` varchar(64) NOT NULL DEFAULT '',
  `PRIVILEGE_TYPE` varchar(64) NOT NULL DEFAULT '',
  `IS_GRANTABLE` varchar(3) NOT NULL DEFAULT ''
) ENGINE=MEMORY DEFAULT CHARSET=utf8;

--
-- Dumping data for table `SCHEMA_PRIVILEGES`
--

INSERT INTO `SCHEMA_PRIVILEGES` (`GRANTEE`, `TABLE_CATALOG`, `TABLE_SCHEMA`, `PRIVILEGE_TYPE`, `IS_GRANTABLE`) VALUES
('''pma''@''localhost''', NULL, 'phpmyadmin', 'SELECT', 'NO'),
('''pma''@''localhost''', NULL, 'phpmyadmin', 'INSERT', 'NO'),
('''pma''@''localhost''', NULL, 'phpmyadmin', 'UPDATE', 'NO'),
('''pma''@''localhost''', NULL, 'phpmyadmin', 'DELETE', 'NO');

-- --------------------------------------------------------

--
-- Table structure for table `SESSION_STATUS`
--

CREATE TEMPORARY TABLE `SESSION_STATUS` (
  `VARIABLE_NAME` varchar(64) NOT NULL DEFAULT '',
  `VARIABLE_VALUE` varchar(1024) DEFAULT NULL
) ENGINE=MEMORY DEFAULT CHARSET=utf8;

--
-- Dumping data for table `SESSION_STATUS`
--

INSERT INTO `SESSION_STATUS` (`VARIABLE_NAME`, `VARIABLE_VALUE`) VALUES
('ABORTED_CLIENTS', '0'),
('ABORTED_CONNECTS', '0'),
('BINLOG_CACHE_DISK_USE', '0'),
('BINLOG_CACHE_USE', '0'),
('BYTES_RECEIVED', '8868'),
('BYTES_SENT', '227386'),
('COM_ADMIN_COMMANDS', '0'),
('COM_ASSIGN_TO_KEYCACHE', '0'),
('COM_ALTER_DB', '0'),
('COM_ALTER_DB_UPGRADE', '0'),
('COM_ALTER_EVENT', '0'),
('COM_ALTER_FUNCTION', '0'),
('COM_ALTER_PROCEDURE', '0'),
('COM_ALTER_SERVER', '0'),
('COM_ALTER_TABLE', '0'),
('COM_ALTER_TABLESPACE', '0'),
('COM_ANALYZE', '0'),
('COM_BACKUP_TABLE', '0'),
('COM_BEGIN', '0'),
('COM_BINLOG', '0'),
('COM_CALL_PROCEDURE', '0'),
('COM_CHANGE_DB', '0'),
('COM_CHANGE_MASTER', '0'),
('COM_CHECK', '0'),
('COM_CHECKSUM', '0'),
('COM_COMMIT', '0'),
('COM_CREATE_DB', '0'),
('COM_CREATE_EVENT', '0'),
('COM_CREATE_FUNCTION', '0'),
('COM_CREATE_INDEX', '0'),
('COM_CREATE_PROCEDURE', '0'),
('COM_CREATE_SERVER', '0'),
('COM_CREATE_TABLE', '0'),
('COM_CREATE_TRIGGER', '0'),
('COM_CREATE_UDF', '0'),
('COM_CREATE_USER', '0'),
('COM_CREATE_VIEW', '0'),
('COM_DEALLOC_SQL', '0'),
('COM_DELETE', '0'),
('COM_DELETE_MULTI', '0'),
('COM_DO', '0'),
('COM_DROP_DB', '0'),
('COM_DROP_EVENT', '0'),
('COM_DROP_FUNCTION', '0'),
('COM_DROP_INDEX', '0'),
('COM_DROP_PROCEDURE', '0'),
('COM_DROP_SERVER', '0'),
('COM_DROP_TABLE', '0'),
('COM_DROP_TRIGGER', '0'),
('COM_DROP_USER', '0'),
('COM_DROP_VIEW', '0'),
('COM_EMPTY_QUERY', '0'),
('COM_EXECUTE_SQL', '0'),
('COM_FLUSH', '0'),
('COM_GRANT', '0'),
('COM_HA_CLOSE', '0'),
('COM_HA_OPEN', '0'),
('COM_HA_READ', '0'),
('COM_HELP', '0'),
('COM_INSERT', '0'),
('COM_INSERT_SELECT', '0'),
('COM_INSTALL_PLUGIN', '0'),
('COM_KILL', '0'),
('COM_LOAD', '0'),
('COM_LOAD_MASTER_DATA', '0'),
('COM_LOAD_MASTER_TABLE', '0'),
('COM_LOCK_TABLES', '0'),
('COM_OPTIMIZE', '0'),
('COM_PRELOAD_KEYS', '0'),
('COM_PREPARE_SQL', '0'),
('COM_PURGE', '0'),
('COM_PURGE_BEFORE_DATE', '0'),
('COM_RELEASE_SAVEPOINT', '0'),
('COM_RENAME_TABLE', '0'),
('COM_RENAME_USER', '0'),
('COM_REPAIR', '0'),
('COM_REPLACE', '0'),
('COM_REPLACE_SELECT', '0'),
('COM_RESET', '0'),
('COM_RESTORE_TABLE', '0'),
('COM_REVOKE', '0'),
('COM_REVOKE_ALL', '0'),
('COM_ROLLBACK', '0'),
('COM_ROLLBACK_TO_SAVEPOINT', '0'),
('COM_SAVEPOINT', '0'),
('COM_SELECT', '22'),
('COM_SET_OPTION', '24'),
('COM_SHOW_AUTHORS', '0'),
('COM_SHOW_BINLOG_EVENTS', '0'),
('COM_SHOW_BINLOGS', '0'),
('COM_SHOW_CHARSETS', '0'),
('COM_SHOW_COLLATIONS', '0'),
('COM_SHOW_COLUMN_TYPES', '0'),
('COM_SHOW_CONTRIBUTORS', '0'),
('COM_SHOW_CREATE_DB', '0'),
('COM_SHOW_CREATE_EVENT', '0'),
('COM_SHOW_CREATE_FUNC', '0'),
('COM_SHOW_CREATE_PROC', '0'),
('COM_SHOW_CREATE_TABLE', '21'),
('COM_SHOW_CREATE_TRIGGER', '0'),
('COM_SHOW_DATABASES', '1'),
('COM_SHOW_ENGINE_LOGS', '0'),
('COM_SHOW_ENGINE_MUTEX', '0'),
('COM_SHOW_ENGINE_STATUS', '0'),
('COM_SHOW_EVENTS', '0'),
('COM_SHOW_ERRORS', '0'),
('COM_SHOW_FIELDS', '0'),
('COM_SHOW_FUNCTION_STATUS', '0'),
('COM_SHOW_GRANTS', '0'),
('COM_SHOW_KEYS', '0'),
('COM_SHOW_MASTER_STATUS', '0'),
('COM_SHOW_NEW_MASTER', '0'),
('COM_SHOW_OPEN_TABLES', '0'),
('COM_SHOW_PLUGINS', '1'),
('COM_SHOW_PRIVILEGES', '0'),
('COM_SHOW_PROCEDURE_STATUS', '0'),
('COM_SHOW_PROCESSLIST', '0'),
('COM_SHOW_PROFILE', '0'),
('COM_SHOW_PROFILES', '0'),
('COM_SHOW_SLAVE_HOSTS', '0'),
('COM_SHOW_SLAVE_STATUS', '0'),
('COM_SHOW_STATUS', '0'),
('COM_SHOW_STORAGE_ENGINES', '0'),
('COM_SHOW_TABLE_STATUS', '61'),
('COM_SHOW_TABLES', '2'),
('COM_SHOW_TRIGGERS', '20'),
('COM_SHOW_VARIABLES', '0'),
('COM_SHOW_WARNINGS', '0'),
('COM_SLAVE_START', '0'),
('COM_SLAVE_STOP', '0'),
('COM_STMT_CLOSE', '0'),
('COM_STMT_EXECUTE', '0'),
('COM_STMT_FETCH', '0'),
('COM_STMT_PREPARE', '0'),
('COM_STMT_REPREPARE', '0'),
('COM_STMT_RESET', '0'),
('COM_STMT_SEND_LONG_DATA', '0'),
('COM_TRUNCATE', '0'),
('COM_UNINSTALL_PLUGIN', '0'),
('COM_UNLOCK_TABLES', '0'),
('COM_UPDATE', '0'),
('COM_UPDATE_MULTI', '0'),
('COM_XA_COMMIT', '0'),
('COM_XA_END', '0'),
('COM_XA_PREPARE', '0'),
('COM_XA_RECOVER', '0'),
('COM_XA_ROLLBACK', '0'),
('COM_XA_START', '0'),
('COMPRESSION', 'OFF'),
('CONNECTIONS', '324'),
('CREATED_TMP_DISK_TABLES', '89'),
('CREATED_TMP_FILES', '5'),
('CREATED_TMP_TABLES', '316'),
('DELAYED_ERRORS', '0'),
('DELAYED_INSERT_THREADS', '0'),
('DELAYED_WRITES', '0'),
('FLUSH_COMMANDS', '1'),
('HANDLER_COMMIT', '0'),
('HANDLER_DELETE', '0'),
('HANDLER_DISCOVER', '0'),
('HANDLER_PREPARE', '0'),
('HANDLER_READ_FIRST', '1'),
('HANDLER_READ_KEY', '0'),
('HANDLER_READ_NEXT', '0'),
('HANDLER_READ_PREV', '0'),
('HANDLER_READ_RND', '0'),
('HANDLER_READ_RND_NEXT', '1913'),
('HANDLER_ROLLBACK', '0'),
('HANDLER_SAVEPOINT', '0'),
('HANDLER_SAVEPOINT_ROLLBACK', '0'),
('HANDLER_UPDATE', '0'),
('HANDLER_WRITE', '1975'),
('INNODB_BUFFER_POOL_PAGES_DATA', '35'),
('INNODB_BUFFER_POOL_PAGES_DIRTY', '0'),
('INNODB_BUFFER_POOL_PAGES_FLUSHED', '0'),
('INNODB_BUFFER_POOL_PAGES_FREE', '989'),
('INNODB_BUFFER_POOL_PAGES_MISC', '0'),
('INNODB_BUFFER_POOL_PAGES_TOTAL', '1024'),
('INNODB_BUFFER_POOL_READ_AHEAD_RND', '1'),
('INNODB_BUFFER_POOL_READ_AHEAD_SEQ', '0'),
('INNODB_BUFFER_POOL_READ_REQUESTS', '109'),
('INNODB_BUFFER_POOL_READS', '12'),
('INNODB_BUFFER_POOL_WAIT_FREE', '0'),
('INNODB_BUFFER_POOL_WRITE_REQUESTS', '0'),
('INNODB_DATA_FSYNCS', '3'),
('INNODB_DATA_PENDING_FSYNCS', '0'),
('INNODB_DATA_PENDING_READS', '0'),
('INNODB_DATA_PENDING_WRITES', '0'),
('INNODB_DATA_READ', '2756608'),
('INNODB_DATA_READS', '45'),
('INNODB_DATA_WRITES', '3'),
('INNODB_DATA_WRITTEN', '1536'),
('INNODB_DBLWR_PAGES_WRITTEN', '0'),
('INNODB_DBLWR_WRITES', '0'),
('INNODB_LOG_WAITS', '0'),
('INNODB_LOG_WRITE_REQUESTS', '0'),
('INNODB_LOG_WRITES', '1'),
('INNODB_OS_LOG_FSYNCS', '3'),
('INNODB_OS_LOG_PENDING_FSYNCS', '0'),
('INNODB_OS_LOG_PENDING_WRITES', '0'),
('INNODB_OS_LOG_WRITTEN', '512'),
('INNODB_PAGE_SIZE', '16384'),
('INNODB_PAGES_CREATED', '0'),
('INNODB_PAGES_READ', '35'),
('INNODB_PAGES_WRITTEN', '0'),
('INNODB_ROW_LOCK_CURRENT_WAITS', '0'),
('INNODB_ROW_LOCK_TIME', '0'),
('INNODB_ROW_LOCK_TIME_AVG', '0'),
('INNODB_ROW_LOCK_TIME_MAX', '0'),
('INNODB_ROW_LOCK_WAITS', '0'),
('INNODB_ROWS_DELETED', '0'),
('INNODB_ROWS_INSERTED', '0'),
('INNODB_ROWS_READ', '0'),
('INNODB_ROWS_UPDATED', '0'),
('KEY_BLOCKS_NOT_FLUSHED', '0'),
('KEY_BLOCKS_UNUSED', '14346'),
('KEY_BLOCKS_USED', '20'),
('KEY_READ_REQUESTS', '205'),
('KEY_READS', '40'),
('KEY_WRITE_REQUESTS', '171'),
('KEY_WRITES', '171'),
('LAST_QUERY_COST', '10.499000'),
('MAX_USED_CONNECTIONS', '4'),
('NOT_FLUSHED_DELAYED_ROWS', '0'),
('OPEN_FILES', '88'),
('OPEN_STREAMS', '0'),
('OPEN_TABLE_DEFINITIONS', '44'),
('OPEN_TABLES', '44'),
('OPENED_FILES', '1607'),
('OPENED_TABLE_DEFINITIONS', '12'),
('OPENED_TABLES', '72'),
('PREPARED_STMT_COUNT', '0'),
('QCACHE_FREE_BLOCKS', '0'),
('QCACHE_FREE_MEMORY', '0'),
('QCACHE_HITS', '0'),
('QCACHE_INSERTS', '0'),
('QCACHE_LOWMEM_PRUNES', '0'),
('QCACHE_NOT_CACHED', '0'),
('QCACHE_QUERIES_IN_CACHE', '0'),
('QCACHE_TOTAL_BLOCKS', '0'),
('QUERIES', '1646'),
('QUESTIONS', '152'),
('RPL_STATUS', 'NULL'),
('SELECT_FULL_JOIN', '0'),
('SELECT_FULL_RANGE_JOIN', '0'),
('SELECT_RANGE', '0'),
('SELECT_RANGE_CHECK', '0'),
('SELECT_SCAN', '107'),
('SLAVE_OPEN_TEMP_TABLES', '0'),
('SLAVE_RETRIED_TRANSACTIONS', '0'),
('SLAVE_RUNNING', 'OFF'),
('SLOW_LAUNCH_THREADS', '0'),
('SLOW_QUERIES', '0'),
('SORT_MERGE_PASSES', '0'),
('SORT_RANGE', '0'),
('SORT_ROWS', '0'),
('SORT_SCAN', '0'),
('SSL_ACCEPT_RENEGOTIATES', '0'),
('SSL_ACCEPTS', '0'),
('SSL_CALLBACK_CACHE_HITS', '0'),
('SSL_CIPHER', ''),
('SSL_CIPHER_LIST', ''),
('SSL_CLIENT_CONNECTS', '0'),
('SSL_CONNECT_RENEGOTIATES', '0'),
('SSL_CTX_VERIFY_DEPTH', '0'),
('SSL_CTX_VERIFY_MODE', '0'),
('SSL_DEFAULT_TIMEOUT', '0'),
('SSL_FINISHED_ACCEPTS', '0'),
('SSL_FINISHED_CONNECTS', '0'),
('SSL_SESSION_CACHE_HITS', '0'),
('SSL_SESSION_CACHE_MISSES', '0'),
('SSL_SESSION_CACHE_MODE', 'NONE'),
('SSL_SESSION_CACHE_OVERFLOWS', '0'),
('SSL_SESSION_CACHE_SIZE', '0'),
('SSL_SESSION_CACHE_TIMEOUTS', '0'),
('SSL_SESSIONS_REUSED', '0'),
('SSL_USED_SESSION_CACHE_ENTRIES', '0'),
('SSL_VERIFY_DEPTH', '0'),
('SSL_VERIFY_MODE', '0'),
('SSL_VERSION', ''),
('TABLE_LOCKS_IMMEDIATE', '509'),
('TABLE_LOCKS_WAITED', '0'),
('TC_LOG_MAX_PAGES_USED', '0'),
('TC_LOG_PAGE_SIZE', '0'),
('TC_LOG_PAGE_WAITS', '0'),
('THREADS_CACHED', '0'),
('THREADS_CONNECTED', '2'),
('THREADS_CREATED', '323'),
('THREADS_RUNNING', '1'),
('UPTIME', '13414'),
('UPTIME_SINCE_FLUSH_STATUS', '13414');

-- --------------------------------------------------------

--
-- Table structure for table `SESSION_VARIABLES`
--

CREATE TEMPORARY TABLE `SESSION_VARIABLES` (
  `VARIABLE_NAME` varchar(64) NOT NULL DEFAULT '',
  `VARIABLE_VALUE` varchar(1024) DEFAULT NULL
) ENGINE=MEMORY DEFAULT CHARSET=utf8;

--
-- Dumping data for table `SESSION_VARIABLES`
--

INSERT INTO `SESSION_VARIABLES` (`VARIABLE_NAME`, `VARIABLE_VALUE`) VALUES
('MAX_PREPARED_STMT_COUNT', '16382'),
('CHARACTER_SET_CONNECTION', 'utf8'),
('HAVE_CRYPT', 'NO'),
('INIT_FILE', ''),
('MYISAM_REPAIR_THREADS', '1'),
('AUTOMATIC_SP_PRIVILEGES', 'ON'),
('MAX_ERROR_COUNT', '64'),
('BACK_LOG', '50'),
('SORT_BUFFER_SIZE', '524288'),
('LOG_QUERIES_NOT_USING_INDEXES', 'OFF'),
('LOG_WARNINGS', '1'),
('MYISAM_USE_MMAP', 'OFF'),
('DELAYED_INSERT_TIMEOUT', '300'),
('FLUSH', 'OFF'),
('LOG_BIN_TRUST_ROUTINE_CREATORS', 'OFF'),
('SLAVE_COMPRESSED_PROTOCOL', 'OFF'),
('RELAY_LOG', ''),
('CHARACTER_SETS_DIR', 'C:\\xampp\\mysql\\share\\charsets\\'),
('IDENTITY', '0'),
('BINLOG_CACHE_SIZE', '32768'),
('UPDATABLE_VIEWS_WITH_LIMIT', 'YES'),
('MAX_RELAY_LOG_SIZE', '0'),
('SLOW_LAUNCH_TIME', '2'),
('COMPLETION_TYPE', '0'),
('INNODB_LOCK_WAIT_TIMEOUT', '50'),
('FT_QUERY_EXPANSION_LIMIT', '20'),
('RELAY_LOG_INDEX', ''),
('SYNC_FRM', 'ON'),
('SQL_QUOTE_SHOW_CREATE', 'ON'),
('MAX_LENGTH_FOR_SORT_DATA', '1024'),
('SQL_LOG_UPDATE', 'ON'),
('DELAYED_QUEUE_SIZE', '1000'),
('INNODB_USE_LEGACY_CARDINALITY_ALGORITHM', 'ON'),
('FT_MAX_WORD_LEN', '84'),
('MYISAM_RECOVER_OPTIONS', 'OFF'),
('LARGE_PAGE_SIZE', '0'),
('MYISAM_STATS_METHOD', 'nulls_unequal'),
('CHARACTER_SET_CLIENT', 'utf8'),
('REPORT_HOST', ''),
('QUERY_CACHE_TYPE', 'ON'),
('SSL_KEY', ''),
('DELAYED_INSERT_LIMIT', '100'),
('SYSTEM_TIME_ZONE', 'Eastern Standard Time'),
('INTERACTIVE_TIMEOUT', '28800'),
('SLAVE_SKIP_ERRORS', 'OFF'),
('SQL_LOW_PRIORITY_UPDATES', 'OFF'),
('INSERT_ID', '0'),
('CONCURRENT_INSERT', '1'),
('RELAY_LOG_PURGE', 'ON'),
('DELAY_KEY_WRITE', 'ON'),
('SKIP_SHOW_DATABASE', 'OFF'),
('CONNECT_TIMEOUT', '10'),
('GROUP_CONCAT_MAX_LEN', '1024'),
('AUTO_INCREMENT_OFFSET', '1'),
('INNODB_LOG_BUFFER_SIZE', '8388608'),
('QUERY_CACHE_LIMIT', '1048576'),
('TABLE_DEFINITION_CACHE', '256'),
('JOIN_BUFFER_SIZE', '131072'),
('INNODB_MAX_PURGE_LAG', '0'),
('COLLATION_DATABASE', 'latin1_swedish_ci'),
('TRANSACTION_PREALLOC_SIZE', '4096'),
('MAX_BINLOG_SIZE', '1073741824'),
('VERSION_COMPILE_OS', 'Win32'),
('LARGE_PAGES', 'OFF'),
('SQL_NOTES', 'ON'),
('CHARACTER_SET_RESULTS', 'utf8'),
('LOW_PRIORITY_UPDATES', 'OFF'),
('MAX_CONNECT_ERRORS', '10'),
('REPORT_PASSWORD', ''),
('MAX_ALLOWED_PACKET', '1048576'),
('MAX_INSERT_DELAYED_THREADS', '20'),
('MAX_CONNECTIONS', '151'),
('HAVE_COMPRESS', 'YES'),
('BASEDIR', 'C:\\xampp\\mysql\\'),
('TRANSACTION_ALLOC_BLOCK_SIZE', '8192'),
('QUERY_CACHE_SIZE', '0'),
('THREAD_CACHE_SIZE', '0'),
('LANGUAGE', 'C:\\xampp\\mysql\\share\\english\\'),
('INNODB_DOUBLEWRITE', 'ON'),
('INNODB_CHECKSUMS', 'ON'),
('LARGE_FILES_SUPPORT', 'ON'),
('LOWER_CASE_TABLE_NAMES', '1'),
('DEFAULT_WEEK_FORMAT', '0'),
('PSEUDO_THREAD_ID', '323'),
('LOG_OUTPUT', 'FILE'),
('FT_MIN_WORD_LEN', '4'),
('COLLATION_SERVER', 'latin1_swedish_ci'),
('CHARACTER_SET_SERVER', 'latin1'),
('PROTOCOL_VERSION', '10'),
('LONG_QUERY_TIME', '10.000000'),
('HAVE_SYMLINK', 'YES'),
('FT_BOOLEAN_SYNTAX', '+ -><()~*:""&|'),
('TIME_ZONE', 'America/New_York'),
('MAX_HEAP_TABLE_SIZE', '16777216'),
('INNODB_TABLE_LOCKS', 'ON'),
('ENGINE_CONDITION_PUSHDOWN', 'ON'),
('INNODB_AUTOEXTEND_INCREMENT', '8'),
('KEY_CACHE_AGE_THRESHOLD', '300'),
('MYISAM_DATA_POINTER_SIZE', '6'),
('NET_RETRY_COUNT', '10'),
('INNODB_THREAD_SLEEP_DELAY', '10000'),
('NET_BUFFER_LENGTH', '8192'),
('SQL_AUTO_IS_NULL', 'ON'),
('MYISAM_MAX_SORT_FILE_SIZE', '2146435072'),
('SLAVE_TRANSACTION_RETRIES', '10'),
('INIT_SLAVE', ''),
('HAVE_GEOMETRY', 'YES'),
('INNODB_LOG_FILE_SIZE', '5242880'),
('GENERAL_LOG', 'OFF'),
('HAVE_COMMUNITY_FEATURES', 'YES'),
('TABLE_TYPE', 'MyISAM'),
('KEEP_FILES_ON_CREATE', 'OFF'),
('QUERY_CACHE_MIN_RES_UNIT', '4096'),
('QUERY_PREALLOC_SIZE', '8192'),
('INNODB_STATS_ON_METADATA', 'ON'),
('FLUSH_TIME', '1800'),
('INNODB_ROLLBACK_ON_TIMEOUT', 'OFF'),
('OLD_ALTER_TABLE', 'OFF'),
('PROFILING_HISTORY_SIZE', '15'),
('MYISAM_SORT_BUFFER_SIZE', '8388608'),
('INNODB_ADDITIONAL_MEM_POOL_SIZE', '2097152'),
('MAX_BINLOG_CACHE_SIZE', '4294963200'),
('READ_RND_BUFFER_SIZE', '524288'),
('READ_BUFFER_SIZE', '262144'),
('SECURE_AUTH', 'OFF'),
('BULK_INSERT_BUFFER_SIZE', '8388608'),
('BIG_TABLES', 'OFF'),
('MAX_SP_RECURSION_DEPTH', '0'),
('SQL_SELECT_LIMIT', '18446744073709551615'),
('OLD_PASSWORDS', 'OFF'),
('DATE_FORMAT', '%Y-%m-%d'),
('PLUGIN_DIR', 'C:\\xampp\\mysql\\lib/plugin'),
('READ_ONLY', 'OFF'),
('WARNING_COUNT', '0'),
('RAND_SEED1', ''),
('MAX_SEEKS_FOR_KEY', '4294967295'),
('INNODB_DATA_FILE_PATH', 'ibdata1:10M:autoextend'),
('FT_STOPWORD_FILE', '(built-in)'),
('QUERY_ALLOC_BLOCK_SIZE', '8192'),
('LOWER_CASE_FILE_SYSTEM', 'ON'),
('PROFILING', 'OFF'),
('NET_WRITE_TIMEOUT', '60'),
('HAVE_CSV', 'YES'),
('THREAD_STACK', '196608'),
('KEY_CACHE_DIVISION_LIMIT', '100'),
('OPEN_FILES_LIMIT', '755'),
('GENERAL_LOG_FILE', 'C:/xampp/mysql/data/mysql.log'),
('EVENT_SCHEDULER', 'OFF'),
('SSL_CERT', ''),
('SQL_BIG_TABLES', 'OFF'),
('AUTO_INCREMENT_INCREMENT', '1'),
('PID_FILE', 'C:\\xampp\\mysql\\data\\mysql.pid'),
('TMPDIR', 'C:/xampp/tmp/'),
('CHARACTER_SET_DATABASE', 'latin1'),
('EXPIRE_LOGS_DAYS', '0'),
('MIN_EXAMINED_ROW_LIMIT', '0'),
('HAVE_PARTITIONING', 'YES'),
('MAX_SORT_LENGTH', '1024'),
('FOREIGN_KEY_CHECKS', 'ON'),
('SSL_CAPATH', ''),
('RELAY_LOG_INFO_FILE', 'relay-log.info'),
('VERSION_COMMENT', 'Source distribution'),
('INNODB_AUTOINC_LOCK_MODE', '1'),
('OPTIMIZER_SWITCH', 'index_merge=on,index_merge_union=on,index_merge_sort_union=on,index_merge_intersection=on'),
('INNODB_COMMIT_CONCURRENCY', '0'),
('OPTIMIZER_PRUNE_LEVEL', '1'),
('INNODB_MIRRORED_LOG_GROUPS', '1'),
('QUERY_CACHE_WLOCK_INVALIDATE', 'OFF'),
('UNIQUE_CHECKS', 'ON'),
('MAX_WRITE_LOCK_COUNT', '4294967295'),
('VERSION', '5.1.41'),
('TIMED_MUTEXES', 'OFF'),
('INNODB_SUPPORT_XA', 'ON'),
('THREAD_HANDLING', 'one-thread-per-connection'),
('INNODB_SYNC_SPIN_LOOPS', '20'),
('IGNORE_BUILTIN_INNODB', 'OFF'),
('COLLATION_CONNECTION', 'utf8_general_ci'),
('SERVER_ID', '1'),
('HAVE_QUERY_CACHE', 'YES'),
('SKIP_NETWORKING', 'OFF'),
('INNODB_ADAPTIVE_HASH_INDEX', 'ON'),
('CHARACTER_SET_SYSTEM', 'utf8'),
('VERSION_COMPILE_MACHINE', 'ia32'),
('INIT_CONNECT', ''),
('DIV_PRECISION_INCREMENT', '4'),
('OPTIMIZER_SEARCH_DEPTH', '62'),
('DATADIR', 'C:\\xampp\\mysql\\data\\'),
('AUTOCOMMIT', 'ON'),
('INNODB_DATA_HOME_DIR', 'C:\\xampp\\mysql\\data\\'),
('SSL_CIPHER', ''),
('NAMED_PIPE', 'ON'),
('PRELOAD_BUFFER_SIZE', '32768'),
('SQL_SLAVE_SKIP_COUNTER', ''),
('TMP_TABLE_SIZE', '16777216'),
('TIME_FORMAT', '%H:%i:%s'),
('TABLE_LOCK_WAIT_TIMEOUT', '50'),
('INNODB_FORCE_RECOVERY', '0'),
('SHARED_MEMORY', 'OFF'),
('INNODB_LOG_FILES_IN_GROUP', '2'),
('HOSTNAME', 'Chris-Laptop'),
('ERROR_COUNT', '0'),
('LAST_INSERT_ID', '0'),
('HAVE_DYNAMIC_LOADING', 'YES'),
('LOG_BIN', 'OFF'),
('SYNC_BINLOG', '0'),
('SQL_MODE', ''),
('RELAY_LOG_SPACE_LIMIT', '0'),
('MAX_USER_CONNECTIONS', '0'),
('INNODB_OPEN_FILES', '300'),
('SLAVE_EXEC_MODE', 'STRICT'),
('OLD', 'OFF'),
('SQL_MAX_JOIN_SIZE', '18446744073709551615'),
('INNODB_MAX_DIRTY_PAGES_PCT', '90'),
('NEW', 'OFF'),
('TABLE_OPEN_CACHE', '64'),
('SECURE_FILE_PRIV', ''),
('KEY_BUFFER_SIZE', '16777216'),
('REPORT_PORT', '3306'),
('HAVE_NDBCLUSTER', 'NO'),
('SQL_BIG_SELECTS', 'ON'),
('SQL_BUFFER_RESULT', 'OFF'),
('KEY_CACHE_BLOCK_SIZE', '1024'),
('INNODB_LOG_GROUP_HOME_DIR', 'C:\\xampp\\mysql\\data\\'),
('SQL_LOG_BIN', 'ON'),
('INNODB_FAST_SHUTDOWN', '1'),
('CHARACTER_SET_FILESYSTEM', 'binary'),
('SSL_CA', ''),
('HAVE_INNODB', 'YES'),
('INNODB_THREAD_CONCURRENCY', '8'),
('RPL_RECOVERY_RANK', '0'),
('SLAVE_NET_TIMEOUT', '3600'),
('LOG_ERROR', 'C:\\xampp\\mysql\\data\\mysql.err'),
('INNODB_BUFFER_POOL_SIZE', '16777216'),
('REPORT_USER', ''),
('LOCAL_INFILE', 'ON'),
('LOG', 'OFF'),
('HAVE_RTREE_KEYS', 'YES'),
('TX_ISOLATION', 'REPEATABLE-READ'),
('BINLOG_FORMAT', 'STATEMENT'),
('LC_TIME_NAMES', 'en_US'),
('SHARED_MEMORY_BASE_NAME', 'MYSQL'),
('LOG_SLOW_QUERIES', 'OFF'),
('SQL_WARNINGS', 'OFF'),
('MAX_TMP_TABLES', '32'),
('NET_READ_TIMEOUT', '30'),
('SQL_LOG_OFF', 'OFF'),
('TIMESTAMP', '1267506147'),
('SLOW_QUERY_LOG_FILE', 'C:/xampp/mysql/data/mysql-slow.log'),
('MAX_DELAYED_THREADS', '20'),
('MULTI_RANGE_COUNT', '256'),
('DATETIME_FORMAT', '%Y-%m-%d %H:%i:%s'),
('SLOW_QUERY_LOG', 'OFF'),
('INNODB_FLUSH_LOG_AT_TRX_COMMIT', '1'),
('INNODB_FLUSH_METHOD', ''),
('INNODB_FILE_IO_THREADS', '4'),
('RANGE_ALLOC_BLOCK_SIZE', '4096'),
('LICENSE', 'GPL'),
('STORAGE_ENGINE', 'MyISAM'),
('INNODB_LOCKS_UNSAFE_FOR_BINLOG', 'OFF'),
('HAVE_SSL', 'DISABLED'),
('PORT', '3306'),
('INNODB_CONCURRENCY_TICKETS', '500'),
('LOG_SLAVE_UPDATES', 'OFF'),
('MAX_JOIN_SIZE', '18446744073709551615'),
('LOG_BIN_TRUST_FUNCTION_CREATORS', 'OFF'),
('WAIT_TIMEOUT', '28800'),
('INNODB_FILE_PER_TABLE', 'OFF'),
('SOCKET', 'MySQL'),
('HAVE_OPENSSL', 'DISABLED'),
('RAND_SEED2', ''),
('SKIP_EXTERNAL_LOCKING', 'ON'),
('SQL_SAFE_UPDATES', 'OFF'),
('SLAVE_LOAD_TMPDIR', 'C:\\xampp\\tmp\\');

-- --------------------------------------------------------

--
-- Table structure for table `STATISTICS`
--

CREATE TEMPORARY TABLE `STATISTICS` (
  `TABLE_CATALOG` varchar(512) DEFAULT NULL,
  `TABLE_SCHEMA` varchar(64) NOT NULL DEFAULT '',
  `TABLE_NAME` varchar(64) NOT NULL DEFAULT '',
  `NON_UNIQUE` bigint(1) NOT NULL DEFAULT '0',
  `INDEX_SCHEMA` varchar(64) NOT NULL DEFAULT '',
  `INDEX_NAME` varchar(64) NOT NULL DEFAULT '',
  `SEQ_IN_INDEX` bigint(2) NOT NULL DEFAULT '0',
  `COLUMN_NAME` varchar(64) NOT NULL DEFAULT '',
  `COLLATION` varchar(1) DEFAULT NULL,
  `CARDINALITY` bigint(21) DEFAULT NULL,
  `SUB_PART` bigint(3) DEFAULT NULL,
  `PACKED` varchar(10) DEFAULT NULL,
  `NULLABLE` varchar(3) NOT NULL DEFAULT '',
  `INDEX_TYPE` varchar(16) NOT NULL DEFAULT '',
  `COMMENT` varchar(16) DEFAULT NULL
) ENGINE=MEMORY DEFAULT CHARSET=utf8;

--
-- Dumping data for table `STATISTICS`
--

INSERT INTO `STATISTICS` (`TABLE_CATALOG`, `TABLE_SCHEMA`, `TABLE_NAME`, `NON_UNIQUE`, `INDEX_SCHEMA`, `INDEX_NAME`, `SEQ_IN_INDEX`, `COLUMN_NAME`, `COLLATION`, `CARDINALITY`, `SUB_PART`, `PACKED`, `NULLABLE`, `INDEX_TYPE`, `COMMENT`) VALUES
(NULL, 'cdcol', 'cds', 0, 'cdcol', 'PRIMARY', 1, 'id', 'A', 3, NULL, NULL, '', 'BTREE', ''),
(NULL, 'mysql', 'columns_priv', 0, 'mysql', 'PRIMARY', 1, 'Host', 'A', NULL, NULL, NULL, '', 'BTREE', ''),
(NULL, 'mysql', 'columns_priv', 0, 'mysql', 'PRIMARY', 2, 'Db', 'A', NULL, NULL, NULL, '', 'BTREE', ''),
(NULL, 'mysql', 'columns_priv', 0, 'mysql', 'PRIMARY', 3, 'User', 'A', NULL, NULL, NULL, '', 'BTREE', ''),
(NULL, 'mysql', 'columns_priv', 0, 'mysql', 'PRIMARY', 4, 'Table_name', 'A', NULL, NULL, NULL, '', 'BTREE', ''),
(NULL, 'mysql', 'columns_priv', 0, 'mysql', 'PRIMARY', 5, 'Column_name', 'A', 0, NULL, NULL, '', 'BTREE', ''),
(NULL, 'mysql', 'db', 0, 'mysql', 'PRIMARY', 1, 'Host', 'A', NULL, NULL, NULL, '', 'BTREE', ''),
(NULL, 'mysql', 'db', 0, 'mysql', 'PRIMARY', 2, 'Db', 'A', NULL, NULL, NULL, '', 'BTREE', ''),
(NULL, 'mysql', 'db', 0, 'mysql', 'PRIMARY', 3, 'User', 'A', 1, NULL, NULL, '', 'BTREE', ''),
(NULL, 'mysql', 'db', 1, 'mysql', 'User', 1, 'User', 'A', NULL, NULL, NULL, '', 'BTREE', ''),
(NULL, 'mysql', 'event', 0, 'mysql', 'PRIMARY', 1, 'db', 'A', NULL, NULL, NULL, '', 'BTREE', ''),
(NULL, 'mysql', 'event', 0, 'mysql', 'PRIMARY', 2, 'name', 'A', 0, NULL, NULL, '', 'BTREE', ''),
(NULL, 'mysql', 'func', 0, 'mysql', 'PRIMARY', 1, 'name', 'A', 0, NULL, NULL, '', 'BTREE', ''),
(NULL, 'mysql', 'help_category', 0, 'mysql', 'PRIMARY', 1, 'help_category_id', 'A', 37, NULL, NULL, '', 'BTREE', ''),
(NULL, 'mysql', 'help_category', 0, 'mysql', 'name', 1, 'name', 'A', 37, NULL, NULL, '', 'BTREE', ''),
(NULL, 'mysql', 'help_keyword', 0, 'mysql', 'PRIMARY', 1, 'help_keyword_id', 'A', 450, NULL, NULL, '', 'BTREE', ''),
(NULL, 'mysql', 'help_keyword', 0, 'mysql', 'name', 1, 'name', 'A', 450, NULL, NULL, '', 'BTREE', ''),
(NULL, 'mysql', 'help_relation', 0, 'mysql', 'PRIMARY', 1, 'help_keyword_id', 'A', NULL, NULL, NULL, '', 'BTREE', ''),
(NULL, 'mysql', 'help_relation', 0, 'mysql', 'PRIMARY', 2, 'help_topic_id', 'A', 986, NULL, NULL, '', 'BTREE', ''),
(NULL, 'mysql', 'help_topic', 0, 'mysql', 'PRIMARY', 1, 'help_topic_id', 'A', 503, NULL, NULL, '', 'BTREE', ''),
(NULL, 'mysql', 'help_topic', 0, 'mysql', 'name', 1, 'name', 'A', 503, NULL, NULL, '', 'BTREE', ''),
(NULL, 'mysql', 'host', 0, 'mysql', 'PRIMARY', 1, 'Host', 'A', NULL, NULL, NULL, '', 'BTREE', ''),
(NULL, 'mysql', 'host', 0, 'mysql', 'PRIMARY', 2, 'Db', 'A', 0, NULL, NULL, '', 'BTREE', ''),
(NULL, 'mysql', 'ndb_binlog_index', 0, 'mysql', 'PRIMARY', 1, 'epoch', 'A', 0, NULL, NULL, '', 'BTREE', ''),
(NULL, 'mysql', 'plugin', 0, 'mysql', 'PRIMARY', 1, 'name', 'A', 0, NULL, NULL, '', 'BTREE', ''),
(NULL, 'mysql', 'proc', 0, 'mysql', 'PRIMARY', 1, 'db', 'A', NULL, NULL, NULL, '', 'BTREE', ''),
(NULL, 'mysql', 'proc', 0, 'mysql', 'PRIMARY', 2, 'name', 'A', NULL, NULL, NULL, '', 'BTREE', ''),
(NULL, 'mysql', 'proc', 0, 'mysql', 'PRIMARY', 3, 'type', 'A', 0, NULL, NULL, '', 'BTREE', ''),
(NULL, 'mysql', 'procs_priv', 0, 'mysql', 'PRIMARY', 1, 'Host', 'A', NULL, NULL, NULL, '', 'BTREE', ''),
(NULL, 'mysql', 'procs_priv', 0, 'mysql', 'PRIMARY', 2, 'Db', 'A', NULL, NULL, NULL, '', 'BTREE', ''),
(NULL, 'mysql', 'procs_priv', 0, 'mysql', 'PRIMARY', 3, 'User', 'A', NULL, NULL, NULL, '', 'BTREE', ''),
(NULL, 'mysql', 'procs_priv', 0, 'mysql', 'PRIMARY', 4, 'Routine_name', 'A', NULL, NULL, NULL, '', 'BTREE', ''),
(NULL, 'mysql', 'procs_priv', 0, 'mysql', 'PRIMARY', 5, 'Routine_type', 'A', 0, NULL, NULL, '', 'BTREE', ''),
(NULL, 'mysql', 'procs_priv', 1, 'mysql', 'Grantor', 1, 'Grantor', 'A', NULL, NULL, NULL, '', 'BTREE', ''),
(NULL, 'mysql', 'servers', 0, 'mysql', 'PRIMARY', 1, 'Server_name', 'A', 0, NULL, NULL, '', 'BTREE', ''),
(NULL, 'mysql', 'tables_priv', 0, 'mysql', 'PRIMARY', 1, 'Host', 'A', NULL, NULL, NULL, '', 'BTREE', ''),
(NULL, 'mysql', 'tables_priv', 0, 'mysql', 'PRIMARY', 2, 'Db', 'A', NULL, NULL, NULL, '', 'BTREE', ''),
(NULL, 'mysql', 'tables_priv', 0, 'mysql', 'PRIMARY', 3, 'User', 'A', NULL, NULL, NULL, '', 'BTREE', ''),
(NULL, 'mysql', 'tables_priv', 0, 'mysql', 'PRIMARY', 4, 'Table_name', 'A', 0, NULL, NULL, '', 'BTREE', ''),
(NULL, 'mysql', 'tables_priv', 1, 'mysql', 'Grantor', 1, 'Grantor', 'A', NULL, NULL, NULL, '', 'BTREE', ''),
(NULL, 'mysql', 'time_zone', 0, 'mysql', 'PRIMARY', 1, 'Time_zone_id', 'A', 560, NULL, NULL, '', 'BTREE', ''),
(NULL, 'mysql', 'time_zone_leap_second', 0, 'mysql', 'PRIMARY', 1, 'Transition_time', 'A', 24, NULL, NULL, '', 'BTREE', ''),
(NULL, 'mysql', 'time_zone_name', 0, 'mysql', 'PRIMARY', 1, 'Name', 'A', 560, NULL, NULL, '', 'BTREE', ''),
(NULL, 'mysql', 'time_zone_transition', 0, 'mysql', 'PRIMARY', 1, 'Time_zone_id', 'A', NULL, NULL, NULL, '', 'BTREE', ''),
(NULL, 'mysql', 'time_zone_transition', 0, 'mysql', 'PRIMARY', 2, 'Transition_time', 'A', 38602, NULL, NULL, '', 'BTREE', ''),
(NULL, 'mysql', 'time_zone_transition_type', 0, 'mysql', 'PRIMARY', 1, 'Time_zone_id', 'A', NULL, NULL, NULL, '', 'BTREE', ''),
(NULL, 'mysql', 'time_zone_transition_type', 0, 'mysql', 'PRIMARY', 2, 'Transition_type_id', 'A', 2579, NULL, NULL, '', 'BTREE', ''),
(NULL, 'mysql', 'user', 0, 'mysql', 'PRIMARY', 1, 'Host', 'A', NULL, NULL, NULL, '', 'BTREE', ''),
(NULL, 'mysql', 'user', 0, 'mysql', 'PRIMARY', 2, 'User', 'A', 2, NULL, NULL, '', 'BTREE', ''),
(NULL, 'phpmyadmin', 'pma_bookmark', 0, 'phpmyadmin', 'PRIMARY', 1, 'id', 'A', 0, NULL, NULL, '', 'BTREE', ''),
(NULL, 'phpmyadmin', 'pma_column_info', 0, 'phpmyadmin', 'PRIMARY', 1, 'id', 'A', 0, NULL, NULL, '', 'BTREE', ''),
(NULL, 'phpmyadmin', 'pma_column_info', 0, 'phpmyadmin', 'db_name', 1, 'db_name', 'A', NULL, NULL, NULL, '', 'BTREE', ''),
(NULL, 'phpmyadmin', 'pma_column_info', 0, 'phpmyadmin', 'db_name', 2, 'table_name', 'A', NULL, NULL, NULL, '', 'BTREE', ''),
(NULL, 'phpmyadmin', 'pma_column_info', 0, 'phpmyadmin', 'db_name', 3, 'column_name', 'A', 0, NULL, NULL, '', 'BTREE', ''),
(NULL, 'phpmyadmin', 'pma_designer_coords', 0, 'phpmyadmin', 'PRIMARY', 1, 'db_name', 'A', NULL, NULL, NULL, '', 'BTREE', ''),
(NULL, 'phpmyadmin', 'pma_designer_coords', 0, 'phpmyadmin', 'PRIMARY', 2, 'table_name', 'A', 0, NULL, NULL, '', 'BTREE', ''),
(NULL, 'phpmyadmin', 'pma_history', 0, 'phpmyadmin', 'PRIMARY', 1, 'id', 'A', 65, NULL, NULL, '', 'BTREE', ''),
(NULL, 'phpmyadmin', 'pma_history', 1, 'phpmyadmin', 'username', 1, 'username', 'A', NULL, NULL, NULL, '', 'BTREE', ''),
(NULL, 'phpmyadmin', 'pma_history', 1, 'phpmyadmin', 'username', 2, 'db', 'A', NULL, NULL, NULL, '', 'BTREE', ''),
(NULL, 'phpmyadmin', 'pma_history', 1, 'phpmyadmin', 'username', 3, 'table', 'A', NULL, NULL, NULL, '', 'BTREE', ''),
(NULL, 'phpmyadmin', 'pma_history', 1, 'phpmyadmin', 'username', 4, 'timevalue', 'A', NULL, NULL, NULL, '', 'BTREE', ''),
(NULL, 'phpmyadmin', 'pma_pdf_pages', 0, 'phpmyadmin', 'PRIMARY', 1, 'page_nr', 'A', 0, NULL, NULL, '', 'BTREE', ''),
(NULL, 'phpmyadmin', 'pma_pdf_pages', 1, 'phpmyadmin', 'db_name', 1, 'db_name', 'A', NULL, NULL, NULL, '', 'BTREE', ''),
(NULL, 'phpmyadmin', 'pma_relation', 0, 'phpmyadmin', 'PRIMARY', 1, 'master_db', 'A', NULL, NULL, NULL, '', 'BTREE', ''),
(NULL, 'phpmyadmin', 'pma_relation', 0, 'phpmyadmin', 'PRIMARY', 2, 'master_table', 'A', NULL, NULL, NULL, '', 'BTREE', ''),
(NULL, 'phpmyadmin', 'pma_relation', 0, 'phpmyadmin', 'PRIMARY', 3, 'master_field', 'A', 0, NULL, NULL, '', 'BTREE', ''),
(NULL, 'phpmyadmin', 'pma_relation', 1, 'phpmyadmin', 'foreign_field', 1, 'foreign_db', 'A', NULL, NULL, NULL, '', 'BTREE', ''),
(NULL, 'phpmyadmin', 'pma_relation', 1, 'phpmyadmin', 'foreign_field', 2, 'foreign_table', 'A', NULL, NULL, NULL, '', 'BTREE', ''),
(NULL, 'phpmyadmin', 'pma_table_coords', 0, 'phpmyadmin', 'PRIMARY', 1, 'db_name', 'A', NULL, NULL, NULL, '', 'BTREE', ''),
(NULL, 'phpmyadmin', 'pma_table_coords', 0, 'phpmyadmin', 'PRIMARY', 2, 'table_name', 'A', NULL, NULL, NULL, '', 'BTREE', ''),
(NULL, 'phpmyadmin', 'pma_table_coords', 0, 'phpmyadmin', 'PRIMARY', 3, 'pdf_page_number', 'A', 0, NULL, NULL, '', 'BTREE', ''),
(NULL, 'phpmyadmin', 'pma_table_info', 0, 'phpmyadmin', 'PRIMARY', 1, 'db_name', 'A', NULL, NULL, NULL, '', 'BTREE', ''),
(NULL, 'phpmyadmin', 'pma_table_info', 0, 'phpmyadmin', 'PRIMARY', 2, 'table_name', 'A', 0, NULL, NULL, '', 'BTREE', ''),
(NULL, 'rieglepr_inventory', 'bc_backgrounds', 0, 'rieglepr_inventory', 'PRIMARY', 1, 'BC_Back_ID', 'A', 0, NULL, NULL, '', 'BTREE', ''),
(NULL, 'rieglepr_inventory', 'customer_login', 0, 'rieglepr_inventory', 'PRIMARY', 1, 'Cust_Login_ID', 'A', 6, NULL, NULL, '', 'BTREE', ''),
(NULL, 'rieglepr_inventory', 'customer_login', 0, 'rieglepr_inventory', 'Cust_Login_Name', 1, 'Cust_Login_Name', 'A', 6, NULL, NULL, '', 'BTREE', ''),
(NULL, 'rieglepr_inventory', 'customers', 0, 'rieglepr_inventory', 'PRIMARY', 1, 'Cust_ID', 'A', 4, NULL, NULL, '', 'BTREE', ''),
(NULL, 'rieglepr_inventory', 'customers', 0, 'rieglepr_inventory', 'Cust_Desc', 1, 'Cust_Desc', 'A', 4, NULL, NULL, '', 'BTREE', ''),
(NULL, 'rieglepr_inventory', 'doc_orders', 0, 'rieglepr_inventory', 'PRIMARY', 1, 'Doc_Order_ID', 'A', 51, NULL, NULL, '', 'BTREE', ''),
(NULL, 'rieglepr_inventory', 'orders', 0, 'rieglepr_inventory', 'PRIMARY', 1, 'Order_ID', 'A', 283, NULL, NULL, '', 'BTREE', ''),
(NULL, 'rieglepr_inventory', 'parts', 0, 'rieglepr_inventory', 'PRIMARY', 1, 'Part_ID', 'A', 136, NULL, NULL, '', 'BTREE', ''),
(NULL, 'rieglepr_inventory', 'parts', 0, 'rieglepr_inventory', 'Part_Desc', 1, 'Part_Desc', 'A', NULL, NULL, NULL, '', 'BTREE', ''),
(NULL, 'rieglepr_inventory', 'parts', 0, 'rieglepr_inventory', 'Part_Desc', 2, 'Part_No', 'A', 136, NULL, NULL, '', 'BTREE', ''),
(NULL, 'rieglepr_inventory', 'quotes', 0, 'rieglepr_inventory', 'PRIMARY', 1, 'qte_id', 'A', 356, NULL, NULL, '', 'BTREE', ''),
(NULL, 'rieglepr_inventory', 'ship_locations', 0, 'rieglepr_inventory', 'Ship_Name', 1, 'Ship_Name', 'A', 20, NULL, NULL, '', 'BTREE', '');

-- --------------------------------------------------------

--
-- Table structure for table `TABLES`
--

CREATE TEMPORARY TABLE `TABLES` (
  `TABLE_CATALOG` varchar(512) DEFAULT NULL,
  `TABLE_SCHEMA` varchar(64) NOT NULL DEFAULT '',
  `TABLE_NAME` varchar(64) NOT NULL DEFAULT '',
  `TABLE_TYPE` varchar(64) NOT NULL DEFAULT '',
  `ENGINE` varchar(64) DEFAULT NULL,
  `VERSION` bigint(21) unsigned DEFAULT NULL,
  `ROW_FORMAT` varchar(10) DEFAULT NULL,
  `TABLE_ROWS` bigint(21) unsigned DEFAULT NULL,
  `AVG_ROW_LENGTH` bigint(21) unsigned DEFAULT NULL,
  `DATA_LENGTH` bigint(21) unsigned DEFAULT NULL,
  `MAX_DATA_LENGTH` bigint(21) unsigned DEFAULT NULL,
  `INDEX_LENGTH` bigint(21) unsigned DEFAULT NULL,
  `DATA_FREE` bigint(21) unsigned DEFAULT NULL,
  `AUTO_INCREMENT` bigint(21) unsigned DEFAULT NULL,
  `CREATE_TIME` datetime DEFAULT NULL,
  `UPDATE_TIME` datetime DEFAULT NULL,
  `CHECK_TIME` datetime DEFAULT NULL,
  `TABLE_COLLATION` varchar(32) DEFAULT NULL,
  `CHECKSUM` bigint(21) unsigned DEFAULT NULL,
  `CREATE_OPTIONS` varchar(255) DEFAULT NULL,
  `TABLE_COMMENT` varchar(80) NOT NULL DEFAULT ''
) ENGINE=MEMORY DEFAULT CHARSET=utf8;

--
-- Dumping data for table `TABLES`
--

INSERT INTO `TABLES` (`TABLE_CATALOG`, `TABLE_SCHEMA`, `TABLE_NAME`, `TABLE_TYPE`, `ENGINE`, `VERSION`, `ROW_FORMAT`, `TABLE_ROWS`, `AVG_ROW_LENGTH`, `DATA_LENGTH`, `MAX_DATA_LENGTH`, `INDEX_LENGTH`, `DATA_FREE`, `AUTO_INCREMENT`, `CREATE_TIME`, `UPDATE_TIME`, `CHECK_TIME`, `TABLE_COLLATION`, `CHECKSUM`, `CREATE_OPTIONS`, `TABLE_COMMENT`) VALUES
(NULL, 'information_schema', 'CHARACTER_SETS', 'SYSTEM VIEW', 'MEMORY', 10, 'Fixed', NULL, 384, 0, 16604160, 0, 0, NULL, NULL, NULL, NULL, 'utf8_general_ci', NULL, 'max_rows=43690', ''),
(NULL, 'information_schema', 'COLLATIONS', 'SYSTEM VIEW', 'MEMORY', 10, 'Fixed', NULL, 231, 0, 16704765, 0, 0, NULL, NULL, NULL, NULL, 'utf8_general_ci', NULL, 'max_rows=72628', ''),
(NULL, 'information_schema', 'COLLATION_CHARACTER_SET_APPLICABILITY', 'SYSTEM VIEW', 'MEMORY', 10, 'Fixed', NULL, 195, 0, 16691610, 0, 0, NULL, NULL, NULL, NULL, 'utf8_general_ci', NULL, 'max_rows=86037', ''),
(NULL, 'information_schema', 'COLUMNS', 'SYSTEM VIEW', 'MyISAM', 10, 'Dynamic', NULL, 0, 0, 281474976710655, 1024, 0, NULL, '2010-03-02 00:02:03', '2010-03-02 00:02:03', NULL, 'utf8_general_ci', NULL, 'max_rows=4560', ''),
(NULL, 'information_schema', 'COLUMN_PRIVILEGES', 'SYSTEM VIEW', 'MEMORY', 10, 'Fixed', NULL, 2565, 0, 16757145, 0, 0, NULL, NULL, NULL, NULL, 'utf8_general_ci', NULL, 'max_rows=6540', ''),
(NULL, 'information_schema', 'ENGINES', 'SYSTEM VIEW', 'MEMORY', 10, 'Fixed', NULL, 490, 0, 16709000, 0, 0, NULL, NULL, NULL, NULL, 'utf8_general_ci', NULL, 'max_rows=34239', ''),
(NULL, 'information_schema', 'EVENTS', 'SYSTEM VIEW', 'MyISAM', 10, 'Dynamic', NULL, 0, 0, 281474976710655, 1024, 0, NULL, '2010-03-02 00:02:03', '2010-03-02 00:02:03', NULL, 'utf8_general_ci', NULL, 'max_rows=618', ''),
(NULL, 'information_schema', 'FILES', 'SYSTEM VIEW', 'MEMORY', 10, 'Fixed', NULL, 2677, 0, 16758020, 0, 0, NULL, NULL, NULL, NULL, 'utf8_general_ci', NULL, 'max_rows=6267', ''),
(NULL, 'information_schema', 'GLOBAL_STATUS', 'SYSTEM VIEW', 'MEMORY', 10, 'Fixed', NULL, 3268, 0, 16755036, 0, 0, NULL, NULL, NULL, NULL, 'utf8_general_ci', NULL, 'max_rows=5133', ''),
(NULL, 'information_schema', 'GLOBAL_VARIABLES', 'SYSTEM VIEW', 'MEMORY', 10, 'Fixed', NULL, 3268, 0, 16755036, 0, 0, NULL, NULL, NULL, NULL, 'utf8_general_ci', NULL, 'max_rows=5133', ''),
(NULL, 'information_schema', 'KEY_COLUMN_USAGE', 'SYSTEM VIEW', 'MEMORY', 10, 'Fixed', NULL, 4637, 0, 16762755, 0, 0, NULL, NULL, NULL, NULL, 'utf8_general_ci', NULL, 'max_rows=3618', ''),
(NULL, 'information_schema', 'PARTITIONS', 'SYSTEM VIEW', 'MyISAM', 10, 'Dynamic', NULL, 0, 0, 281474976710655, 1024, 0, NULL, '2010-03-02 00:02:03', '2010-03-02 00:02:03', NULL, 'utf8_general_ci', NULL, 'max_rows=5612', ''),
(NULL, 'information_schema', 'PLUGINS', 'SYSTEM VIEW', 'MyISAM', 10, 'Dynamic', NULL, 0, 0, 281474976710655, 1024, 0, NULL, '2010-03-02 00:02:03', '2010-03-02 00:02:03', NULL, 'utf8_general_ci', NULL, 'max_rows=13025', ''),
(NULL, 'information_schema', 'PROCESSLIST', 'SYSTEM VIEW', 'MyISAM', 10, 'Dynamic', NULL, 0, 0, 281474976710655, 1024, 0, NULL, '2010-03-02 00:02:03', '2010-03-02 00:02:03', NULL, 'utf8_general_ci', NULL, 'max_rows=23899', ''),
(NULL, 'information_schema', 'PROFILING', 'SYSTEM VIEW', 'MEMORY', 10, 'Fixed', NULL, 308, 0, 16562084, 0, 0, NULL, NULL, NULL, NULL, 'utf8_general_ci', NULL, 'max_rows=54471', ''),
(NULL, 'information_schema', 'REFERENTIAL_CONSTRAINTS', 'SYSTEM VIEW', 'MEMORY', 10, 'Fixed', NULL, 4814, 0, 16767162, 0, 0, NULL, NULL, NULL, NULL, 'utf8_general_ci', NULL, 'max_rows=3485', ''),
(NULL, 'information_schema', 'ROUTINES', 'SYSTEM VIEW', 'MyISAM', 10, 'Dynamic', NULL, 0, 0, 281474976710655, 1024, 0, NULL, '2010-03-02 00:02:03', '2010-03-02 00:02:03', NULL, 'utf8_general_ci', NULL, 'max_rows=588', ''),
(NULL, 'information_schema', 'SCHEMATA', 'SYSTEM VIEW', 'MEMORY', 10, 'Fixed', NULL, 3464, 0, 16755368, 0, 0, NULL, NULL, NULL, NULL, 'utf8_general_ci', NULL, 'max_rows=4843', ''),
(NULL, 'information_schema', 'SCHEMA_PRIVILEGES', 'SYSTEM VIEW', 'MEMORY', 10, 'Fixed', NULL, 2179, 0, 16767405, 0, 0, NULL, NULL, NULL, NULL, 'utf8_general_ci', NULL, 'max_rows=7699', ''),
(NULL, 'information_schema', 'SESSION_STATUS', 'SYSTEM VIEW', 'MEMORY', 10, 'Fixed', NULL, 3268, 0, 16755036, 0, 0, NULL, NULL, NULL, NULL, 'utf8_general_ci', NULL, 'max_rows=5133', ''),
(NULL, 'information_schema', 'SESSION_VARIABLES', 'SYSTEM VIEW', 'MEMORY', 10, 'Fixed', NULL, 3268, 0, 16755036, 0, 0, NULL, NULL, NULL, NULL, 'utf8_general_ci', NULL, 'max_rows=5133', ''),
(NULL, 'information_schema', 'STATISTICS', 'SYSTEM VIEW', 'MEMORY', 10, 'Fixed', NULL, 2679, 0, 16770540, 0, 0, NULL, NULL, NULL, NULL, 'utf8_general_ci', NULL, 'max_rows=6262', ''),
(NULL, 'information_schema', 'TABLES', 'SYSTEM VIEW', 'MEMORY', 10, 'Fixed', NULL, 3545, 0, 16760760, 0, 0, NULL, NULL, NULL, NULL, 'utf8_general_ci', NULL, 'max_rows=4732', ''),
(NULL, 'information_schema', 'TABLE_CONSTRAINTS', 'SYSTEM VIEW', 'MEMORY', 10, 'Fixed', NULL, 2504, 0, 16749256, 0, 0, NULL, NULL, NULL, NULL, 'utf8_general_ci', NULL, 'max_rows=6700', ''),
(NULL, 'information_schema', 'TABLE_PRIVILEGES', 'SYSTEM VIEW', 'MEMORY', 10, 'Fixed', NULL, 2372, 0, 16748692, 0, 0, NULL, NULL, NULL, NULL, 'utf8_general_ci', NULL, 'max_rows=7073', ''),
(NULL, 'information_schema', 'TRIGGERS', 'SYSTEM VIEW', 'MyISAM', 10, 'Dynamic', NULL, 0, 0, 281474976710655, 1024, 0, NULL, '2010-03-02 00:02:03', '2010-03-02 00:02:03', NULL, 'utf8_general_ci', NULL, 'max_rows=569', ''),
(NULL, 'information_schema', 'USER_PRIVILEGES', 'SYSTEM VIEW', 'MEMORY', 10, 'Fixed', NULL, 1986, 0, 16759854, 0, 0, NULL, NULL, NULL, NULL, 'utf8_general_ci', NULL, 'max_rows=8447', ''),
(NULL, 'information_schema', 'VIEWS', 'SYSTEM VIEW', 'MyISAM', 10, 'Dynamic', NULL, 0, 0, 281474976710655, 1024, 0, NULL, '2010-03-02 00:02:03', '2010-03-02 00:02:03', NULL, 'utf8_general_ci', NULL, 'max_rows=6932', ''),
(NULL, 'cdcol', 'cds', 'BASE TABLE', 'MyISAM', 10, 'Dynamic', 3, 49, 148, 281474976710655, 2048, 0, 6, '2005-10-25 03:47:27', '2009-12-19 23:59:36', NULL, 'latin1_general_ci', NULL, '', ''),
(NULL, 'mysql', 'columns_priv', 'BASE TABLE', 'MyISAM', 10, 'Fixed', 0, 0, 0, 227994731135631359, 4096, 0, NULL, '2009-12-17 09:38:10', '2009-12-19 23:59:36', NULL, 'utf8_bin', NULL, '', 'Column privileges'),
(NULL, 'mysql', 'db', 'BASE TABLE', 'MyISAM', 10, 'Fixed', 1, 440, 440, 123848989752688639, 5120, 0, NULL, '2009-12-17 09:38:16', '2009-12-19 23:59:36', NULL, 'utf8_bin', NULL, '', 'Database privileges'),
(NULL, 'mysql', 'event', 'BASE TABLE', 'MyISAM', 10, 'Dynamic', 0, 0, 0, 281474976710655, 2048, 0, NULL, '2009-12-17 09:38:16', '2009-12-19 23:59:36', NULL, 'utf8_general_ci', NULL, '', 'Events'),
(NULL, 'mysql', 'func', 'BASE TABLE', 'MyISAM', 10, 'Fixed', 0, 0, 0, 162974011515469823, 1024, 0, NULL, '2009-12-17 09:38:11', '2009-12-19 23:59:36', NULL, 'utf8_bin', NULL, '', 'User defined functions'),
(NULL, 'mysql', 'general_log', 'BASE TABLE', 'CSV', 10, 'Dynamic', 2, 0, 0, 0, 0, 0, NULL, NULL, NULL, NULL, 'utf8_general_ci', NULL, '', 'General log'),
(NULL, 'mysql', 'help_category', 'BASE TABLE', 'MyISAM', 10, 'Fixed', 37, 581, 21497, 163536961468891135, 3072, 0, NULL, '2009-02-13 20:39:23', '2009-12-19 23:59:36', NULL, 'utf8_general_ci', NULL, '', 'help categories'),
(NULL, 'mysql', 'help_keyword', 'BASE TABLE', 'MyISAM', 10, 'Fixed', 450, 197, 88650, 55450570411999231, 16384, 0, NULL, '2009-02-13 20:39:23', '2009-12-19 23:59:36', NULL, 'utf8_general_ci', NULL, '', 'help keywords'),
(NULL, 'mysql', 'help_relation', 'BASE TABLE', 'MyISAM', 10, 'Fixed', 986, 9, 8874, 2533274790395903, 16384, 0, NULL, '2009-02-13 20:39:23', '2009-12-19 23:59:36', NULL, 'utf8_general_ci', NULL, '', 'keyword-topic relation'),
(NULL, 'mysql', 'help_topic', 'BASE TABLE', 'MyISAM', 10, 'Dynamic', 503, 817, 411064, 281474976710655, 20480, 0, NULL, '2009-02-13 20:39:23', '2009-12-19 23:59:36', NULL, 'utf8_general_ci', NULL, '', 'help topics'),
(NULL, 'mysql', 'host', 'BASE TABLE', 'MyISAM', 10, 'Fixed', 0, 0, 0, 110056715893866495, 2048, 0, NULL, '2009-12-17 09:38:16', '2009-12-19 23:59:36', NULL, 'utf8_bin', NULL, '', 'Host privileges;  Merged with database privileges'),
(NULL, 'mysql', 'ndb_binlog_index', 'BASE TABLE', 'MyISAM', 10, 'Dynamic', 0, 0, 0, 281474976710655, 1024, 0, NULL, '2009-02-13 20:39:24', '2009-12-19 23:59:36', NULL, 'latin1_swedish_ci', NULL, '', ''),
(NULL, 'mysql', 'plugin', 'BASE TABLE', 'MyISAM', 10, 'Fixed', 0, 0, 0, 162411061562048511, 1024, 0, NULL, '2009-02-13 20:39:23', '2009-12-19 23:59:36', NULL, 'utf8_bin', NULL, '', 'MySQL plugins'),
(NULL, 'mysql', 'proc', 'BASE TABLE', 'MyISAM', 10, 'Dynamic', 0, 0, 0, 281474976710655, 2048, 0, NULL, '2009-12-17 09:38:14', '2009-12-19 23:59:36', NULL, 'utf8_general_ci', NULL, '', 'Stored Procedures'),
(NULL, 'mysql', 'procs_priv', 'BASE TABLE', 'MyISAM', 10, 'Fixed', 0, 0, 0, 239253730204057599, 4096, 0, NULL, '2009-12-17 09:38:14', '2009-12-19 23:59:36', '2009-12-17 09:38:14', 'utf8_bin', NULL, '', 'Procedure privileges'),
(NULL, 'mysql', 'servers', 'BASE TABLE', 'MyISAM', 10, 'Fixed', 0, 0, 0, 433752939111120895, 1024, 0, NULL, '2009-02-13 20:39:23', '2009-12-19 23:59:36', NULL, 'utf8_general_ci', NULL, '', 'MySQL Foreign Servers table'),
(NULL, 'mysql', 'slow_log', 'BASE TABLE', 'CSV', 10, 'Dynamic', 2, 0, 0, 0, 0, 0, NULL, NULL, NULL, NULL, 'utf8_general_ci', NULL, '', 'Slow log'),
(NULL, 'mysql', 'tables_priv', 'BASE TABLE', 'MyISAM', 10, 'Fixed', 0, 0, 0, 239535205180768255, 4096, 0, NULL, '2009-12-17 09:38:10', '2009-12-19 23:59:36', '2009-12-17 09:38:10', 'utf8_bin', NULL, '', 'Table privileges'),
(NULL, 'mysql', 'time_zone', 'BASE TABLE', 'MyISAM', 10, 'Fixed', 560, 7, 3920, 1970324836974591, 8192, 0, 561, '2009-05-29 07:50:10', '2009-12-19 23:59:36', NULL, 'utf8_general_ci', NULL, '', 'Time zones'),
(NULL, 'mysql', 'time_zone_leap_second', 'BASE TABLE', 'MyISAM', 10, 'Fixed', 24, 13, 312, 3659174697238527, 2048, 0, NULL, '2009-05-29 07:50:17', '2009-12-19 23:59:36', NULL, 'utf8_general_ci', NULL, '', 'Leap seconds information for time zones'),
(NULL, 'mysql', 'time_zone_name', 'BASE TABLE', 'MyISAM', 10, 'Fixed', 560, 197, 110320, 55450570411999231, 11264, 0, NULL, '2009-05-29 07:50:10', '2009-12-19 23:59:36', '2009-12-17 09:36:44', 'utf8_general_ci', NULL, '', 'Time zone names'),
(NULL, 'mysql', 'time_zone_transition', 'BASE TABLE', 'MyISAM', 10, 'Fixed', 38602, 17, 656234, 4785074604081151, 731136, 0, NULL, '2009-05-29 07:50:12', '2009-12-19 23:59:36', NULL, 'utf8_general_ci', NULL, '', 'Time zone transitions'),
(NULL, 'mysql', 'time_zone_transition_type', 'BASE TABLE', 'MyISAM', 10, 'Fixed', 2579, 38, 98002, 10696049115004927, 38912, 0, NULL, '2009-05-29 07:50:12', '2009-12-19 23:59:36', NULL, 'utf8_general_ci', NULL, '', 'Time zone transition types'),
(NULL, 'mysql', 'user', 'BASE TABLE', 'MyISAM', 10, 'Dynamic', 2, 52, 104, 281474976710655, 2048, 0, NULL, '2009-12-17 09:38:16', '2009-12-19 23:59:36', NULL, 'utf8_bin', NULL, '', 'Users and global privileges'),
(NULL, 'phpmyadmin', 'pma_bookmark', 'BASE TABLE', 'MyISAM', 10, 'Dynamic', 0, 0, 0, 281474976710655, 1024, 0, 1, '2009-01-15 06:19:09', '2009-12-19 23:59:36', NULL, 'utf8_bin', NULL, '', 'Bookmarks'),
(NULL, 'phpmyadmin', 'pma_column_info', 'BASE TABLE', 'MyISAM', 10, 'Dynamic', 0, 0, 0, 281474976710655, 4096, 0, 1, '2009-01-15 06:19:09', '2009-12-19 23:59:36', NULL, 'utf8_bin', NULL, '', 'Column information for phpMyAdmin'),
(NULL, 'phpmyadmin', 'pma_designer_coords', 'BASE TABLE', 'MyISAM', 10, 'Dynamic', 0, 0, 0, 281474976710655, 2048, 0, NULL, '2009-01-15 06:19:09', '2009-12-19 23:59:36', NULL, 'utf8_bin', NULL, '', 'Table coordinates for Designer'),
(NULL, 'phpmyadmin', 'pma_history', 'BASE TABLE', 'MyISAM', 10, 'Dynamic', 65, 99, 6460, 281474976710655, 8192, 0, 66, '2009-01-15 06:19:09', '2010-03-01 22:23:13', NULL, 'utf8_bin', NULL, '', 'SQL history for phpMyAdmin'),
(NULL, 'phpmyadmin', 'pma_pdf_pages', 'BASE TABLE', 'MyISAM', 10, 'Dynamic', 0, 0, 0, 281474976710655, 1024, 0, 1, '2009-01-15 06:19:09', '2009-12-19 23:59:36', NULL, 'utf8_bin', NULL, '', 'PDF relation pages for phpMyAdmin'),
(NULL, 'phpmyadmin', 'pma_relation', 'BASE TABLE', 'MyISAM', 10, 'Dynamic', 0, 0, 0, 281474976710655, 4096, 0, NULL, '2009-01-15 06:19:09', '2009-12-19 23:59:36', NULL, 'utf8_bin', NULL, '', 'Relation table'),
(NULL, 'phpmyadmin', 'pma_table_coords', 'BASE TABLE', 'MyISAM', 10, 'Dynamic', 0, 0, 0, 281474976710655, 2048, 0, NULL, '2009-01-15 06:19:09', '2009-12-19 23:59:36', NULL, 'utf8_bin', NULL, '', 'Table coordinates for phpMyAdmin PDF output'),
(NULL, 'phpmyadmin', 'pma_table_info', 'BASE TABLE', 'MyISAM', 10, 'Dynamic', 0, 0, 0, 281474976710655, 2048, 0, NULL, '2009-01-15 06:19:09', '2009-12-19 23:59:36', NULL, 'utf8_bin', NULL, '', 'Table information for phpMyAdmin'),
(NULL, 'rieglepr_inventory', 'bc_backgrounds', 'BASE TABLE', 'MyISAM', 10, 'Dynamic', 0, 0, 0, 281474976710655, 1024, 0, NULL, '2010-02-22 11:09:58', '2010-02-22 11:09:58', NULL, 'latin1_swedish_ci', NULL, '', ''),
(NULL, 'rieglepr_inventory', 'business_cards', 'BASE TABLE', 'MyISAM', 10, 'Dynamic', 82, 48, 4004, 281474976710655, 1024, 0, NULL, '2010-02-22 11:10:41', '2010-02-22 11:28:52', NULL, 'latin1_swedish_ci', NULL, '', ''),
(NULL, 'rieglepr_inventory', 'customer_login', 'BASE TABLE', 'MyISAM', 10, 'Dynamic', 6, 72, 432, 281474976710655, 3072, 0, NULL, '2010-02-22 11:12:18', '2010-02-22 11:12:22', NULL, 'latin1_swedish_ci', NULL, '', ''),
(NULL, 'rieglepr_inventory', 'customers', 'BASE TABLE', 'MyISAM', 10, 'Dynamic', 4, 45, 180, 281474976710655, 3072, 0, NULL, '2010-02-22 11:12:28', '2010-02-22 11:12:32', NULL, 'latin1_swedish_ci', NULL, '', ''),
(NULL, 'rieglepr_inventory', 'doc_order_items', 'BASE TABLE', 'MyISAM', 10, 'Fixed', 99, 21, 2079, 5910974510923775, 1024, 0, NULL, '2010-03-01 21:44:47', '2010-03-01 23:55:48', NULL, 'latin1_swedish_ci', NULL, '', ''),
(NULL, 'rieglepr_inventory', 'doc_orders', 'BASE TABLE', 'MyISAM', 10, 'Fixed', 51, 28, 1428, 7881299347898367, 2048, 0, 52, '2010-03-01 20:31:45', '2010-03-01 23:55:48', NULL, 'latin1_swedish_ci', NULL, '', ''),
(NULL, 'rieglepr_inventory', 'documents', 'BASE TABLE', 'MyISAM', 10, 'Dynamic', 3, 42, 128, 281474976710655, 1024, 0, NULL, '2010-02-28 17:33:20', '2010-03-01 21:49:57', NULL, 'latin1_swedish_ci', NULL, '', ''),
(NULL, 'rieglepr_inventory', 'order_items', 'BASE TABLE', 'MyISAM', 10, 'Dynamic', 426, 42, 18260, 281474976710655, 1024, 0, NULL, '2010-02-22 11:12:45', '2010-02-27 21:10:20', NULL, 'latin1_swedish_ci', NULL, '', ''),
(NULL, 'rieglepr_inventory', 'orders', 'BASE TABLE', 'MyISAM', 10, 'Dynamic', 283, 64, 18348, 281474976710655, 6144, 0, 596, '2010-02-22 11:12:56', '2010-02-27 20:52:56', NULL, 'latin1_swedish_ci', NULL, '', ''),
(NULL, 'rieglepr_inventory', 'parts', 'BASE TABLE', 'MyISAM', 10, 'Dynamic', 136, 94, 12784, 281474976710655, 14336, 0, NULL, '2010-02-22 11:13:08', '2010-02-22 11:28:52', NULL, 'latin1_swedish_ci', NULL, '', ''),
(NULL, 'rieglepr_inventory', 'quotes', 'BASE TABLE', 'MyISAM', 10, 'Dynamic', 356, 142, 50752, 281474976710655, 7168, 0, 357, '2010-02-22 11:13:23', '2010-02-22 11:28:52', NULL, 'latin1_swedish_ci', NULL, '', ''),
(NULL, 'rieglepr_inventory', 'ship_locations', 'BASE TABLE', 'MyISAM', 10, 'Dynamic', 20, 72, 1456, 281474976710655, 2048, 0, NULL, '2010-02-22 11:13:41', '2010-02-22 11:28:52', NULL, 'latin1_swedish_ci', NULL, '', '');

-- --------------------------------------------------------

--
-- Table structure for table `TABLE_CONSTRAINTS`
--

CREATE TEMPORARY TABLE `TABLE_CONSTRAINTS` (
  `CONSTRAINT_CATALOG` varchar(512) DEFAULT NULL,
  `CONSTRAINT_SCHEMA` varchar(64) NOT NULL DEFAULT '',
  `CONSTRAINT_NAME` varchar(64) NOT NULL DEFAULT '',
  `TABLE_SCHEMA` varchar(64) NOT NULL DEFAULT '',
  `TABLE_NAME` varchar(64) NOT NULL DEFAULT '',
  `CONSTRAINT_TYPE` varchar(64) NOT NULL DEFAULT ''
) ENGINE=MEMORY DEFAULT CHARSET=utf8;

--
-- Dumping data for table `TABLE_CONSTRAINTS`
--

INSERT INTO `TABLE_CONSTRAINTS` (`CONSTRAINT_CATALOG`, `CONSTRAINT_SCHEMA`, `CONSTRAINT_NAME`, `TABLE_SCHEMA`, `TABLE_NAME`, `CONSTRAINT_TYPE`) VALUES
(NULL, 'cdcol', 'PRIMARY', 'cdcol', 'cds', 'PRIMARY KEY'),
(NULL, 'mysql', 'PRIMARY', 'mysql', 'columns_priv', 'PRIMARY KEY'),
(NULL, 'mysql', 'PRIMARY', 'mysql', 'db', 'PRIMARY KEY'),
(NULL, 'mysql', 'PRIMARY', 'mysql', 'event', 'PRIMARY KEY'),
(NULL, 'mysql', 'PRIMARY', 'mysql', 'func', 'PRIMARY KEY'),
(NULL, 'mysql', 'PRIMARY', 'mysql', 'help_category', 'PRIMARY KEY'),
(NULL, 'mysql', 'name', 'mysql', 'help_category', 'UNIQUE'),
(NULL, 'mysql', 'PRIMARY', 'mysql', 'help_keyword', 'PRIMARY KEY'),
(NULL, 'mysql', 'name', 'mysql', 'help_keyword', 'UNIQUE'),
(NULL, 'mysql', 'PRIMARY', 'mysql', 'help_relation', 'PRIMARY KEY'),
(NULL, 'mysql', 'PRIMARY', 'mysql', 'help_topic', 'PRIMARY KEY'),
(NULL, 'mysql', 'name', 'mysql', 'help_topic', 'UNIQUE'),
(NULL, 'mysql', 'PRIMARY', 'mysql', 'host', 'PRIMARY KEY'),
(NULL, 'mysql', 'PRIMARY', 'mysql', 'ndb_binlog_index', 'PRIMARY KEY'),
(NULL, 'mysql', 'PRIMARY', 'mysql', 'plugin', 'PRIMARY KEY'),
(NULL, 'mysql', 'PRIMARY', 'mysql', 'proc', 'PRIMARY KEY'),
(NULL, 'mysql', 'PRIMARY', 'mysql', 'procs_priv', 'PRIMARY KEY'),
(NULL, 'mysql', 'PRIMARY', 'mysql', 'servers', 'PRIMARY KEY'),
(NULL, 'mysql', 'PRIMARY', 'mysql', 'tables_priv', 'PRIMARY KEY'),
(NULL, 'mysql', 'PRIMARY', 'mysql', 'time_zone', 'PRIMARY KEY'),
(NULL, 'mysql', 'PRIMARY', 'mysql', 'time_zone_leap_second', 'PRIMARY KEY'),
(NULL, 'mysql', 'PRIMARY', 'mysql', 'time_zone_name', 'PRIMARY KEY'),
(NULL, 'mysql', 'PRIMARY', 'mysql', 'time_zone_transition', 'PRIMARY KEY'),
(NULL, 'mysql', 'PRIMARY', 'mysql', 'time_zone_transition_type', 'PRIMARY KEY'),
(NULL, 'mysql', 'PRIMARY', 'mysql', 'user', 'PRIMARY KEY'),
(NULL, 'phpmyadmin', 'PRIMARY', 'phpmyadmin', 'pma_bookmark', 'PRIMARY KEY'),
(NULL, 'phpmyadmin', 'PRIMARY', 'phpmyadmin', 'pma_column_info', 'PRIMARY KEY'),
(NULL, 'phpmyadmin', 'db_name', 'phpmyadmin', 'pma_column_info', 'UNIQUE'),
(NULL, 'phpmyadmin', 'PRIMARY', 'phpmyadmin', 'pma_designer_coords', 'PRIMARY KEY'),
(NULL, 'phpmyadmin', 'PRIMARY', 'phpmyadmin', 'pma_history', 'PRIMARY KEY'),
(NULL, 'phpmyadmin', 'PRIMARY', 'phpmyadmin', 'pma_pdf_pages', 'PRIMARY KEY'),
(NULL, 'phpmyadmin', 'PRIMARY', 'phpmyadmin', 'pma_relation', 'PRIMARY KEY'),
(NULL, 'phpmyadmin', 'PRIMARY', 'phpmyadmin', 'pma_table_coords', 'PRIMARY KEY'),
(NULL, 'phpmyadmin', 'PRIMARY', 'phpmyadmin', 'pma_table_info', 'PRIMARY KEY'),
(NULL, 'rieglepr_inventory', 'PRIMARY', 'rieglepr_inventory', 'bc_backgrounds', 'PRIMARY KEY'),
(NULL, 'rieglepr_inventory', 'PRIMARY', 'rieglepr_inventory', 'customer_login', 'PRIMARY KEY'),
(NULL, 'rieglepr_inventory', 'Cust_Login_Name', 'rieglepr_inventory', 'customer_login', 'UNIQUE'),
(NULL, 'rieglepr_inventory', 'PRIMARY', 'rieglepr_inventory', 'customers', 'PRIMARY KEY'),
(NULL, 'rieglepr_inventory', 'Cust_Desc', 'rieglepr_inventory', 'customers', 'UNIQUE'),
(NULL, 'rieglepr_inventory', 'PRIMARY', 'rieglepr_inventory', 'doc_orders', 'PRIMARY KEY'),
(NULL, 'rieglepr_inventory', 'PRIMARY', 'rieglepr_inventory', 'orders', 'PRIMARY KEY'),
(NULL, 'rieglepr_inventory', 'PRIMARY', 'rieglepr_inventory', 'parts', 'PRIMARY KEY'),
(NULL, 'rieglepr_inventory', 'Part_Desc', 'rieglepr_inventory', 'parts', 'UNIQUE'),
(NULL, 'rieglepr_inventory', 'PRIMARY', 'rieglepr_inventory', 'quotes', 'PRIMARY KEY'),
(NULL, 'rieglepr_inventory', 'Ship_Name', 'rieglepr_inventory', 'ship_locations', 'UNIQUE');

-- --------------------------------------------------------

--
-- Table structure for table `TABLE_PRIVILEGES`
--

CREATE TEMPORARY TABLE `TABLE_PRIVILEGES` (
  `GRANTEE` varchar(81) NOT NULL DEFAULT '',
  `TABLE_CATALOG` varchar(512) DEFAULT NULL,
  `TABLE_SCHEMA` varchar(64) NOT NULL DEFAULT '',
  `TABLE_NAME` varchar(64) NOT NULL DEFAULT '',
  `PRIVILEGE_TYPE` varchar(64) NOT NULL DEFAULT '',
  `IS_GRANTABLE` varchar(3) NOT NULL DEFAULT ''
) ENGINE=MEMORY DEFAULT CHARSET=utf8;

--
-- Dumping data for table `TABLE_PRIVILEGES`
--


-- --------------------------------------------------------

--
-- Table structure for table `TRIGGERS`
--

CREATE TEMPORARY TABLE `TRIGGERS` (
  `TRIGGER_CATALOG` varchar(512) DEFAULT NULL,
  `TRIGGER_SCHEMA` varchar(64) NOT NULL DEFAULT '',
  `TRIGGER_NAME` varchar(64) NOT NULL DEFAULT '',
  `EVENT_MANIPULATION` varchar(6) NOT NULL DEFAULT '',
  `EVENT_OBJECT_CATALOG` varchar(512) DEFAULT NULL,
  `EVENT_OBJECT_SCHEMA` varchar(64) NOT NULL DEFAULT '',
  `EVENT_OBJECT_TABLE` varchar(64) NOT NULL DEFAULT '',
  `ACTION_ORDER` bigint(4) NOT NULL DEFAULT '0',
  `ACTION_CONDITION` longtext,
  `ACTION_STATEMENT` longtext NOT NULL,
  `ACTION_ORIENTATION` varchar(9) NOT NULL DEFAULT '',
  `ACTION_TIMING` varchar(6) NOT NULL DEFAULT '',
  `ACTION_REFERENCE_OLD_TABLE` varchar(64) DEFAULT NULL,
  `ACTION_REFERENCE_NEW_TABLE` varchar(64) DEFAULT NULL,
  `ACTION_REFERENCE_OLD_ROW` varchar(3) NOT NULL DEFAULT '',
  `ACTION_REFERENCE_NEW_ROW` varchar(3) NOT NULL DEFAULT '',
  `CREATED` datetime DEFAULT NULL,
  `SQL_MODE` varchar(8192) NOT NULL DEFAULT '',
  `DEFINER` varchar(77) NOT NULL DEFAULT '',
  `CHARACTER_SET_CLIENT` varchar(32) NOT NULL DEFAULT '',
  `COLLATION_CONNECTION` varchar(32) NOT NULL DEFAULT '',
  `DATABASE_COLLATION` varchar(32) NOT NULL DEFAULT ''
) ENGINE=MyISAM DEFAULT CHARSET=utf8;

--
-- Dumping data for table `TRIGGERS`
--


-- --------------------------------------------------------

--
-- Table structure for table `USER_PRIVILEGES`
--

CREATE TEMPORARY TABLE `USER_PRIVILEGES` (
  `GRANTEE` varchar(81) NOT NULL DEFAULT '',
  `TABLE_CATALOG` varchar(512) DEFAULT NULL,
  `PRIVILEGE_TYPE` varchar(64) NOT NULL DEFAULT '',
  `IS_GRANTABLE` varchar(3) NOT NULL DEFAULT ''
) ENGINE=MEMORY DEFAULT CHARSET=utf8;

--
-- Dumping data for table `USER_PRIVILEGES`
--

INSERT INTO `USER_PRIVILEGES` (`GRANTEE`, `TABLE_CATALOG`, `PRIVILEGE_TYPE`, `IS_GRANTABLE`) VALUES
('''root''@''localhost''', NULL, 'SELECT', 'YES'),
('''root''@''localhost''', NULL, 'INSERT', 'YES'),
('''root''@''localhost''', NULL, 'UPDATE', 'YES'),
('''root''@''localhost''', NULL, 'DELETE', 'YES'),
('''root''@''localhost''', NULL, 'CREATE', 'YES'),
('''root''@''localhost''', NULL, 'DROP', 'YES'),
('''root''@''localhost''', NULL, 'RELOAD', 'YES'),
('''root''@''localhost''', NULL, 'SHUTDOWN', 'YES'),
('''root''@''localhost''', NULL, 'PROCESS', 'YES'),
('''root''@''localhost''', NULL, 'FILE', 'YES'),
('''root''@''localhost''', NULL, 'REFERENCES', 'YES'),
('''root''@''localhost''', NULL, 'INDEX', 'YES'),
('''root''@''localhost''', NULL, 'ALTER', 'YES'),
('''root''@''localhost''', NULL, 'SHOW DATABASES', 'YES'),
('''root''@''localhost''', NULL, 'SUPER', 'YES'),
('''root''@''localhost''', NULL, 'CREATE TEMPORARY TABLES', 'YES'),
('''root''@''localhost''', NULL, 'LOCK TABLES', 'YES'),
('''root''@''localhost''', NULL, 'EXECUTE', 'YES'),
('''root''@''localhost''', NULL, 'REPLICATION SLAVE', 'YES'),
('''root''@''localhost''', NULL, 'REPLICATION CLIENT', 'YES'),
('''root''@''localhost''', NULL, 'CREATE VIEW', 'YES'),
('''root''@''localhost''', NULL, 'SHOW VIEW', 'YES'),
('''root''@''localhost''', NULL, 'CREATE ROUTINE', 'YES'),
('''root''@''localhost''', NULL, 'ALTER ROUTINE', 'YES'),
('''root''@''localhost''', NULL, 'CREATE USER', 'YES'),
('''root''@''localhost''', NULL, 'EVENT', 'YES'),
('''root''@''localhost''', NULL, 'TRIGGER', 'YES'),
('''pma''@''localhost''', NULL, 'USAGE', 'NO');

-- --------------------------------------------------------

--
-- Table structure for table `VIEWS`
--

CREATE TEMPORARY TABLE `VIEWS` (
  `TABLE_CATALOG` varchar(512) DEFAULT NULL,
  `TABLE_SCHEMA` varchar(64) NOT NULL DEFAULT '',
  `TABLE_NAME` varchar(64) NOT NULL DEFAULT '',
  `VIEW_DEFINITION` longtext NOT NULL,
  `CHECK_OPTION` varchar(8) NOT NULL DEFAULT '',
  `IS_UPDATABLE` varchar(3) NOT NULL DEFAULT '',
  `DEFINER` varchar(77) NOT NULL DEFAULT '',
  `SECURITY_TYPE` varchar(7) NOT NULL DEFAULT '',
  `CHARACTER_SET_CLIENT` varchar(32) NOT NULL DEFAULT '',
  `COLLATION_CONNECTION` varchar(32) NOT NULL DEFAULT ''
) ENGINE=MyISAM DEFAULT CHARSET=utf8;

--
-- Dumping data for table `VIEWS`
--

--
-- Database: `mysql`
--
CREATE DATABASE `mysql` DEFAULT CHARACTER SET latin1 COLLATE latin1_swedish_ci;
USE `mysql`;

-- --------------------------------------------------------

--
-- Table structure for table `columns_priv`
--

CREATE TABLE IF NOT EXISTS `columns_priv` (
  `Host` char(60) COLLATE utf8_bin NOT NULL DEFAULT '',
  `Db` char(64) COLLATE utf8_bin NOT NULL DEFAULT '',
  `User` char(16) COLLATE utf8_bin NOT NULL DEFAULT '',
  `Table_name` char(64) COLLATE utf8_bin NOT NULL DEFAULT '',
  `Column_name` char(64) COLLATE utf8_bin NOT NULL DEFAULT '',
  `Timestamp` timestamp NOT NULL DEFAULT CURRENT_TIMESTAMP ON UPDATE CURRENT_TIMESTAMP,
  `Column_priv` set('Select','Insert','Update','References') CHARACTER SET utf8 NOT NULL DEFAULT '',
  PRIMARY KEY (`Host`,`Db`,`User`,`Table_name`,`Column_name`)
) ENGINE=MyISAM DEFAULT CHARSET=utf8 COLLATE=utf8_bin COMMENT='Column privileges';

--
-- Dumping data for table `columns_priv`
--


-- --------------------------------------------------------

--
-- Table structure for table `db`
--

CREATE TABLE IF NOT EXISTS `db` (
  `Host` char(60) COLLATE utf8_bin NOT NULL DEFAULT '',
  `Db` char(64) COLLATE utf8_bin NOT NULL DEFAULT '',
  `User` char(16) COLLATE utf8_bin NOT NULL DEFAULT '',
  `Select_priv` enum('N','Y') CHARACTER SET utf8 NOT NULL DEFAULT 'N',
  `Insert_priv` enum('N','Y') CHARACTER SET utf8 NOT NULL DEFAULT 'N',
  `Update_priv` enum('N','Y') CHARACTER SET utf8 NOT NULL DEFAULT 'N',
  `Delete_priv` enum('N','Y') CHARACTER SET utf8 NOT NULL DEFAULT 'N',
  `Create_priv` enum('N','Y') CHARACTER SET utf8 NOT NULL DEFAULT 'N',
  `Drop_priv` enum('N','Y') CHARACTER SET utf8 NOT NULL DEFAULT 'N',
  `Grant_priv` enum('N','Y') CHARACTER SET utf8 NOT NULL DEFAULT 'N',
  `References_priv` enum('N','Y') CHARACTER SET utf8 NOT NULL DEFAULT 'N',
  `Index_priv` enum('N','Y') CHARACTER SET utf8 NOT NULL DEFAULT 'N',
  `Alter_priv` enum('N','Y') CHARACTER SET utf8 NOT NULL DEFAULT 'N',
  `Create_tmp_table_priv` enum('N','Y') CHARACTER SET utf8 NOT NULL DEFAULT 'N',
  `Lock_tables_priv` enum('N','Y') CHARACTER SET utf8 NOT NULL DEFAULT 'N',
  `Create_view_priv` enum('N','Y') CHARACTER SET utf8 NOT NULL DEFAULT 'N',
  `Show_view_priv` enum('N','Y') CHARACTER SET utf8 NOT NULL DEFAULT 'N',
  `Create_routine_priv` enum('N','Y') CHARACTER SET utf8 NOT NULL DEFAULT 'N',
  `Alter_routine_priv` enum('N','Y') CHARACTER SET utf8 NOT NULL DEFAULT 'N',
  `Execute_priv` enum('N','Y') CHARACTER SET utf8 NOT NULL DEFAULT 'N',
  `Event_priv` enum('N','Y') CHARACTER SET utf8 NOT NULL DEFAULT 'N',
  `Trigger_priv` enum('N','Y') CHARACTER SET utf8 NOT NULL DEFAULT 'N',
  PRIMARY KEY (`Host`,`Db`,`User`),
  KEY `User` (`User`)
) ENGINE=MyISAM DEFAULT CHARSET=utf8 COLLATE=utf8_bin COMMENT='Database privileges';

--
-- Dumping data for table `db`
--

INSERT INTO `db` (`Host`, `Db`, `User`, `Select_priv`, `Insert_priv`, `Update_priv`, `Delete_priv`, `Create_priv`, `Drop_priv`, `Grant_priv`, `References_priv`, `Index_priv`, `Alter_priv`, `Create_tmp_table_priv`, `Lock_tables_priv`, `Create_view_priv`, `Show_view_priv`, `Create_routine_priv`, `Alter_routine_priv`, `Execute_priv`, `Event_priv`, `Trigger_priv`) VALUES
('localhost', 'phpmyadmin', 'pma', 'Y', 'Y', 'Y', 'Y', 'N', 'N', 'N', 'N', 'N', 'N', 'N', 'N', 'N', 'N', 'N', 'N', 'N', 'N', 'N');

-- --------------------------------------------------------

--
-- Table structure for table `event`
--

CREATE TABLE IF NOT EXISTS `event` (
  `db` char(64) CHARACTER SET utf8 COLLATE utf8_bin NOT NULL DEFAULT '',
  `name` char(64) NOT NULL DEFAULT '',
  `body` longblob NOT NULL,
  `definer` char(77) CHARACTER SET utf8 COLLATE utf8_bin NOT NULL DEFAULT '',
  `execute_at` datetime DEFAULT NULL,
  `interval_value` int(11) DEFAULT NULL,
  `interval_field` enum('YEAR','QUARTER','MONTH','DAY','HOUR','MINUTE','WEEK','SECOND','MICROSECOND','YEAR_MONTH','DAY_HOUR','DAY_MINUTE','DAY_SECOND','HOUR_MINUTE','HOUR_SECOND','MINUTE_SECOND','DAY_MICROSECOND','HOUR_MICROSECOND','MINUTE_MICROSECOND','SECOND_MICROSECOND') DEFAULT NULL,
  `created` timestamp NOT NULL DEFAULT CURRENT_TIMESTAMP ON UPDATE CURRENT_TIMESTAMP,
  `modified` timestamp NOT NULL DEFAULT '0000-00-00 00:00:00',
  `last_executed` datetime DEFAULT NULL,
  `starts` datetime DEFAULT NULL,
  `ends` datetime DEFAULT NULL,
  `status` enum('ENABLED','DISABLED','SLAVESIDE_DISABLED') NOT NULL DEFAULT 'ENABLED',
  `on_completion` enum('DROP','PRESERVE') NOT NULL DEFAULT 'DROP',
  `sql_mode` set('REAL_AS_FLOAT','PIPES_AS_CONCAT','ANSI_QUOTES','IGNORE_SPACE','NOT_USED','ONLY_FULL_GROUP_BY','NO_UNSIGNED_SUBTRACTION','NO_DIR_IN_CREATE','POSTGRESQL','ORACLE','MSSQL','DB2','MAXDB','NO_KEY_OPTIONS','NO_TABLE_OPTIONS','NO_FIELD_OPTIONS','MYSQL323','MYSQL40','ANSI','NO_AUTO_VALUE_ON_ZERO','NO_BACKSLASH_ESCAPES','STRICT_TRANS_TABLES','STRICT_ALL_TABLES','NO_ZERO_IN_DATE','NO_ZERO_DATE','INVALID_DATES','ERROR_FOR_DIVISION_BY_ZERO','TRADITIONAL','NO_AUTO_CREATE_USER','HIGH_NOT_PRECEDENCE','NO_ENGINE_SUBSTITUTION','PAD_CHAR_TO_FULL_LENGTH') NOT NULL DEFAULT '',
  `comment` char(64) CHARACTER SET utf8 COLLATE utf8_bin NOT NULL DEFAULT '',
  `originator` int(10) unsigned NOT NULL,
  `time_zone` char(64) CHARACTER SET latin1 NOT NULL DEFAULT 'SYSTEM',
  `character_set_client` char(32) CHARACTER SET utf8 COLLATE utf8_bin DEFAULT NULL,
  `collation_connection` char(32) CHARACTER SET utf8 COLLATE utf8_bin DEFAULT NULL,
  `db_collation` char(32) CHARACTER SET utf8 COLLATE utf8_bin DEFAULT NULL,
  `body_utf8` longblob,
  PRIMARY KEY (`db`,`name`)
) ENGINE=MyISAM DEFAULT CHARSET=utf8 COMMENT='Events';

--
-- Dumping data for table `event`
--


-- --------------------------------------------------------

--
-- Table structure for table `func`
--

CREATE TABLE IF NOT EXISTS `func` (
  `name` char(64) COLLATE utf8_bin NOT NULL DEFAULT '',
  `ret` tinyint(1) NOT NULL DEFAULT '0',
  `dl` char(128) COLLATE utf8_bin NOT NULL DEFAULT '',
  `type` enum('function','aggregate') CHARACTER SET utf8 NOT NULL,
  PRIMARY KEY (`name`)
) ENGINE=MyISAM DEFAULT CHARSET=utf8 COLLATE=utf8_bin COMMENT='User defined functions';

--
-- Dumping data for table `func`
--


-- --------------------------------------------------------

--
-- Table structure for table `general_log`
--

CREATE TABLE IF NOT EXISTS `general_log` (
  `event_time` timestamp NOT NULL DEFAULT CURRENT_TIMESTAMP ON UPDATE CURRENT_TIMESTAMP,
  `user_host` mediumtext NOT NULL,
  `thread_id` int(11) NOT NULL,
  `server_id` int(10) unsigned NOT NULL,
  `command_type` varchar(64) NOT NULL,
  `argument` mediumtext NOT NULL
) ENGINE=CSV DEFAULT CHARSET=utf8 COMMENT='General log';

--
-- Dumping data for table `general_log`
--


-- --------------------------------------------------------

--
-- Table structure for table `help_category`
--

CREATE TABLE IF NOT EXISTS `help_category` (
  `help_category_id` smallint(5) unsigned NOT NULL,
  `name` char(64) NOT NULL,
  `parent_category_id` smallint(5) unsigned DEFAULT NULL,
  `url` char(128) NOT NULL,
  PRIMARY KEY (`help_category_id`),
  UNIQUE KEY `name` (`name`)
) ENGINE=MyISAM DEFAULT CHARSET=utf8 COMMENT='help categories';

--
-- Dumping data for table `help_category`
--

INSERT INTO `help_category` (`help_category_id`, `name`, `parent_category_id`, `url`) VALUES
(1, 'Geographic', 0, ''),
(2, 'Polygon properties', 32, ''),
(3, 'WKT', 32, ''),
(4, 'Numeric Functions', 36, ''),
(5, 'Plugins', 33, ''),
(6, 'MBR', 32, ''),
(7, 'Control flow functions', 36, ''),
(8, 'Transactions', 33, ''),
(9, 'Account Management', 33, ''),
(10, 'Point properties', 32, ''),
(11, 'Encryption Functions', 36, ''),
(12, 'LineString properties', 32, ''),
(13, 'Logical operators', 36, ''),
(14, 'Miscellaneous Functions', 36, ''),
(15, 'Information Functions', 36, ''),
(16, 'Functions and Modifiers for Use with GROUP BY', 33, ''),
(17, 'Comparison operators', 36, ''),
(18, 'Bit Functions', 36, ''),
(19, 'Table Maintenance', 33, ''),
(20, 'Data Types', 33, ''),
(21, 'User-Defined Functions', 33, ''),
(22, 'Compound Statements', 33, ''),
(23, 'Geometry constructors', 32, ''),
(24, 'GeometryCollection properties', 1, ''),
(25, 'Administration', 33, ''),
(26, 'Data Manipulation', 33, ''),
(27, 'Utility', 33, ''),
(28, 'Language Structure', 33, ''),
(29, 'Geometry relations', 32, ''),
(30, 'Date and Time Functions', 36, ''),
(31, 'WKB', 32, ''),
(32, 'Geographic Features', 33, ''),
(33, 'Contents', 0, ''),
(34, 'Geometry properties', 32, ''),
(35, 'String Functions', 36, ''),
(36, 'Functions', 33, ''),
(37, 'Data Definition', 33, '');

-- --------------------------------------------------------

--
-- Table structure for table `help_keyword`
--

CREATE TABLE IF NOT EXISTS `help_keyword` (
  `help_keyword_id` int(10) unsigned NOT NULL,
  `name` char(64) NOT NULL,
  PRIMARY KEY (`help_keyword_id`),
  UNIQUE KEY `name` (`name`)
) ENGINE=MyISAM DEFAULT CHARSET=utf8 COMMENT='help keywords';

--
-- Dumping data for table `help_keyword`
--

INSERT INTO `help_keyword` (`help_keyword_id`, `name`) VALUES
(0, 'JOIN'),
(1, 'HOST'),
(2, 'REPEAT'),
(3, 'SERIALIZABLE'),
(4, 'REPLACE'),
(5, 'AT'),
(6, 'SCHEDULE'),
(7, 'RETURNS'),
(8, 'STARTS'),
(9, 'MASTER_SSL_CA'),
(10, 'NCHAR'),
(11, 'COLUMNS'),
(12, 'COMPLETION'),
(13, 'WORK'),
(14, 'DATETIME'),
(15, 'MODE'),
(16, 'OPEN'),
(17, 'INTEGER'),
(18, 'ESCAPE'),
(19, 'VALUE'),
(20, 'MASTER_SSL_VERIFY_SERVER_CERT'),
(21, 'SQL_BIG_RESULT'),
(22, 'DROP'),
(23, 'GEOMETRYCOLLECTIONFROMWKB'),
(24, 'EVENTS'),
(25, 'MONTH'),
(26, 'INFO'),
(27, 'PROFILES'),
(28, 'DUPLICATE'),
(29, 'REPLICATION'),
(30, 'UNLOCK'),
(31, 'INNODB'),
(32, 'YEAR_MONTH'),
(33, 'SUBJECT'),
(34, 'PREPARE'),
(35, 'LOCK'),
(36, 'NDB'),
(37, 'CHECK'),
(38, 'FULL'),
(39, 'INT4'),
(40, 'BY'),
(41, 'NO'),
(42, 'MINUTE'),
(43, 'PARTITION'),
(44, 'DATA'),
(45, 'DAY'),
(46, 'SHARE'),
(47, 'REAL'),
(48, 'SEPARATOR'),
(49, 'MASTER_HEARTBEAT_PERIOD'),
(50, 'DELETE'),
(51, 'ON'),
(52, 'CONNECTION'),
(53, 'CLOSE'),
(54, 'X509'),
(55, 'USE'),
(56, 'WHERE'),
(57, 'PRIVILEGES'),
(58, 'SPATIAL'),
(59, 'EVENT'),
(60, 'SUPER'),
(61, 'SQL_BUFFER_RESULT'),
(62, 'IGNORE'),
(63, 'QUICK'),
(64, 'SIGNED'),
(65, 'OFFLINE'),
(66, 'SECURITY'),
(67, 'AUTOEXTEND_SIZE'),
(68, 'NDBCLUSTER'),
(69, 'POLYGONFROMWKB'),
(70, 'FALSE'),
(71, 'LEVEL'),
(72, 'FORCE'),
(73, 'BINARY'),
(74, 'TO'),
(75, 'CHANGE'),
(76, 'CURRENT_USER'),
(77, 'HOUR_MINUTE'),
(78, 'UPDATE'),
(79, 'PRESERVE'),
(80, 'INTO'),
(81, 'FEDERATED'),
(82, 'VARYING'),
(83, 'MAX_SIZE'),
(84, 'HOUR_SECOND'),
(85, 'VARIABLE'),
(86, 'ROLLBACK'),
(87, 'RTREE'),
(88, 'PROCEDURE'),
(89, 'TIMESTAMP'),
(90, 'IMPORT'),
(91, 'AGAINST'),
(92, 'CHECKSUM'),
(93, 'COUNT'),
(94, 'LONGBINARY'),
(95, 'THEN'),
(96, 'INSERT'),
(97, 'ENGINES'),
(98, 'HANDLER'),
(99, 'PORT'),
(100, 'DAY_SECOND'),
(101, 'EXISTS'),
(102, 'MUTEX'),
(103, 'RELEASE'),
(104, 'BOOLEAN'),
(105, 'MOD'),
(106, 'DEFAULT'),
(107, 'TYPE'),
(108, 'NO_WRITE_TO_BINLOG'),
(109, 'OPTIMIZE'),
(110, 'RESET'),
(111, 'ITERATE'),
(112, 'INSTALL'),
(113, 'DO'),
(114, 'BIGINT'),
(115, 'SET'),
(116, 'ISSUER'),
(117, 'DATE'),
(118, 'STATUS'),
(119, 'FULLTEXT'),
(120, 'COMMENT'),
(121, 'MASTER_CONNECT_RETRY'),
(122, 'INNER'),
(123, 'STOP'),
(124, 'MASTER_LOG_FILE'),
(125, 'MRG_MYISAM'),
(126, 'PRECISION'),
(127, 'REQUIRE'),
(128, 'TRAILING'),
(129, 'PARTITIONS'),
(130, 'LONG'),
(131, 'OPTION'),
(132, 'REORGANIZE'),
(133, 'ELSE'),
(134, 'DEALLOCATE'),
(135, 'IO_THREAD'),
(136, 'CASE'),
(137, 'CIPHER'),
(138, 'CONTINUE'),
(139, 'FROM'),
(140, 'READ'),
(141, 'LEFT'),
(142, 'ELSEIF'),
(143, 'MINUTE_SECOND'),
(144, 'COMPACT'),
(145, 'RESTORE'),
(146, 'DEC'),
(147, 'FOR'),
(148, 'WARNINGS'),
(149, 'MIN_ROWS'),
(150, 'CONDITION'),
(151, 'STRING'),
(152, 'ENCLOSED'),
(153, 'FUNCTION'),
(154, 'AGGREGATE'),
(155, 'FIELDS'),
(156, 'INT3'),
(157, 'ARCHIVE'),
(158, 'AVG_ROW_LENGTH'),
(159, 'ADD'),
(160, 'KILL'),
(161, 'FLOAT4'),
(162, 'TABLESPACE'),
(163, 'VIEW'),
(164, 'REPEATABLE'),
(165, 'INFILE'),
(166, 'ORDER'),
(167, 'USING'),
(168, 'MIDDLEINT'),
(169, 'GRANT'),
(170, 'UNSIGNED'),
(171, 'DECIMAL'),
(172, 'GEOMETRYFROMTEXT'),
(173, 'INDEXES'),
(174, 'FOREIGN'),
(175, 'CACHE'),
(176, 'HOSTS'),
(177, 'COMMIT'),
(178, 'SCHEMAS'),
(179, 'LEADING'),
(180, 'SNAPSHOT'),
(181, 'DECLARE'),
(182, 'LOAD'),
(183, 'SQL_CACHE'),
(184, 'CONVERT'),
(185, 'DYNAMIC'),
(186, 'COLLATE'),
(187, 'POLYGONFROMTEXT'),
(188, 'BYTE'),
(189, 'GLOBAL'),
(190, 'LINESTRINGFROMWKB'),
(191, 'WHEN'),
(192, 'COLUMN_FORMAT'),
(193, 'HAVING'),
(194, 'AS'),
(195, 'STARTING'),
(196, 'RELOAD'),
(197, 'AUTOCOMMIT'),
(198, 'REVOKE'),
(199, 'GRANTS'),
(200, 'OUTER'),
(201, 'FLOOR'),
(202, 'EXPLAIN'),
(203, 'WITH'),
(204, 'AFTER'),
(205, 'STD'),
(206, 'CSV'),
(207, 'DISABLE'),
(208, 'UNINSTALL'),
(209, 'OUTFILE'),
(210, 'LOW_PRIORITY'),
(211, 'FILE'),
(212, 'NODEGROUP'),
(213, 'SCHEMA'),
(214, 'SONAME'),
(215, 'POW'),
(216, 'DUAL'),
(217, 'MULTIPOINTFROMWKB'),
(218, 'INDEX'),
(219, 'BACKUP'),
(220, 'MULTIPOINTFROMTEXT'),
(221, 'DEFINER'),
(222, 'MASTER_BIND'),
(223, 'REMOVE'),
(224, 'EXTENDED'),
(225, 'MULTILINESTRINGFROMWKB'),
(226, 'CROSS'),
(227, 'CONTRIBUTORS'),
(228, 'NATIONAL'),
(229, 'GROUP'),
(230, 'SHA'),
(231, 'ONLINE'),
(232, 'UNDO'),
(233, 'ZEROFILL'),
(234, 'CLIENT'),
(235, 'MASTER_PASSWORD'),
(236, 'OWNER'),
(237, 'RELAY_LOG_FILE'),
(238, 'TRUE'),
(239, 'CHARACTER'),
(240, 'MASTER_USER'),
(241, 'TABLE'),
(242, 'ENGINE'),
(243, 'INSERT_METHOD'),
(244, 'CASCADE'),
(245, 'RELAY_LOG_POS'),
(246, 'SQL_CALC_FOUND_ROWS'),
(247, 'UNION'),
(248, 'MYISAM'),
(249, 'LEAVE'),
(250, 'MODIFY'),
(251, 'MATCH'),
(252, 'MASTER_LOG_POS'),
(253, 'DISTINCTROW'),
(254, 'DESC'),
(255, 'TIME'),
(256, 'NUMERIC'),
(257, 'EXPANSION'),
(258, 'CURSOR'),
(259, 'CODE'),
(260, 'GEOMETRYCOLLECTIONFROMTEXT'),
(261, 'CHAIN'),
(262, 'LOGFILE'),
(263, 'FLUSH'),
(264, 'CREATE'),
(265, 'DESCRIBE'),
(266, 'EXTENT_SIZE'),
(267, 'MAX_UPDATES_PER_HOUR'),
(268, 'INT2'),
(269, 'PROCESSLIST'),
(270, 'ENDS'),
(271, 'LOGS'),
(272, 'DISCARD'),
(273, 'HEAP'),
(274, 'SOUNDS'),
(275, 'BETWEEN'),
(276, 'MULTILINESTRINGFROMTEXT'),
(277, 'REPAIR'),
(278, 'PACK_KEYS'),
(279, 'FAST'),
(280, 'VALUES'),
(281, 'CALL'),
(282, 'LOOP'),
(283, 'VARCHARACTER'),
(284, 'BEFORE'),
(285, 'TRUNCATE'),
(286, 'SHOW'),
(287, 'ALL'),
(288, 'REDUNDANT'),
(289, 'USER_RESOURCES'),
(290, 'PARTIAL'),
(291, 'BINLOG'),
(292, 'END'),
(293, 'SECOND'),
(294, 'AND'),
(295, 'FLOAT8'),
(296, 'PREV'),
(297, 'HOUR'),
(298, 'SELECT'),
(299, 'DATABASES'),
(300, 'OR'),
(301, 'IDENTIFIED'),
(302, 'WRAPPER'),
(303, 'MASTER_SSL_CIPHER'),
(304, 'SQL_SLAVE_SKIP_COUNTER'),
(305, 'BOTH'),
(306, 'BOOL'),
(307, 'YEAR'),
(308, 'MASTER_PORT'),
(309, 'CONCURRENT'),
(310, 'HELP'),
(311, 'UNIQUE'),
(312, 'TRIGGERS'),
(313, 'PROCESS'),
(314, 'OPTIONS'),
(315, 'CONSISTENT'),
(316, 'MASTER_SSL'),
(317, 'DATE_ADD'),
(318, 'MAX_CONNECTIONS_PER_HOUR'),
(319, 'LIKE'),
(320, 'PLUGIN'),
(321, 'FETCH'),
(322, 'IN'),
(323, 'COLUMN'),
(324, 'DUMPFILE'),
(325, 'USAGE'),
(326, 'EXECUTE'),
(327, 'MEMORY'),
(328, 'CEIL'),
(329, 'QUERY'),
(330, 'MASTER_HOST'),
(331, 'LINES'),
(332, 'SQL_THREAD'),
(333, 'SERVER'),
(334, 'MAX_QUERIES_PER_HOUR'),
(335, 'MASTER_SSL_CERT'),
(336, 'MULTIPOLYGONFROMWKB'),
(337, 'TRANSACTION'),
(338, 'DAY_MINUTE'),
(339, 'STDDEV'),
(340, 'DATE_SUB'),
(341, 'REBUILD'),
(342, 'GEOMETRYFROMWKB'),
(343, 'INT1'),
(344, 'RENAME'),
(345, 'PARSER'),
(346, 'RIGHT'),
(347, 'ALTER'),
(348, 'MAX_ROWS'),
(349, 'SOCKET'),
(350, 'STRAIGHT_JOIN'),
(351, 'NATURAL'),
(352, 'VARIABLES'),
(353, 'ESCAPED'),
(354, 'SHA1'),
(355, 'KEY_BLOCK_SIZE'),
(356, 'PASSWORD'),
(357, 'OFFSET'),
(358, 'CHAR'),
(359, 'NEXT'),
(360, 'SQL_LOG_BIN'),
(361, 'ERRORS'),
(362, 'TEMPORARY'),
(363, 'COMMITTED'),
(364, 'SQL_SMALL_RESULT'),
(365, 'UPGRADE'),
(366, 'BEGIN'),
(367, 'DELAY_KEY_WRITE'),
(368, 'PROFILE'),
(369, 'MEDIUM'),
(370, 'INTERVAL'),
(371, 'SSL'),
(372, 'DAY_HOUR'),
(373, 'NAME'),
(374, 'REFERENCES'),
(375, 'AES_ENCRYPT'),
(376, 'STORAGE'),
(377, 'ISOLATION'),
(378, 'CEILING'),
(379, 'EVERY'),
(380, 'INT8'),
(381, 'AUTHORS'),
(382, 'RESTRICT'),
(383, 'UNCOMMITTED'),
(384, 'LINESTRINGFROMTEXT'),
(385, 'IS'),
(386, 'NOT'),
(387, 'ANALYSE'),
(388, 'DATAFILE'),
(389, 'DES_KEY_FILE'),
(390, 'COMPRESSED'),
(391, 'START'),
(392, 'PLUGINS'),
(393, 'SAVEPOINT'),
(394, 'IF'),
(395, 'PRIMARY'),
(396, 'PURGE'),
(397, 'LAST'),
(398, 'USER'),
(399, 'INNOBASE'),
(400, 'EXIT'),
(401, 'KEYS'),
(402, 'LIMIT'),
(403, 'KEY'),
(404, 'MERGE'),
(405, 'UNTIL'),
(406, 'SQL_NO_CACHE'),
(407, 'DELAYED'),
(408, 'ANALYZE'),
(409, 'CONSTRAINT'),
(410, 'SERIAL'),
(411, 'ACTION'),
(412, 'WRITE'),
(413, 'INITIAL_SIZE'),
(414, 'SESSION'),
(415, 'DATABASE'),
(416, 'NULL'),
(417, 'POWER'),
(418, 'USE_FRM'),
(419, 'TERMINATED'),
(420, 'SLAVE'),
(421, 'NVARCHAR'),
(422, 'ASC'),
(423, 'RETURN'),
(424, 'OPTIONALLY'),
(425, 'ENABLE'),
(426, 'DIRECTORY'),
(427, 'WHILE'),
(428, 'MAX_USER_CONNECTIONS'),
(429, 'LOCAL'),
(430, 'DISTINCT'),
(431, 'AES_DECRYPT'),
(432, 'MASTER_SSL_KEY'),
(433, 'NONE'),
(434, 'TABLES'),
(435, '<>'),
(436, 'RLIKE'),
(437, 'TRIGGER'),
(438, 'COLLATION'),
(439, 'SHUTDOWN'),
(440, 'HIGH_PRIORITY'),
(441, 'BTREE'),
(442, 'FIRST'),
(443, 'COALESCE'),
(444, 'WAIT'),
(445, 'TYPES'),
(446, 'MASTER'),
(447, 'FIXED'),
(448, 'MULTIPOLYGONFROMTEXT'),
(449, 'ROW_FORMAT');

-- --------------------------------------------------------

--
-- Table structure for table `help_relation`
--

CREATE TABLE IF NOT EXISTS `help_relation` (
  `help_topic_id` int(10) unsigned NOT NULL,
  `help_keyword_id` int(10) unsigned NOT NULL,
  PRIMARY KEY (`help_keyword_id`,`help_topic_id`)
) ENGINE=MyISAM DEFAULT CHARSET=utf8 COMMENT='keyword-topic relation';

--
-- Dumping data for table `help_relation`
--

INSERT INTO `help_relation` (`help_topic_id`, `help_keyword_id`) VALUES
(1, 0),
(352, 0),
(468, 1),
(227, 2),
(444, 3),
(3, 4),
(419, 4),
(87, 5),
(87, 6),
(404, 6),
(95, 7),
(87, 8),
(183, 9),
(427, 10),
(21, 11),
(343, 11),
(419, 11),
(87, 12),
(404, 12),
(143, 13),
(225, 14),
(86, 15),
(352, 15),
(16, 16),
(104, 16),
(130, 16),
(343, 16),
(95, 17),
(495, 17),
(377, 18),
(3, 19),
(102, 19),
(238, 19),
(183, 20),
(352, 21),
(9, 22),
(30, 22),
(34, 22),
(85, 22),
(184, 22),
(232, 22),
(259, 22),
(272, 22),
(296, 22),
(327, 22),
(403, 22),
(413, 22),
(414, 22),
(458, 22),
(473, 22),
(106, 23),
(120, 24),
(373, 25),
(255, 26),
(80, 27),
(102, 28),
(196, 29),
(36, 30),
(343, 31),
(398, 31),
(463, 31),
(373, 32),
(196, 33),
(35, 34),
(232, 34),
(36, 35),
(352, 35),
(463, 36),
(415, 37),
(458, 37),
(463, 37),
(21, 38),
(290, 38),
(343, 38),
(448, 38),
(463, 38),
(495, 39),
(48, 40),
(75, 40),
(81, 40),
(196, 40),
(352, 40),
(359, 40),
(419, 40),
(458, 40),
(463, 40),
(463, 41),
(467, 41),
(373, 42),
(458, 43),
(463, 43),
(115, 44),
(208, 44),
(419, 44),
(463, 44),
(468, 44),
(373, 45),
(352, 46),
(95, 47),
(310, 47),
(359, 48),
(183, 49),
(48, 50),
(463, 50),
(467, 50),
(1, 51),
(87, 51),
(404, 51),
(467, 51),
(172, 52),
(463, 52),
(51, 53),
(104, 53),
(196, 54),
(1, 55),
(55, 55),
(190, 55),
(48, 56),
(81, 56),
(104, 56),
(189, 57),
(196, 57),
(244, 57),
(206, 58),
(458, 58),
(87, 59),
(296, 59),
(354, 59),
(404, 59),
(196, 60),
(352, 61),
(1, 62),
(81, 62),
(102, 62),
(352, 62),
(419, 62),
(458, 62),
(48, 63),
(415, 63),
(461, 63),
(225, 64),
(85, 65),
(206, 65),
(458, 65),
(196, 66),
(190, 67),
(463, 68),
(89, 69),
(477, 69),
(382, 70),
(444, 71),
(1, 72),
(39, 73),
(225, 73),
(265, 73),
(183, 74),
(265, 74),
(456, 74),
(183, 75),
(458, 75),
(87, 76),
(404, 76),
(373, 77),
(81, 78),
(102, 78),
(352, 78),
(467, 78),
(87, 79),
(404, 79),
(3, 80),
(102, 80),
(300, 80),
(352, 80),
(463, 81),
(252, 82),
(190, 83),
(373, 84),
(127, 85),
(143, 86),
(456, 86),
(206, 87),
(18, 88),
(182, 88),
(298, 88),
(324, 88),
(343, 88),
(352, 88),
(414, 88),
(436, 88),
(483, 88),
(97, 89),
(186, 89),
(419, 90),
(458, 90),
(86, 91),
(399, 92),
(463, 92),
(67, 93),
(325, 93),
(430, 93),
(281, 94),
(28, 95),
(57, 95),
(83, 95),
(102, 96),
(191, 96),
(297, 96),
(481, 96),
(278, 97),
(343, 97),
(104, 98),
(309, 98),
(468, 99),
(373, 100),
(9, 101),
(30, 101),
(87, 101),
(152, 101),
(184, 101),
(272, 101),
(296, 101),
(343, 102),
(363, 102),
(143, 103),
(456, 103),
(24, 104),
(86, 104),
(110, 105),
(171, 105),
(3, 106),
(102, 106),
(152, 106),
(195, 106),
(208, 106),
(238, 106),
(458, 106),
(463, 106),
(458, 107),
(112, 108),
(323, 108),
(461, 108),
(465, 108),
(112, 109),
(458, 109),
(38, 110),
(116, 110),
(148, 110),
(260, 110),
(122, 111),
(417, 112),
(87, 113),
(123, 113),
(404, 113),
(491, 113),
(217, 114),
(3, 115),
(81, 115),
(102, 115),
(127, 115),
(136, 115),
(143, 115),
(152, 115),
(179, 115),
(208, 115),
(329, 115),
(343, 115),
(419, 115),
(458, 115),
(463, 115),
(467, 115),
(472, 115),
(489, 115),
(196, 116),
(129, 117),
(225, 117),
(258, 117),
(373, 117),
(58, 118),
(133, 118),
(211, 118),
(219, 118),
(324, 118),
(332, 118),
(343, 118),
(363, 118),
(398, 118),
(206, 119),
(458, 119),
(463, 119),
(87, 120),
(190, 120),
(404, 120),
(463, 120),
(183, 121),
(1, 122),
(52, 123),
(183, 124),
(463, 125),
(310, 126),
(196, 127),
(452, 128),
(250, 129),
(281, 130),
(196, 131),
(244, 131),
(458, 132),
(57, 133),
(83, 133),
(232, 134),
(52, 135),
(320, 135),
(57, 136),
(83, 136),
(196, 137),
(309, 138),
(48, 139),
(115, 139),
(120, 139),
(343, 139),
(352, 139),
(357, 139),
(452, 139),
(36, 140),
(104, 140),
(444, 140),
(1, 141),
(28, 142),
(373, 143),
(463, 144),
(176, 145),
(205, 146),
(177, 147),
(309, 147),
(343, 147),
(352, 147),
(418, 147),
(325, 148),
(343, 148),
(463, 149),
(177, 150),
(95, 151),
(419, 152),
(34, 153),
(66, 153),
(95, 153),
(207, 153),
(228, 153),
(298, 153),
(332, 153),
(343, 153),
(390, 153),
(403, 153),
(414, 153),
(95, 154),
(343, 155),
(419, 155),
(247, 156),
(463, 157),
(458, 158),
(463, 158),
(60, 159),
(190, 159),
(458, 159),
(473, 159),
(172, 160),
(165, 161),
(190, 162),
(413, 162),
(458, 162),
(473, 162),
(30, 163),
(156, 163),
(451, 163),
(444, 164),
(419, 165),
(48, 166),
(81, 166),
(352, 166),
(359, 166),
(458, 166),
(1, 167),
(48, 167),
(84, 167),
(247, 168),
(196, 169),
(244, 169),
(24, 170),
(126, 170),
(165, 170),
(205, 170),
(225, 170),
(310, 170),
(495, 170),
(95, 171),
(153, 171),
(225, 171),
(409, 172),
(343, 173),
(458, 174),
(463, 174),
(467, 174),
(468, 174),
(99, 175),
(148, 175),
(300, 175),
(142, 176),
(343, 176),
(143, 177),
(157, 178),
(343, 178),
(452, 179),
(143, 180),
(177, 181),
(195, 181),
(309, 181),
(418, 181),
(115, 182),
(300, 182),
(357, 182),
(419, 182),
(352, 183),
(225, 184),
(374, 184),
(463, 185),
(152, 186),
(208, 186),
(463, 186),
(392, 187),
(460, 188),
(127, 189),
(133, 189),
(179, 189),
(345, 189),
(444, 189),
(449, 190),
(57, 191),
(83, 191),
(463, 192),
(352, 193),
(1, 194),
(36, 194),
(352, 194),
(419, 195),
(196, 196),
(143, 197),
(244, 198),
(188, 199),
(343, 199),
(1, 200),
(217, 201),
(250, 202),
(86, 203),
(196, 203),
(206, 203),
(458, 203),
(463, 203),
(458, 204),
(256, 205),
(419, 206),
(463, 206),
(87, 207),
(404, 207),
(458, 207),
(287, 208),
(352, 209),
(3, 210),
(36, 210),
(48, 210),
(81, 210),
(102, 210),
(419, 210),
(196, 211),
(190, 212),
(152, 213),
(184, 213),
(208, 213),
(305, 213),
(343, 213),
(95, 214),
(273, 215),
(275, 216),
(459, 217),
(1, 218),
(60, 218),
(85, 218),
(99, 218),
(206, 218),
(300, 218),
(304, 218),
(343, 218),
(458, 218),
(463, 218),
(355, 219),
(422, 220),
(87, 221),
(404, 221),
(183, 222),
(458, 223),
(250, 224),
(461, 224),
(268, 225),
(1, 226),
(7, 227),
(343, 227),
(252, 228),
(427, 228),
(190, 229),
(222, 229),
(352, 229),
(424, 230),
(85, 231),
(206, 231),
(458, 231),
(309, 232),
(24, 233),
(126, 233),
(165, 233),
(205, 233),
(310, 233),
(495, 233),
(196, 234),
(183, 235),
(468, 236),
(183, 237),
(382, 238),
(152, 239),
(208, 239),
(252, 239),
(329, 239),
(343, 239),
(419, 239),
(427, 239),
(463, 239),
(183, 240),
(60, 241),
(107, 241),
(112, 241),
(176, 241),
(211, 241),
(272, 241),
(274, 241),
(317, 241),
(343, 241),
(355, 241),
(357, 241),
(399, 241),
(415, 241),
(458, 241),
(461, 241),
(463, 241),
(465, 241),
(190, 242),
(343, 242),
(363, 242),
(413, 242),
(458, 242),
(463, 242),
(473, 242),
(463, 243),
(30, 244),
(272, 244),
(463, 244),
(467, 244),
(183, 245),
(352, 246),
(301, 247),
(463, 248),
(306, 249),
(458, 250),
(86, 251),
(183, 252),
(352, 253),
(326, 254),
(352, 254),
(359, 254),
(225, 255),
(311, 255),
(372, 255),
(205, 256),
(86, 257),
(418, 258),
(66, 259),
(483, 259),
(241, 260),
(143, 261),
(190, 262),
(222, 262),
(148, 263),
(323, 263),
(18, 264),
(22, 264),
(60, 264),
(75, 264),
(87, 264),
(95, 264),
(152, 264),
(190, 264),
(206, 264),
(207, 264),
(274, 264),
(298, 264),
(305, 264),
(343, 264),
(354, 264),
(390, 264),
(451, 264),
(463, 264),
(468, 264),
(326, 265),
(190, 266),
(196, 267),
(229, 268),
(343, 269),
(448, 269),
(87, 270),
(39, 271),
(265, 271),
(343, 271),
(458, 272),
(463, 273),
(375, 274),
(144, 275),
(105, 276),
(458, 277),
(461, 277),
(463, 278),
(415, 279),
(3, 280),
(102, 280),
(335, 281),
(340, 282),
(252, 283),
(265, 284),
(317, 285),
(7, 286),
(10, 286),
(18, 286),
(21, 286),
(25, 286),
(33, 286),
(39, 286),
(58, 286),
(66, 286),
(67, 286),
(80, 286),
(120, 286),
(130, 286),
(133, 286),
(142, 286),
(157, 286),
(188, 286),
(189, 286),
(211, 286),
(219, 286),
(274, 286),
(278, 286),
(290, 286),
(304, 286),
(305, 286),
(324, 286),
(325, 286),
(329, 286),
(332, 286),
(343, 286),
(345, 286),
(354, 286),
(363, 286),
(390, 286),
(398, 286),
(448, 286),
(482, 286),
(483, 286),
(487, 286),
(196, 287),
(244, 287),
(301, 287),
(352, 287),
(463, 288),
(323, 289),
(463, 290),
(120, 291),
(346, 291),
(28, 292),
(57, 292),
(83, 292),
(227, 292),
(322, 292),
(340, 292),
(491, 292),
(373, 293),
(144, 294),
(312, 294),
(310, 295),
(104, 296),
(373, 297),
(3, 298),
(102, 298),
(250, 298),
(255, 298),
(297, 298),
(352, 298),
(157, 299),
(343, 299),
(138, 300),
(75, 301),
(196, 301),
(468, 302),
(183, 303),
(179, 304),
(452, 305),
(24, 306),
(108, 306),
(373, 307),
(183, 308),
(419, 309),
(117, 310),
(387, 310),
(458, 311),
(25, 312),
(343, 312),
(196, 313),
(371, 314),
(468, 314),
(143, 315),
(183, 316),
(373, 317),
(196, 318),
(343, 319),
(375, 319),
(287, 320),
(343, 320),
(417, 320),
(380, 321),
(86, 322),
(120, 322),
(352, 322),
(458, 323),
(352, 324),
(196, 325),
(84, 326),
(196, 326),
(352, 327),
(394, 328),
(86, 329),
(148, 329),
(172, 329),
(183, 330),
(419, 331),
(52, 332),
(320, 332),
(9, 333),
(371, 333),
(468, 333),
(196, 334),
(183, 335),
(121, 336),
(143, 337),
(444, 337),
(373, 338),
(405, 339),
(373, 340),
(458, 341),
(141, 342),
(24, 343),
(107, 344),
(218, 344),
(404, 344),
(458, 344),
(206, 345),
(458, 345),
(463, 345),
(1, 346),
(60, 347),
(156, 347),
(196, 347),
(208, 347),
(222, 347),
(228, 347),
(371, 347),
(404, 347),
(436, 347),
(458, 347),
(473, 347),
(463, 348),
(468, 349),
(1, 350),
(352, 350),
(1, 351),
(343, 352),
(345, 352),
(419, 353),
(424, 354),
(463, 355),
(75, 356),
(196, 356),
(468, 356),
(472, 356),
(352, 357),
(225, 358),
(460, 358),
(104, 359),
(489, 360),
(67, 361),
(343, 361),
(272, 362),
(444, 363),
(352, 364),
(208, 365),
(415, 365),
(143, 366),
(322, 366),
(463, 367),
(482, 368),
(415, 369),
(87, 370),
(373, 370),
(196, 371),
(373, 372),
(208, 373),
(196, 374),
(463, 374),
(467, 374),
(440, 375),
(278, 376),
(444, 377),
(445, 378),
(87, 379),
(126, 380),
(10, 381),
(343, 381),
(30, 382),
(272, 382),
(467, 382),
(444, 383),
(56, 384),
(82, 385),
(202, 385),
(366, 385),
(453, 385),
(82, 386),
(87, 386),
(152, 386),
(202, 386),
(308, 386),
(182, 387),
(190, 388),
(473, 388),
(323, 389),
(463, 390),
(143, 391),
(320, 391),
(33, 392),
(456, 393),
(9, 394),
(28, 394),
(30, 394),
(87, 394),
(152, 394),
(184, 394),
(272, 394),
(296, 394),
(475, 394),
(458, 395),
(265, 396),
(104, 397),
(75, 398),
(218, 398),
(327, 398),
(468, 398),
(463, 399),
(309, 400),
(304, 401),
(343, 401),
(458, 401),
(48, 402),
(81, 402),
(104, 402),
(120, 402),
(352, 402),
(60, 403),
(102, 403),
(458, 403),
(463, 403),
(467, 403),
(463, 404),
(227, 405),
(352, 406),
(3, 407),
(102, 407),
(481, 407),
(458, 408),
(465, 408),
(458, 409),
(463, 409),
(238, 410),
(463, 410),
(463, 411),
(467, 411),
(36, 412),
(190, 413),
(473, 413),
(127, 414),
(133, 414),
(345, 414),
(444, 414),
(152, 415),
(184, 415),
(208, 415),
(305, 415),
(343, 415),
(468, 415),
(82, 416),
(366, 416),
(467, 416),
(478, 417),
(461, 418),
(419, 419),
(38, 420),
(52, 420),
(87, 420),
(142, 420),
(219, 420),
(320, 420),
(404, 420),
(252, 421),
(352, 422),
(359, 422),
(486, 423),
(419, 424),
(87, 425),
(404, 425),
(458, 425),
(208, 426),
(463, 426),
(491, 427),
(196, 428),
(36, 429),
(112, 429),
(323, 429),
(419, 429),
(461, 429),
(465, 429),
(0, 430),
(94, 430),
(284, 430),
(301, 430),
(352, 430),
(359, 430),
(381, 430),
(430, 430),
(492, 431),
(183, 432),
(196, 433),
(36, 434),
(130, 434),
(290, 434),
(343, 434),
(490, 435),
(27, 436),
(22, 437),
(259, 437),
(343, 437),
(343, 438),
(487, 438),
(196, 439),
(102, 440),
(352, 440),
(206, 441),
(104, 442),
(458, 442),
(463, 442),
(458, 443),
(190, 444),
(473, 444),
(343, 445),
(39, 446),
(58, 446),
(115, 446),
(183, 446),
(260, 446),
(265, 446),
(357, 446),
(205, 447),
(463, 447),
(197, 448),
(463, 449);

-- --------------------------------------------------------

--
